{"id":9912,"date":"2016-05-19T17:43:07","date_gmt":"2016-05-19T15:43:07","guid":{"rendered":"http:\/\/ssemp.pl\/wordpress\/?page_id=9912"},"modified":"2016-05-19T17:43:07","modified_gmt":"2016-05-19T15:43:07","slug":"jawor-24-11-2015-pl","status":"publish","type":"page","link":"https:\/\/old-ssemp.sowiak.dev\/?page_id=9912","title":{"rendered":"Jawor &#8211; 24.11.2015 [PL]"},"content":{"rendered":"<p><center><strong>Og\u0142oszenie<br \/>\nSpecjalna Strefa Ekonomiczna Ma\u0142ej Przedsi\u0119biorczo\u015bci S.A.<br \/>\nz siedzib\u0105 w Kamiennej G\u00f3rze<br \/>\n58-400 Kamienna G\u00f3ra, ul. Papie\u017ca Jana Paw\u0142a II 11 a<br \/>\ntel.: (+48 75) 645 20 30, fax: (+48 75) 645 20 33<\/strong><\/center>jako Zarz\u0105dzaj\u0105cy Specjaln\u0105 Stref\u0105 Ekonomiczn\u0105 Ma\u0142ej Przedsi\u0119biorczo\u015bci S.A. w Kamiennej G\u00f3rze na podstawie rozporz\u0105dzenia Ministra Gospodarki i Pracy z dnia 15 listopada 2004r. w sprawie przetarg\u00f3w i rokowa\u0144 oraz kryteri\u00f3w oceny zamierze\u0144 co do przedsi\u0119wzi\u0119\u0107 gospodarczych, kt\u00f3re maj\u0105 by\u0107 podj\u0119te przez przedsi\u0119biorc\u00f3w na terenie Specjalnej Strefy Ekonomicznej Ma\u0142ej Przedsi\u0119biorczo\u015bci S.A. w Kamiennej G\u00f3rze (Dz. U. Nr 254, poz. 2539 z p\u00f3\u017an. zmianami) oraz Rozporz\u0105dzenia Ministra Gospodarki z dnia 2 lipca 2009 r. w sprawie powierzenia Specjalnej Strefie Ekonomicznej Ma\u0142ej Przedsi\u0119biorczo\u015bci S.A. udzielania zezwole\u0144 na prowadzenie dzia\u0142alno\u015bci gospodarczej na terenie Kamiennog\u00f3rskiej Specjalnej Strefy Ekonomicznej Ma\u0142ej Przedsi\u0119biorczo\u015bci oraz wykonywania kontroli realizacji warunk\u00f3w zezwolenia<\/p>\n<p><strong>zaprasza do uczestnictwa w przetargu pisemnym ograniczonym \u0142\u0105cznym<\/strong> maj\u0105cym na celu wy\u0142onienie przedsi\u0119biorcy, kt\u00f3ry uzyska zezwolenie na prowadzenie dzia\u0142alno\u015bci gospodarczej na terenie Kamiennog\u00f3rskiej Specjalnej Strefy Ekonomicznej Ma\u0142ej Przedsi\u0119biorczo\u015bci uprawniaj\u0105ce do korzystania z pomocy publicznej <strong>(\u201eZezwolenie&#8221;) <\/strong>oraz nab\u0119dzie prawo wieczystego u\u017cytkowania nieruchomo\u015bci opisanej w punkcie 2 poni\u017cej, na kt\u00f3rej b\u0119dzie prowadzona dzia\u0142alno\u015b\u0107 gospodarcza <strong>(\u201eNieruchomo\u015b\u0107&#8221;).<\/strong><\/p>\n<ol>\n<li>\u00a0 W przetargu mog\u0105 uczestniczy\u0107 wy\u0142\u0105cznie przedsi\u0119biorcy zamierzaj\u0105cy podj\u0105\u0107 na terenie Kamiennog\u00f3rskiej Specjalnej Strefy Ekonomicznej Ma\u0142ej Przedsi\u0119biorczo\u015bci dzia\u0142alno\u015b\u0107 gospodarcz\u0105 na podstawie Zezwolenia, spe\u0142niaj\u0105cy wymogi okre\u015blone w ustawie z dnia 20.10.1994 r. o specjalnych strefach ekonomicznych (tekst jednolity Dz. U. z 2015 poz. 282), w rozporz\u0105dzeniu Rady Ministr\u00f3w z dnia 10.12.2008 r. w sprawie pomocy publicznej udzielanej przedsi\u0119biorcom dzia\u0142aj\u0105cym na podstawie zezwolenia na prowadzenie dzia\u0142alno\u015bci gospodarczej na terenach specjalnych stref ekonomicznych (tekst jednolity Dz. U. z 2015 r. poz. 465).<\/li>\n<li>\u00a0Przedmiotem przetargu jest prawo u\u017cytkowania wieczystego nieruchomo\u015bci niezabudowanej o \u0142\u0105cznej powierzchni 6,6855 ha, sk\u0142adaj\u0105cej si\u0119 z nast\u0119puj\u0105cych dzia\u0142ek- nr 82\/4 o pow. 3,9326 ha, nr 87 o pow. 2,2533 ha, nr 91 o pow. 0,4996 ha po\u0142o\u017cona w wojew\u00f3dztwie dolno\u015bl\u0105skim, powiecie jaworskim, miejscowo\u015bci Jawor, obr\u0119b geodezyjny 6 Przemys\u0142owy, w Podstrefie Jawor &#8211; Kamiennog\u00f3rskiej Specjalnej Strefy Ekonomicznej Ma\u0142ej Przedsi\u0119biorczo\u015bci &#8211; stanowi\u0105ce w\u0142asno\u015b\u0107 Skarbu Pa\u0144stwa w u\u017cytkowaniu wieczystym SSEMP S.A. z siedzib\u0105 w Kamiennej G\u00f3rze, dla kt\u00f3rych S\u0105d Rejonowy w Jaworze prowadzi ksi\u0119g\u0119 wieczyst\u0105 Nr LE1J\/00006709\/3 (Nieruchomo\u015b\u0107).<\/li>\n<li>Cena wywo\u0142awcza nabycia prawa u\u017cytkowania wieczystego Nieruchomo\u015bci okre\u015blona zosta\u0142a na kwot\u0119 1.600.000,00 z\u0142otych (s\u0142ownie: jeden milion sze\u015b\u0107set tysi\u0119cy z\u0142otych). Podana cena jest cen\u0105 netto. (cena netto uzyskana w przetargu podlega opodatkowaniu VAT wg przepis\u00f3w obowi\u0105zuj\u0105cych).<\/li>\n<li>Warunkiem udzia\u0142u w przetargu jest:<br \/>\n&#8211; wykupienie od Specjalnej Strefy Ekonomicznej Specyfikacji Istotnych Warunk\u00f3w Przetargu \u0141\u0105cznego (Specyfikacji)<br \/>\n&#8211; wp\u0142acenie wadium<br \/>\n&#8211; z\u0142o\u017cenie pisemnej oferty wraz z warunkami planowanego na terenie strefy przedsi\u0119wzi\u0119cia<\/li>\n<li>Wadium w pieni\u0105dzu wynosi 10 % ceny wywo\u0142awczej netto Nieruchomo\u015bci tj. <strong>160.000,00 PLN<\/strong> (s\u0142ownie: sto sze\u015b\u0107dziesi\u0105t tysi\u0119cy z\u0142otych) i p\u0142atne jest do dnia <strong>18 grudnia 2015r.<\/strong> na rachunek bankowy Specjalnej Strefy Ekonomicznej Ma\u0142ej Przedsi\u0119biorczo\u015bci. Szczeg\u00f3\u0142y na temat wysoko\u015bci, formy i termin wnoszenia wadium oraz przes\u0142anki jego przepadku okre\u015bla \u201eSpecyfikacja Istotnych Warunk\u00f3w Przetargu \u0141\u0105cznego&#8221;.<\/li>\n<li>Specyfikacj\u0119, kt\u00f3ra zawiera szczeg\u00f3\u0142owe warunki przetargu mo\u017cna otrzyma\u0107 codziennie &#8211; opr\u00f3cz sob\u00f3t, niedziel i \u015bwi\u0105t &#8211; w godzinach <strong>8:00 &#8211; 15:30<\/strong> w siedzibie Specjalnej Strefy Ekonomicznej Ma\u0142ej Przedsi\u0119biorczo\u015bci S.A. w Kamiennej G\u00f3rze, po wp\u0142aceniu kwoty <strong>10.000,00 z\u0142<\/strong> (s\u0142ownie: dziesi\u0119\u0107 tysi\u0119cy z\u0142otych) netto plus podatek VAT wg przepis\u00f3w obowi\u0105zuj\u0105cych &#8211; na rachunek bankowy Specjalnej Strefy Ekonomicznej Ma\u0142ej Przedsi\u0119biorczo\u015bci <strong>nr 02 1090 1942 0000 0005 1800 9564 w BZ WBK S.A. O\/Kamienna G\u00f3ra<\/strong>. Nie przewiduje si\u0119 dodatkowych warunk\u00f3w przetargu, poza opisanymi w niniejszym zaproszeniu i w Specyfikacji.<\/li>\n<li>W planie zagospodarowania przestrzennego &#8211; Uchwa\u0142a Nr XXIX\/226\/01 Rady Miejskiej w Jaworze z dnia 31.01.2001r. w sprawie uchwalenia zmiany miejscowego planu zagospodarowania przestrzennego miasta Jawora dla zespo\u0142u w rejonie ul. Wroc\u0142awskiej i ul. Wiejskiej &#8211; przedmiotowa Nieruchomo\u015b\u0107 wchodzi w sk\u0142ad teren\u00f3w oznaczonych symbolem P &#8211; teren skoncentrowanej aktywno\u015bci gospodarczej (i lokalizacji obiekt\u00f3w z ni\u0105 zwi\u0105zanych): wytw\u00f3rczej i przetw\u00f3rczej (przemys\u0142owej) us\u0142ugowo-produkcyjnej, us\u0142ugowej oraz\/lub dla lokalizacji magazyn\u00f3w, baz, sk\u0142ad\u00f3w.<\/li>\n<li>Oferty i przedstawione w nich przedsi\u0119wzi\u0119cia gospodarcze podlegaj\u0105 ocenie w oparciu o kryteria zawarte w \u201eSpecyfikacji Istotnych Warunk\u00f3w Przetargu \u0141\u0105cznego&#8221; i rozporz\u0105dzeniu Ministra Gospodarki i Pracy z dnia 15.11.2004 r. w sprawie przetarg\u00f3w i rokowa\u0144 oraz kryteri\u00f3w oceny zamierze\u0144, co do przedsi\u0119wzi\u0119\u0107 gospodarczych, kt\u00f3re maj\u0105 by\u0107 podj\u0119te przez przedsi\u0119biorc\u00f3w na terenie Kamiennog\u00f3rskiej Specjalnej Strefy Ekonomicznej Ma\u0142ej Przedsi\u0119biorczo\u015bci (Dz.U. Nr 254, poz.2539 z p\u00f3\u017an. zmianami).<\/li>\n<li>Oferty pisemne nale\u017cy sk\u0142ada\u0107 w zamkni\u0119tych kopertach w siedzibie Specjalnej Strefy Ekonomicznej Ma\u0142ej Przedsi\u0119biorczo\u015bci S.A. (w Sekretariacie),58-400 Kamienna G\u00f3ra, ul. Papie\u017ca Jana Paw\u0142a II 11 a w terminie do dnia <strong>18 grudnia 2015r. do godz. 15:00<\/strong>. Spos\u00f3b przygotowania oferty okre\u015bla Specyfikacja.<\/li>\n<li>Otwarcie ofert nast\u0105pi w siedzibie Specjalnej Strefy Ekonomicznej Ma\u0142ej Przedsi\u0119biorczo\u015bci w dniu<strong> 21 grudnia 2015r. o godz. 12:00<\/strong>.<\/li>\n<li>W przypadku uchylenia si\u0119 przez przedsi\u0119biorc\u0119 wy\u0142onionego w trakcie przetargu od zawarcia umowy sprzeda\u017cy, wadium nie podlega zwrotowi.<\/li>\n<li>Zarz\u0105dzaj\u0105cy Kamiennog\u00f3rsk\u0105 Specjaln\u0105 Stref\u0105 Ekonomiczn\u0105 Ma\u0142ej Przedsi\u0119biorczo\u015bci mo\u017ce uniewa\u017cni\u0107 przetarg w przypadku, gdy wyst\u0105pi istotna zmiana okoliczno\u015bci powoduj\u0105ca, \u017ce prowadzenie post\u0119powania nie le\u017cy w interesie publicznym, czego nie mo\u017cna by\u0142o wcze\u015bniej przewidzie\u0107 lub\/i gdy post\u0119powanie obarczone b\u0119dzie wad\u0105 uniemo\u017cliwiaj\u0105c\u0105 wydanie Zezwolenia lub zawarcie wa\u017cnej umowy sprzeda\u017cy Nieruchomo\u015bci. O uniewa\u017cnieniu post\u0119powania Zarz\u0105dzaj\u0105cy zawiadomi pisemnie r\u00f3wnocze\u015bnie wszystkich oferent\u00f3w podaj\u0105c uzasadnienie faktyczne i prawne.<\/li>\n<li>Przed przyst\u0105pieniem do przetargu uczestnik zobowi\u0105zany jest zapozna\u0107 si\u0119 z przedmiotem przetargu.<\/li>\n<li>Nabywca przejmuje nieruchomo\u015b\u0107 w stanie istniej\u0105cym.<\/li>\n<li>W przypadku ewentualnej potrzeby okazania granic nabywca ustali warunki tego okazania z wybranym przez siebie geodet\u0105. Okazanie granic nast\u0105pi na koszt <strong>nabywcy<\/strong>.<\/li>\n<li>The content of the following invitation in English version has been published on the website of the Special Economic Zone for Medium Business PLC. (SSEMP S.A.).: www.ssemp.pl<\/li>\n<\/ol>\n","protected":false},"excerpt":{"rendered":"<p>Og\u0142oszenie Specjalna Strefa Ekonomiczna Ma\u0142ej Przedsi\u0119biorczo\u015bci S.A. z siedzib\u0105 w Kamiennej G\u00f3rze 58-400 Kamienna G\u00f3ra, ul. Papie\u017ca Jana Paw\u0142a II 11 a tel.: (+48 75) 645 20 30, fax: (+48 75) 645 20 33jako Zarz\u0105dzaj\u0105cy Specjaln\u0105 Stref\u0105 Ekonomiczn\u0105 Ma\u0142ej Przedsi\u0119biorczo\u015bci S.A. w Kamiennej G\u00f3rze na podstawie rozporz\u0105dzenia Ministra Gospodarki i Pracy z dnia 15 listopada [&hellip;]<\/p>\n","protected":false},"author":1,"featured_media":0,"parent":0,"menu_order":0,"comment_status":"closed","ping_status":"closed","template":"","meta":{"footnotes":""},"class_list":["post-9912","page","type-page","status-publish","hentry"],"_links":{"self":[{"href":"https:\/\/old-ssemp.sowiak.dev\/index.php?rest_route=\/wp\/v2\/pages\/9912","targetHints":{"allow":["GET"]}}],"collection":[{"href":"https:\/\/old-ssemp.sowiak.dev\/index.php?rest_route=\/wp\/v2\/pages"}],"about":[{"href":"https:\/\/old-ssemp.sowiak.dev\/index.php?rest_route=\/wp\/v2\/types\/page"}],"author":[{"embeddable":true,"href":"https:\/\/old-ssemp.sowiak.dev\/index.php?rest_route=\/wp\/v2\/users\/1"}],"replies":[{"embeddable":true,"href":"https:\/\/old-ssemp.sowiak.dev\/index.php?rest_route=%2Fwp%2Fv2%2Fcomments&post=9912"}],"version-history":[{"count":1,"href":"https:\/\/old-ssemp.sowiak.dev\/index.php?rest_route=\/wp\/v2\/pages\/9912\/revisions"}],"predecessor-version":[{"id":9919,"href":"https:\/\/old-ssemp.sowiak.dev\/index.php?rest_route=\/wp\/v2\/pages\/9912\/revisions\/9919"}],"wp:attachment":[{"href":"https:\/\/old-ssemp.sowiak.dev\/index.php?rest_route=%2Fwp%2Fv2%2Fmedia&parent=9912"}],"curies":[{"name":"wp","href":"https:\/\/api.w.org\/{rel}","templated":true}]}}