{"id":9824,"date":"2016-05-19T17:17:03","date_gmt":"2016-05-19T15:17:03","guid":{"rendered":"http:\/\/ssemp.pl\/wordpress\/?page_id=9824"},"modified":"2016-05-19T17:17:03","modified_gmt":"2016-05-19T15:17:03","slug":"kamienna-gora-dzialka-501-pl","status":"publish","type":"page","link":"https:\/\/old-ssemp.sowiak.dev\/?page_id=9824","title":{"rendered":"Kamienna G\u00f3ra (dzia\u0142ka 50\/1) [PL]"},"content":{"rendered":"<p align=\"center\"><strong>SPECJALNA STREFA EKONOMICZNA<\/strong><br \/>\n<strong>MA\u0141EJ PRZEDSI\u0118BIORCZO\u015aCI S.A.<\/strong><br \/>\n<strong>W KAMIENNEJ G\u00d3RZE<\/strong><\/p>\n<p align=\"center\">58-400 Kamienna G\u00f3ra, ul. Papie\u017ca Jana Paw\u0142a II 11 A<br \/>\ntel. 075\u00a0 645 15 03, fax 075\u00a0 744 20 17<br \/>\n<a href=\"https:\/\/old-ssemp.sowiak.dev\/\">www.ssemp.pl<\/a><\/p>\n<p align=\"center\"><strong>zaprasza do uczestnictwa w\u00a0 przetargu pisemnym nieograniczonym<\/strong><\/p>\n<p>W przetargu mog\u0105 uczestniczy\u0107\u00a0osoby fizyczne, prawne i cudzoziemcy na zasadach okre\u015blonych w ustawie z dnia 24 marca\u00a0 1920 r. o nabywaniu nieruchomo\u015bci przez cudzoziemc\u00f3w (tekst jednolity\u00a0 Dz. U. z 2004 r. nr 167, poz. 1758 z p\u00f3\u017an. zm).<\/p>\n<p>W sk\u0142ad mienia obj\u0119tego przetargiem wchodzi <strong>prawo w\u0142asno\u015bci nieruchomo\u015bci niezabudowanej o\u00a0 powierzchni 120 463 m<sup>2<\/sup><\/strong><strong>, <\/strong>po\u0142o\u017conej w\u00a0wojew\u00f3dztwie dolno\u015bl\u0105skim, powiecie kamiennog\u00f3rskim, miejscowo\u015bci Kamienna G\u00f3ra, obr\u0119b geodezyjny NR 1- Kamienna G\u00f3ra, sk\u0142adaj\u0105cej si\u0119 z \u00a0dzia\u0142ki gruntu <strong>Nr 50\/1 <\/strong>dla kt\u00f3rej S\u0105d Rejonowy w Kamiennej G\u00f3rze prowadzi ksi\u0119g\u0119 wieczyst\u0105 KW 16844.<\/p>\n<p>W\u0142a\u015bcicielem nieruchomo\u015bci jest Specjalna Strefa Ekonomiczna Ma\u0142ej Przedsi\u0119biorczo\u015bci S.A. Dzia\u0142ka po\u0142o\u017cona jest w p\u00f3\u0142nocno-zachodniej cz\u0119\u015bci miasta Kamienna G\u00f3ra. Teren posiada dost\u0119p do podstawowych sieci infrastruktury technicznej. Zgodnie z\u00a0miejscowym planem zagospodarowania przestrzennego nieruchomo\u015b\u0107 zlokalizowana jest na terenie o przeznaczeniu zabudowy produkcyjnej.<\/p>\n<p>Nieruchomo\u015b\u0107 jest wolna od obci\u0105\u017ce\u0144 i zobowi\u0105za\u0144 na rzecz os\u00f3b trzecich.<\/p>\n<p><strong>Cena wywo\u0142awcza Nieruchomo\u015bci<\/strong> okre\u015blona zosta\u0142a na kwot\u0119 <strong>990\u00a0000,00 PLN<\/strong> (s\u0142ownie: dziewi\u0119\u0107set dziewi\u0119\u0107dziesi\u0105t tysi\u0119cy z\u0142otych). Podana cena jest cen\u0105 netto. (Cena netto uzyskana w przetargu podlega opodatkowaniu VAT wg przepis\u00f3w obowi\u0105zuj\u0105cych.)<\/p>\n<p>Szczeg\u00f3\u0142owe informacje o zasadach i warunkach przetargu zawiera <strong>Specyfikacja Istotnych Warunk\u00f3w Przetargu (Specyfikacja).<\/strong><\/p>\n<p>Specyfikacj\u0119 mo\u017cna otrzyma\u0107 codziennie, opr\u00f3cz sob\u00f3t i niedziel, w godz. 8 00 &#8211; 15 30, w siedzibie Sp\u00f3\u0142ki, po okazaniu dowodu wp\u0142aty kwoty 10.000,00 PLN netto plus 22% VAT (s\u0142ownie: dziesi\u0119\u0107 tysi\u0119cy z\u0142otych 00\/100) na rachunek bankowy Specjalnej Strefy Ekonomicznej Ma\u0142ej Przedsi\u0119biorczo\u015bci S.A. w BZ WBK S.A, numer rachunku 02 1090 1942 0000 0005 1800 9564.<\/p>\n<p>Oferty nale\u017cy sk\u0142ada\u0107 w trwale zamkni\u0119tej kopercie w siedzibie Specjalnej Strefy Ekonomicznej Ma\u0142ej Przedsi\u0119biorczo\u015bci S.A. ul. Papie\u017ca Jana Paw\u0142a II 11 A (w sekretariacie) codzienne opr\u00f3cz sob\u00f3t i\u00a0niedziel do <strong>18.12<\/strong><strong>.2009<\/strong> r. do\u00a0godz. <strong>15.00. <\/strong><\/p>\n<p>Komisyjne otwarcie ofert nast\u0105pi w siedzibie Specjalnej Strefy Ekonomicznej Ma\u0142ej Przedsi\u0119biorczo\u015bci S.A. w\u00a0<strong>dniu 21.12.2009 r.<\/strong> o godz 12.00.<\/p>\n<p>Informacji na temat przetargu oraz \u201eSpecyfikacji\u201d, udziela si\u0119 w siedzibie Specjalnej Strefy Ekonomicznej Ma\u0142ej Przedsi\u0119biorczo\u015bci S.A. w Kamiennej G\u00f3rze lub telefonicznie pod numerem 075 645 15 03.<\/p>\n<p>Warunkiem udzia\u0142u w niniejszym przetargu jest wp\u0142acenie wadium na rzecz SSEMP S.A w wysoko\u015bci 10% ceny wywo\u0142awczej, tj.99.000,00 PLN &#8211; BZ WBK S.A, numer rachunku\u00a0 02 1090 1942 0000 0005 1800 9564. W przypadku uchylenia si\u0119 od zawarcia umowy przeniesienia w\u0142asno\u015bci nieruchomo\u015bci przez oferenta wadium ulega przepadkowi Szczeg\u00f3\u0142y dotycz\u0105ce wnoszenia wadium oraz przes\u0142anki jego przepadku okre\u015bla Specyfikacja.<\/p>\n<p>SSEMP S.A mo\u017ce uniewa\u017cni\u0107 przetarg, gdy wyst\u0105pi istotna zmiana okoliczno\u015bci powoduj\u0105ca, \u017ce prowadzenie post\u0119powania nie le\u017cy w interesie SSEMP S.A, czego nie mo\u017cna by\u0142o wcze\u015bniej przewidzie\u0107. O\u00a0uniewa\u017cnieniu post\u0119powania SSEMP S.A. zawiadomi pisemnie r\u00f3wnocze\u015bnie wszystkich oferent\u00f3w, podaj\u0105c uzasadnienie faktyczne i\u00a0prawne.<\/p>\n","protected":false},"excerpt":{"rendered":"<p>SPECJALNA STREFA EKONOMICZNA MA\u0141EJ PRZEDSI\u0118BIORCZO\u015aCI S.A. W KAMIENNEJ G\u00d3RZE 58-400 Kamienna G\u00f3ra, ul. Papie\u017ca Jana Paw\u0142a II 11 A tel. 075\u00a0 645 15 03, fax 075\u00a0 744 20 17 www.ssemp.pl zaprasza do uczestnictwa w\u00a0 przetargu pisemnym nieograniczonym W przetargu mog\u0105 uczestniczy\u0107\u00a0osoby fizyczne, prawne i cudzoziemcy na zasadach okre\u015blonych w ustawie z dnia 24 marca\u00a0 1920 [&hellip;]<\/p>\n","protected":false},"author":1,"featured_media":0,"parent":0,"menu_order":0,"comment_status":"closed","ping_status":"closed","template":"","meta":{"footnotes":""},"class_list":["post-9824","page","type-page","status-publish","hentry"],"_links":{"self":[{"href":"https:\/\/old-ssemp.sowiak.dev\/index.php?rest_route=\/wp\/v2\/pages\/9824","targetHints":{"allow":["GET"]}}],"collection":[{"href":"https:\/\/old-ssemp.sowiak.dev\/index.php?rest_route=\/wp\/v2\/pages"}],"about":[{"href":"https:\/\/old-ssemp.sowiak.dev\/index.php?rest_route=\/wp\/v2\/types\/page"}],"author":[{"embeddable":true,"href":"https:\/\/old-ssemp.sowiak.dev\/index.php?rest_route=\/wp\/v2\/users\/1"}],"replies":[{"embeddable":true,"href":"https:\/\/old-ssemp.sowiak.dev\/index.php?rest_route=%2Fwp%2Fv2%2Fcomments&post=9824"}],"version-history":[{"count":1,"href":"https:\/\/old-ssemp.sowiak.dev\/index.php?rest_route=\/wp\/v2\/pages\/9824\/revisions"}],"predecessor-version":[{"id":9834,"href":"https:\/\/old-ssemp.sowiak.dev\/index.php?rest_route=\/wp\/v2\/pages\/9824\/revisions\/9834"}],"wp:attachment":[{"href":"https:\/\/old-ssemp.sowiak.dev\/index.php?rest_route=%2Fwp%2Fv2%2Fmedia&parent=9824"}],"curies":[{"name":"wp","href":"https:\/\/api.w.org\/{rel}","templated":true}]}}