{"id":9823,"date":"2016-05-19T17:16:48","date_gmt":"2016-05-19T15:16:48","guid":{"rendered":"http:\/\/ssemp.pl\/wordpress\/?page_id=9823"},"modified":"2016-05-19T17:16:48","modified_gmt":"2016-05-19T15:16:48","slug":"kamienna-gora-dzialka-501-en","status":"publish","type":"page","link":"https:\/\/old-ssemp.sowiak.dev\/?page_id=9823","title":{"rendered":"Kamienna G\u00f3ra (dzia\u0142ka 50\/1) [EN]"},"content":{"rendered":"<p align=\"center\">SPECJALNA STREFA EKONOMICZNA<br \/>\nMA\u0141EJ PRZEDSI\u0118BIORCZO\u015aCI S.A.<br \/>\n(Special Economic Zone for Medium Business Inc)<br \/>\nIN KAMIENNA G\u00d3RA<br \/>\n58-400 Kamienna G\u00f3ra, ul. Papie\u017ca Jana Paw\u0142a II 11 A<br \/>\nphone. 75 \/ 645 15 03, fax 75 \/ 744 20 17<br \/>\ne-mail:strefa@ssemp.pl<br \/>\nwww.ssemp.pl<\/p>\n<p>announces an INVITATION TO WRITTEN OFFER TENDER<\/p>\n<p>The tender is opened\u00a0 to the natural persons, legal persons, foreigners on the terms settled in the\u00a0 act dated on the 24th\u00a0 March 1920 regarding purchase of the\u00a0 real estate\u00a0 by foreigners (consolidated text Journal of Laws No. 167 , item 1758 with further amendments)<\/p>\n<p>The estate to be tendered comprises of the ownership rights to the 120 463 m<strong><sup>2<\/sup> <\/strong>landed property (not developed), located in Kamienna G\u00f3ra, dolnosl\u0105skie voivodship, 01 Kamienna G\u00f3ra\u00a0 District, comprises of plot No. <strong>\u00a050\/1<\/strong>, covered by the Land and Mortgage Register\u00a0 KW 16844. The Special Economic Zone for Medium Business Inc is the owner of the estate. The Property is located in the north-west part of the town of Kamienna G\u00f3ra.\u00a0 The plot has access to the technical infrastructure. According to the local spatial development plan, the property is located in the area designated for production facilities.<\/p>\n<p>The rights to the property are unencumbered and free of any rights and obligations in favour of any third parties.<\/p>\n<p><strong>The calling price for the Property has been set at 990.000,00 PLN. This is a net price<\/strong>. The VAT should be added to the price achieved during the tender procedure -according to the binding law.<\/p>\n<p>The \u201cSpecification of the essential conditions of the tender\u201d gives detailed condition and rules concerning the tender procedure.(Specification).<\/p>\n<p>The Specification can be obtained in the seat of the Special Economic Zone every weekday from 8:00 a.m. to 3:30 p.m. after presenting the receipt of the amount of 10.000,00 PLN net plus 22% VAT (in words: ten thousand zlotys net) being paid into the account of SSEMP S.A. conducted in the Bank Zachodni WBK S.A., account no. 02 1090 1942 0000 0005 1800 9564.<\/p>\n<p>The written offers should be submitted in closed envelope at the seat of the Special Economic Zone for Medium Business (the secretary\u2019s office) in Kamienna G\u00f3ra, ul. Papie\u017ca Jana II 11A, <strong>until the 18.12.2009, till 3:00 p.m. The offers will be opened by the committee in the seat of the Kamienna Gora on <\/strong><strong>21.12.2009 at 12:00 a.m.<\/strong><\/p>\n<p>Information about the tender and the Specification are issued at the seat of the Special Economic Zone for Medium Business in Kamienna G\u00f3ra or under the following phone number +48 75 645 15 03.<\/p>\n<p>The participation in the tender is conditional on payment of the deposit. The pecuniary value of the deposit amounts to 10 % of the net calling price i.e. 99.000,00 PLN, paid to the bank account mentioned above. In case of the winning, entrepreneur refrains from entering into a sake purchase agreement, the deposit shall not be returned. The details of the form, the term of the deposit payment as well as the circumstances of its forfeit are defined within the Specification.<\/p>\n<p>The Special Economic Zone for Medium Business Inc. (SSEMP S.A.) may invalidate the tender in the event of a material change of circumstances resulting in that the continuation of the tender procedure is not in the SSEMP S.A interest, which could not have been predicted earlier. The Special Economic Zone for Medium Business Inc. will inform all offerors at the same time, in writing, about invalidation of the procedure, giving the factual and legal reasons therefore.<\/p>\n","protected":false},"excerpt":{"rendered":"<p>SPECJALNA STREFA EKONOMICZNA MA\u0141EJ PRZEDSI\u0118BIORCZO\u015aCI S.A. (Special Economic Zone for Medium Business Inc) IN KAMIENNA G\u00d3RA 58-400 Kamienna G\u00f3ra, ul. Papie\u017ca Jana Paw\u0142a II 11 A phone. 75 \/ 645 15 03, fax 75 \/ 744 20 17 e-mail:strefa@ssemp.pl www.ssemp.pl announces an INVITATION TO WRITTEN OFFER TENDER The tender is opened\u00a0 to the natural persons, [&hellip;]<\/p>\n","protected":false},"author":1,"featured_media":0,"parent":0,"menu_order":0,"comment_status":"closed","ping_status":"closed","template":"","meta":{"footnotes":""},"class_list":["post-9823","page","type-page","status-publish","hentry"],"_links":{"self":[{"href":"https:\/\/old-ssemp.sowiak.dev\/index.php?rest_route=\/wp\/v2\/pages\/9823","targetHints":{"allow":["GET"]}}],"collection":[{"href":"https:\/\/old-ssemp.sowiak.dev\/index.php?rest_route=\/wp\/v2\/pages"}],"about":[{"href":"https:\/\/old-ssemp.sowiak.dev\/index.php?rest_route=\/wp\/v2\/types\/page"}],"author":[{"embeddable":true,"href":"https:\/\/old-ssemp.sowiak.dev\/index.php?rest_route=\/wp\/v2\/users\/1"}],"replies":[{"embeddable":true,"href":"https:\/\/old-ssemp.sowiak.dev\/index.php?rest_route=%2Fwp%2Fv2%2Fcomments&post=9823"}],"version-history":[{"count":1,"href":"https:\/\/old-ssemp.sowiak.dev\/index.php?rest_route=\/wp\/v2\/pages\/9823\/revisions"}],"predecessor-version":[{"id":9833,"href":"https:\/\/old-ssemp.sowiak.dev\/index.php?rest_route=\/wp\/v2\/pages\/9823\/revisions\/9833"}],"wp:attachment":[{"href":"https:\/\/old-ssemp.sowiak.dev\/index.php?rest_route=%2Fwp%2Fv2%2Fmedia&parent=9823"}],"curies":[{"name":"wp","href":"https:\/\/api.w.org\/{rel}","templated":true}]}}