{"id":9540,"date":"2016-05-16T23:58:57","date_gmt":"2016-05-16T21:58:57","guid":{"rendered":"http:\/\/ssemp.pl\/wordpress\/?page_id=9540"},"modified":"2016-05-16T23:58:57","modified_gmt":"2016-05-16T21:58:57","slug":"aerosol-international-2012-08-07","status":"publish","type":"page","link":"https:\/\/old-ssemp.sowiak.dev\/?page_id=9540","title":{"rendered":"Aerosol International &#8211; 2012-08-07"},"content":{"rendered":"<p align=\"center\"><strong>INFORMACJA O ZAKWALIFIKOWANIU DO PRZETARGU \u0141\u0104CZNEGO<\/strong><\/p>\n<p align=\"center\"><strong>\u00a0<\/strong><\/p>\n<p align=\"center\"><strong>z dnia 7 sierpnia 2012 roku<\/strong><\/p>\n<p align=\"center\"><strong>\u00a0<\/strong><\/p>\n<p align=\"center\">(dotyczy zaproszenia do przetargu \u0142\u0105cznego og\u0142oszonego dnia 5 czerwca 2012 r.)<\/p>\n<p>&nbsp;<\/p>\n<p>Komisja ds. przetargu \u0142\u0105cznego powo\u0142ana Zarz\u0105dzeniem Prezesa Specjalnej Strefy Ekonomicznej Ma\u0142ej Przedsi\u0119biorczo\u015bci Nr 09\/2012 z dnia 29 czerwca 2012 r. informuje, \u017ce w wyniku kwalifikacji do uczestnictwa w przetargu \u0142\u0105cznym maj\u0105cego na celu ustalenie przedsi\u0119biorcy, kt\u00f3ry uzyska zezwolenie na prowadzenie dzia\u0142alno\u015bci gospodarczej i prawo w\u0142asno\u015bci nieruchomo\u015bci (niezabudowanej) o\u00a0\u0142\u0105cznej powierzchni<strong> 6,0929 ha, <\/strong>po\u0142o\u017conej w\u00a0wojew\u00f3dztwie dolno\u015bl\u0105skim, powiecie zgorzeleckim, miejscowo\u015bci Zgorzelec w Podstrefie Zgorzelec Kamiennog\u00f3rskiej Specjalnej Strefy Ekonomicznej, <strong>b\u0119d\u0105cej w\u0142asno\u015bci\u0105 Gminy \u00a0Miejskiej Zgorzelec, <\/strong>sk\u0142adaj\u0105cej si\u0119 z \u00a0dzia\u0142ki Nr 4\/3,1\/3, 17\/4 ksi\u0119ga wieczysta JG1Z\/00015507\/3.<\/p>\n<p align=\"center\">do uczestnictwa w przetargu \u0142\u0105cznym zakwalifikowano :<strong>\u00a0<\/strong><\/p>\n<p align=\"center\"><strong>Aerosol International Sp. z o.o.<\/strong><\/p>\n<p align=\"center\"><strong>Ul. Papie\u017ca Jana Paw\u0142a II 11 A<\/strong><\/p>\n<p align=\"center\"><strong>58- 400 Kamienna G\u00f3ra <\/strong><\/p>\n<p>\u00a0Przewodnicz\u0105cy Komisji<\/p>\n","protected":false},"excerpt":{"rendered":"<p>INFORMACJA O ZAKWALIFIKOWANIU DO PRZETARGU \u0141\u0104CZNEGO \u00a0 z dnia 7 sierpnia 2012 roku \u00a0 (dotyczy zaproszenia do przetargu \u0142\u0105cznego og\u0142oszonego dnia 5 czerwca 2012 r.) &nbsp; Komisja ds. przetargu \u0142\u0105cznego powo\u0142ana Zarz\u0105dzeniem Prezesa Specjalnej Strefy Ekonomicznej Ma\u0142ej Przedsi\u0119biorczo\u015bci Nr 09\/2012 z dnia 29 czerwca 2012 r. informuje, \u017ce w wyniku kwalifikacji do uczestnictwa w przetargu [&hellip;]<\/p>\n","protected":false},"author":1,"featured_media":0,"parent":0,"menu_order":0,"comment_status":"closed","ping_status":"closed","template":"","meta":{"footnotes":""},"class_list":["post-9540","page","type-page","status-publish","hentry"],"_links":{"self":[{"href":"https:\/\/old-ssemp.sowiak.dev\/index.php?rest_route=\/wp\/v2\/pages\/9540","targetHints":{"allow":["GET"]}}],"collection":[{"href":"https:\/\/old-ssemp.sowiak.dev\/index.php?rest_route=\/wp\/v2\/pages"}],"about":[{"href":"https:\/\/old-ssemp.sowiak.dev\/index.php?rest_route=\/wp\/v2\/types\/page"}],"author":[{"embeddable":true,"href":"https:\/\/old-ssemp.sowiak.dev\/index.php?rest_route=\/wp\/v2\/users\/1"}],"replies":[{"embeddable":true,"href":"https:\/\/old-ssemp.sowiak.dev\/index.php?rest_route=%2Fwp%2Fv2%2Fcomments&post=9540"}],"version-history":[{"count":1,"href":"https:\/\/old-ssemp.sowiak.dev\/index.php?rest_route=\/wp\/v2\/pages\/9540\/revisions"}],"predecessor-version":[{"id":9547,"href":"https:\/\/old-ssemp.sowiak.dev\/index.php?rest_route=\/wp\/v2\/pages\/9540\/revisions\/9547"}],"wp:attachment":[{"href":"https:\/\/old-ssemp.sowiak.dev\/index.php?rest_route=%2Fwp%2Fv2%2Fmedia&parent=9540"}],"curies":[{"name":"wp","href":"https:\/\/api.w.org\/{rel}","templated":true}]}}