{"id":9526,"date":"2016-05-16T23:53:26","date_gmt":"2016-05-16T21:53:26","guid":{"rendered":"http:\/\/ssemp.pl\/wordpress\/?page_id=9526"},"modified":"2016-05-16T23:53:26","modified_gmt":"2016-05-16T21:53:26","slug":"tbai-poland-sp-z-o-o-30-03-2009","status":"publish","type":"page","link":"https:\/\/old-ssemp.sowiak.dev\/?page_id=9526","title":{"rendered":"TBAI Poland Sp. z o. o. &#8211; 30.03.2009"},"content":{"rendered":"<p><strong>INFORMACJA O ZAKWALIFIKOWANIU DO PRZETARGU \u0141\u0104CZNEGO<\/strong><\/p>\n<p>z dnia 30 marca 2009 roku<\/p>\n<p>(dotyczy zaproszenia do przetargu \u0142\u0105cznego og\u0142oszonego dnia 23 stycznia 2009r.)<\/p>\n<p>Komisja ds. przetargu \u0142\u0105cznego powo\u0142ana Zarz\u0105dzeniem Prezesa Specjalnej Strefy Ekonomicznej Ma\u0142ej Przedsi\u0119biorczo\u015bci Nr 2\/09 z dnia 26 marca 2009 r. informuje, \u017ce w wyniku kwalifikacji do uczestnictwa w przetargu \u0142\u0105cznym maj\u0105cego na celu ustalenie przedsi\u0119biorcy, kt\u00f3ry uzyska zezwolenie na prowadzenie dzia\u0142alno\u015bci gospodarczej i nab\u0119dzie prawo w\u0142asno\u015bci nieruchomo\u015bci niezabudowanej o \u0142\u0105cznej powierzchni 7,7507 ha, po\u0142o\u017conej w wojew\u00f3dztwie dolno\u015bl\u0105skim, powiecie boles\u0142awieckim, miejscowo\u015bci Wykroty, obr\u0119b geodezyjny Wykroty, w Podstrefie Nowogrodziec Kamiennog\u00f3rskiej Specjalnej Strefy Ekonomicznej, b\u0119d\u0105cej w\u0142asno\u015bci\u0105 Gminy Nowogrodziec, sk\u0142adaj\u0105cej si\u0119 z dzia\u0142ki Nr 1355\/2, dla kt\u00f3rej S\u0105d Rejonowy w Boles\u0142awcu prowadzi ksi\u0119g\u0119 wieczyst\u0105 KW JG1B\/00037187\/2 oraz dzia\u0142ki Nr 1358\/2 dla kt\u00f3rej S\u0105d Rejonowy w Boles\u0142awcu prowadzi ksi\u0119g\u0119 wieczyst\u0105 KW JG1B\/00021784\/2 na kt\u00f3rej b\u0119dzie prowadzona dzia\u0142alno\u015b\u0107 gospodarcza<\/p>\n<p>do uczestnictwa w przetargu \u0142\u0105cznym zakwalifikowano :<\/p>\n<p><strong>TBAI POLAND Sp. z o.o.<\/strong><br \/>\nUl. 22 Lipca 27<br \/>\nWykroty<br \/>\n59-730 Nowogrodziec<\/p>\n<p>Przewodnicz\u0105cy Komisji &#8211; Jaros\u0142aw G\u0119borys<\/p>\n","protected":false},"excerpt":{"rendered":"<p>INFORMACJA O ZAKWALIFIKOWANIU DO PRZETARGU \u0141\u0104CZNEGO z dnia 30 marca 2009 roku (dotyczy zaproszenia do przetargu \u0142\u0105cznego og\u0142oszonego dnia 23 stycznia 2009r.) Komisja ds. przetargu \u0142\u0105cznego powo\u0142ana Zarz\u0105dzeniem Prezesa Specjalnej Strefy Ekonomicznej Ma\u0142ej Przedsi\u0119biorczo\u015bci Nr 2\/09 z dnia 26 marca 2009 r. informuje, \u017ce w wyniku kwalifikacji do uczestnictwa w przetargu \u0142\u0105cznym maj\u0105cego na celu [&hellip;]<\/p>\n","protected":false},"author":1,"featured_media":0,"parent":0,"menu_order":0,"comment_status":"closed","ping_status":"closed","template":"","meta":{"footnotes":""},"class_list":["post-9526","page","type-page","status-publish","hentry"],"_links":{"self":[{"href":"https:\/\/old-ssemp.sowiak.dev\/index.php?rest_route=\/wp\/v2\/pages\/9526","targetHints":{"allow":["GET"]}}],"collection":[{"href":"https:\/\/old-ssemp.sowiak.dev\/index.php?rest_route=\/wp\/v2\/pages"}],"about":[{"href":"https:\/\/old-ssemp.sowiak.dev\/index.php?rest_route=\/wp\/v2\/types\/page"}],"author":[{"embeddable":true,"href":"https:\/\/old-ssemp.sowiak.dev\/index.php?rest_route=\/wp\/v2\/users\/1"}],"replies":[{"embeddable":true,"href":"https:\/\/old-ssemp.sowiak.dev\/index.php?rest_route=%2Fwp%2Fv2%2Fcomments&post=9526"}],"version-history":[{"count":1,"href":"https:\/\/old-ssemp.sowiak.dev\/index.php?rest_route=\/wp\/v2\/pages\/9526\/revisions"}],"predecessor-version":[{"id":9534,"href":"https:\/\/old-ssemp.sowiak.dev\/index.php?rest_route=\/wp\/v2\/pages\/9526\/revisions\/9534"}],"wp:attachment":[{"href":"https:\/\/old-ssemp.sowiak.dev\/index.php?rest_route=%2Fwp%2Fv2%2Fmedia&parent=9526"}],"curies":[{"name":"wp","href":"https:\/\/api.w.org\/{rel}","templated":true}]}}