{"id":19518,"date":"2024-05-23T10:52:59","date_gmt":"2024-05-23T08:52:59","guid":{"rendered":"http:\/\/ssemp.pl\/?page_id=19518"},"modified":"2024-06-03T07:58:50","modified_gmt":"2024-06-03T05:58:50","slug":"techniczna-naprawa-wzmocnienie-i-uzupelnienie-ubytkow-scian-konstrukcyjnych-budynku-parowozowni-wachlarzowej-na-terenie-dawnych-zntk-przy-ulicy-gazowej-w-lubaniu-2","status":"publish","type":"page","link":"https:\/\/old-ssemp.sowiak.dev\/?page_id=19518","title":{"rendered":"Techniczna naprawa, wzmocnienie i uzupe\u0142nienie ubytk\u00f3w \u015bcian konstrukcyjnych budynku parowozowni wachlarzowej na terenie dawnych ZNTK  przy ulicy Gazowej w Lubaniu"},"content":{"rendered":"<p><a href=\"https:\/\/old-ssemp.sowiak.dev\/wordpress\/wp-content\/uploads\/2024\/05\/CCF_000143.jpg\"><img loading=\"lazy\" decoding=\"async\" class=\"alignnone size-full wp-image-19527\" src=\"https:\/\/old-ssemp.sowiak.dev\/wordpress\/wp-content\/uploads\/2024\/05\/CCF_000143.jpg\" alt=\"CCF_000143\" width=\"1204\" height=\"1717\" srcset=\"https:\/\/old-ssemp.sowiak.dev\/wp-content\/uploads\/2024\/05\/CCF_000143.jpg 1204w, https:\/\/old-ssemp.sowiak.dev\/wp-content\/uploads\/2024\/05\/CCF_000143-210x300.jpg 210w, https:\/\/old-ssemp.sowiak.dev\/wp-content\/uploads\/2024\/05\/CCF_000143-768x1095.jpg 768w, https:\/\/old-ssemp.sowiak.dev\/wp-content\/uploads\/2024\/05\/CCF_000143-718x1024.jpg 718w\" sizes=\"auto, (max-width: 1204px) 100vw, 1204px\" \/><\/a><a href=\"https:\/\/old-ssemp.sowiak.dev\/wordpress\/wp-content\/uploads\/2024\/05\/CCF_000143-2.jpg\"><img loading=\"lazy\" decoding=\"async\" class=\"alignnone size-full wp-image-19526\" src=\"https:\/\/old-ssemp.sowiak.dev\/wordpress\/wp-content\/uploads\/2024\/05\/CCF_000143-2.jpg\" alt=\"CCF_000143-2\" width=\"1204\" height=\"1717\" srcset=\"https:\/\/old-ssemp.sowiak.dev\/wp-content\/uploads\/2024\/05\/CCF_000143-2.jpg 1204w, https:\/\/old-ssemp.sowiak.dev\/wp-content\/uploads\/2024\/05\/CCF_000143-2-210x300.jpg 210w, https:\/\/old-ssemp.sowiak.dev\/wp-content\/uploads\/2024\/05\/CCF_000143-2-768x1095.jpg 768w, https:\/\/old-ssemp.sowiak.dev\/wp-content\/uploads\/2024\/05\/CCF_000143-2-718x1024.jpg 718w\" sizes=\"auto, (max-width: 1204px) 100vw, 1204px\" \/><\/a><a href=\"https:\/\/old-ssemp.sowiak.dev\/wordpress\/wp-content\/uploads\/2024\/05\/CCF_000143-3.jpg\"><img loading=\"lazy\" decoding=\"async\" class=\"alignnone size-full wp-image-19525\" src=\"https:\/\/old-ssemp.sowiak.dev\/wordpress\/wp-content\/uploads\/2024\/05\/CCF_000143-3.jpg\" alt=\"CCF_000143-3\" width=\"1204\" height=\"1717\" srcset=\"https:\/\/old-ssemp.sowiak.dev\/wp-content\/uploads\/2024\/05\/CCF_000143-3.jpg 1204w, https:\/\/old-ssemp.sowiak.dev\/wp-content\/uploads\/2024\/05\/CCF_000143-3-210x300.jpg 210w, https:\/\/old-ssemp.sowiak.dev\/wp-content\/uploads\/2024\/05\/CCF_000143-3-768x1095.jpg 768w, https:\/\/old-ssemp.sowiak.dev\/wp-content\/uploads\/2024\/05\/CCF_000143-3-718x1024.jpg 718w\" sizes=\"auto, (max-width: 1204px) 100vw, 1204px\" \/><\/a><a href=\"https:\/\/old-ssemp.sowiak.dev\/wordpress\/wp-content\/uploads\/2024\/05\/CCF_000143-4.jpg\"><img loading=\"lazy\" decoding=\"async\" class=\"alignnone size-full wp-image-19523\" src=\"https:\/\/old-ssemp.sowiak.dev\/wordpress\/wp-content\/uploads\/2024\/05\/CCF_000143-4.jpg\" alt=\"CCF_000143-4\" width=\"1204\" height=\"1717\" srcset=\"https:\/\/old-ssemp.sowiak.dev\/wp-content\/uploads\/2024\/05\/CCF_000143-4.jpg 1204w, https:\/\/old-ssemp.sowiak.dev\/wp-content\/uploads\/2024\/05\/CCF_000143-4-210x300.jpg 210w, https:\/\/old-ssemp.sowiak.dev\/wp-content\/uploads\/2024\/05\/CCF_000143-4-768x1095.jpg 768w, https:\/\/old-ssemp.sowiak.dev\/wp-content\/uploads\/2024\/05\/CCF_000143-4-718x1024.jpg 718w\" sizes=\"auto, (max-width: 1204px) 100vw, 1204px\" \/><\/a><a href=\"https:\/\/old-ssemp.sowiak.dev\/wordpress\/wp-content\/uploads\/2024\/05\/CCF_000143-5.jpg\"><img loading=\"lazy\" decoding=\"async\" class=\"alignnone size-full wp-image-19524\" src=\"https:\/\/old-ssemp.sowiak.dev\/wordpress\/wp-content\/uploads\/2024\/05\/CCF_000143-5.jpg\" alt=\"CCF_000143-5\" width=\"1204\" height=\"1717\" srcset=\"https:\/\/old-ssemp.sowiak.dev\/wp-content\/uploads\/2024\/05\/CCF_000143-5.jpg 1204w, https:\/\/old-ssemp.sowiak.dev\/wp-content\/uploads\/2024\/05\/CCF_000143-5-210x300.jpg 210w, https:\/\/old-ssemp.sowiak.dev\/wp-content\/uploads\/2024\/05\/CCF_000143-5-768x1095.jpg 768w, https:\/\/old-ssemp.sowiak.dev\/wp-content\/uploads\/2024\/05\/CCF_000143-5-718x1024.jpg 718w\" sizes=\"auto, (max-width: 1204px) 100vw, 1204px\" \/><\/a><a href=\"https:\/\/old-ssemp.sowiak.dev\/wordpress\/wp-content\/uploads\/2024\/05\/CCF_000143-6.jpg\"><img loading=\"lazy\" decoding=\"async\" class=\"alignnone size-full wp-image-19521\" src=\"https:\/\/old-ssemp.sowiak.dev\/wordpress\/wp-content\/uploads\/2024\/05\/CCF_000143-6.jpg\" alt=\"CCF_000143-6\" width=\"1204\" height=\"1717\" srcset=\"https:\/\/old-ssemp.sowiak.dev\/wp-content\/uploads\/2024\/05\/CCF_000143-6.jpg 1204w, https:\/\/old-ssemp.sowiak.dev\/wp-content\/uploads\/2024\/05\/CCF_000143-6-210x300.jpg 210w, https:\/\/old-ssemp.sowiak.dev\/wp-content\/uploads\/2024\/05\/CCF_000143-6-768x1095.jpg 768w, https:\/\/old-ssemp.sowiak.dev\/wp-content\/uploads\/2024\/05\/CCF_000143-6-718x1024.jpg 718w\" sizes=\"auto, (max-width: 1204px) 100vw, 1204px\" \/><\/a><a href=\"https:\/\/old-ssemp.sowiak.dev\/wordpress\/wp-content\/uploads\/2024\/05\/CCF_000143-7.jpg\"><img loading=\"lazy\" decoding=\"async\" class=\"alignnone size-full wp-image-19522\" src=\"https:\/\/old-ssemp.sowiak.dev\/wordpress\/wp-content\/uploads\/2024\/05\/CCF_000143-7.jpg\" alt=\"CCF_000143-7\" width=\"1204\" height=\"1717\" srcset=\"https:\/\/old-ssemp.sowiak.dev\/wp-content\/uploads\/2024\/05\/CCF_000143-7.jpg 1204w, https:\/\/old-ssemp.sowiak.dev\/wp-content\/uploads\/2024\/05\/CCF_000143-7-210x300.jpg 210w, https:\/\/old-ssemp.sowiak.dev\/wp-content\/uploads\/2024\/05\/CCF_000143-7-768x1095.jpg 768w, https:\/\/old-ssemp.sowiak.dev\/wp-content\/uploads\/2024\/05\/CCF_000143-7-718x1024.jpg 718w\" sizes=\"auto, (max-width: 1204px) 100vw, 1204px\" \/><\/a><a href=\"https:\/\/old-ssemp.sowiak.dev\/wordpress\/wp-content\/uploads\/2024\/05\/CCF_000143-8.jpg\"><img loading=\"lazy\" decoding=\"async\" class=\"alignnone size-full wp-image-19520\" src=\"https:\/\/old-ssemp.sowiak.dev\/wordpress\/wp-content\/uploads\/2024\/05\/CCF_000143-8.jpg\" alt=\"CCF_000143-8\" width=\"1204\" height=\"1717\" srcset=\"https:\/\/old-ssemp.sowiak.dev\/wp-content\/uploads\/2024\/05\/CCF_000143-8.jpg 1204w, https:\/\/old-ssemp.sowiak.dev\/wp-content\/uploads\/2024\/05\/CCF_000143-8-210x300.jpg 210w, https:\/\/old-ssemp.sowiak.dev\/wp-content\/uploads\/2024\/05\/CCF_000143-8-768x1095.jpg 768w, https:\/\/old-ssemp.sowiak.dev\/wp-content\/uploads\/2024\/05\/CCF_000143-8-718x1024.jpg 718w\" sizes=\"auto, (max-width: 1204px) 100vw, 1204px\" \/><\/a><a href=\"https:\/\/old-ssemp.sowiak.dev\/wordpress\/wp-content\/uploads\/2024\/05\/CCF_000143-9.jpg\"><img loading=\"lazy\" decoding=\"async\" class=\"alignnone size-full wp-image-19519\" src=\"https:\/\/old-ssemp.sowiak.dev\/wordpress\/wp-content\/uploads\/2024\/05\/CCF_000143-9.jpg\" alt=\"CCF_000143-9\" width=\"1204\" height=\"1717\" srcset=\"https:\/\/old-ssemp.sowiak.dev\/wp-content\/uploads\/2024\/05\/CCF_000143-9.jpg 1204w, https:\/\/old-ssemp.sowiak.dev\/wp-content\/uploads\/2024\/05\/CCF_000143-9-210x300.jpg 210w, https:\/\/old-ssemp.sowiak.dev\/wp-content\/uploads\/2024\/05\/CCF_000143-9-768x1095.jpg 768w, https:\/\/old-ssemp.sowiak.dev\/wp-content\/uploads\/2024\/05\/CCF_000143-9-718x1024.jpg 718w\" sizes=\"auto, (max-width: 1204px) 100vw, 1204px\" \/><\/a><\/p>\n<p>&nbsp;<\/p>\n<hr \/>\n<p><a href=\"https:\/\/old-ssemp.sowiak.dev\/wordpress\/wp-content\/uploads\/2016\/05\/OG\u0141OSZENIE-O-PRZETARGU_konstrukcja2.pdf\" target=\"_blank\"><strong>OG\u0141OSZENIE O PRZETARGU [PDF]<\/strong><\/a><\/p>\n<hr \/>\n<p><strong>ZA\u0141\u0104CZNIKI:<\/strong><\/p>\n<p><a href=\"https:\/\/old-ssemp.sowiak.dev\/wordpress\/wp-content\/uploads\/2024\/05\/ZA\u0141\u0104CZNIK-NR-1-WZ\u00d3R-UMOWY_konstrukcja_update04.pdf\" target=\"_blank\">Za\u0142\u0105cznik nr 1: Wz\u00f3r Umowy<\/a><\/p>\n<p><a href=\"https:\/\/old-ssemp.sowiak.dev\/wordpress\/wp-content\/uploads\/2024\/05\/ZA\u0141\u0104CZNIK-NR-2-FORMULARZ-OFERTY_konstrukcja2.pdf\" target=\"_blank\">Za\u0142\u0105cznik nr 2: Formularz Oferty<\/a><\/p>\n<p><a href=\"https:\/\/old-ssemp.sowiak.dev\/wordpress\/wp-content\/uploads\/2024\/05\/ZA\u0141\u0104CZNIK-NR-3-WYKAZ-ROB\u00d3T_konstrukcja2.pdf\" target=\"_blank\">Za\u0142\u0105cznik nr 3: Formularz \u201eWykaz rob\u00f3t budowlanych\u201d<\/a><\/p>\n<p><a href=\"https:\/\/old-ssemp.sowiak.dev\/wordpress\/wp-content\/uploads\/2024\/05\/SIWZ_v02.pdf\" target=\"_blank\">Za\u0142\u0105cznik nr 4: Specyfikacja Istotnych Warunk\u00f3w Zam\u00f3wienia (SIWZ)<\/a><\/p>\n<p><a href=\"https:\/\/old-ssemp.sowiak.dev\/wordpress\/wp-content\/uploads\/2024\/05\/ZA\u0141\u0104CZNIK-NR-5-MIEJSCE-REALIZACJI-UMOWY_konstrukcja2.pdf\" target=\"_blank\">Za\u0142\u0105cznik nr 5: Miejsce realizacji Przedmiotu Umowy w skali 1:500<\/a><\/p>\n<p><strong>ZA\u0141\u0104CZNIKI DO WZORU UMOWY:<\/strong><\/p>\n<p><a href=\"https:\/\/old-ssemp.sowiak.dev\/wordpress\/wp-content\/uploads\/2024\/05\/DO-UMOWY-Za\u0142\u0105cznik-1-przedmiar-rob\u00f3t.pdf\" target=\"_blank\">Za\u0142\u0105cznik do Umowy nr 1: Przedmiar rob\u00f3t do wykonania w ramach technicznej naprawy, wzmocnienia i uzupe\u0142nienia ubytk\u00f3w \u015bcian konstrukcyjnych budynku parowozowni wachlarzowej na terenie dawnych ZNTK przy ulicy Gazowej w Lubaniu<\/a><\/p>\n<p><a href=\"https:\/\/old-ssemp.sowiak.dev\/wordpress\/wp-content\/uploads\/2024\/05\/DO-UMOWY-Za\u0142\u0105cznik-2-terytorialny-zasi\u0119g-realizowanego-przedsi\u0119wzi\u0119cia..pdf\" target=\"_blank\">Za\u0142\u0105cznik do Umowy nr 2: Terytorialny zasi\u0119g realizowanego przedsi\u0119wzi\u0119cia<\/a><\/p>\n<p><a href=\"https:\/\/old-ssemp.sowiak.dev\/wordpress\/wp-content\/uploads\/2024\/05\/DO-UMOWY-Za\u0142\u0105cznik-3-widok-\u015bciany-szczytowej-p\u00f3\u0142nocno_wschodniej-stan-zachowany.pdf\" target=\"_blank\">Za\u0142\u0105cznik do Umowy nr 3: Widok \u015bciany szczytowej p\u00f3\u0142nocno-wschodniej stan zachowany w skali 1:100<\/a><\/p>\n<p><a href=\"https:\/\/old-ssemp.sowiak.dev\/wordpress\/wp-content\/uploads\/2024\/05\/DO-UMOWY-Za\u0142\u0105cznik-4-widok-\u015bciany-szczytowej-p\u00f3\u0142nocno_wschodniej-stan-projektowany.pdf\" target=\"_blank\">Za\u0142\u0105cznik do Umowy nr 4: Widok \u015bciany szczytowej p\u00f3\u0142nocno-wschodniej stan projektowany w skali 1:100<\/a><\/p>\n<p><a href=\"https:\/\/old-ssemp.sowiak.dev\/wordpress\/wp-content\/uploads\/2024\/05\/DO-UMOWY-Za\u0142\u0105cznik-5-rzut-przyziemia-z-lokalizacj\u0105-uszkodze\u0144.pdf\" target=\"_blank\">Za\u0142\u0105cznik do Umowy nr 5: Rzut przyziemia z lokalizacj\u0105 uszkodze\u0144, fragmentami \u015bcian i wie\u0144c\u00f3w do przemurowania i odtworzenia w skali 1:200<\/a><\/p>\n","protected":false},"excerpt":{"rendered":"<p>&nbsp; OG\u0141OSZENIE O PRZETARGU [PDF] ZA\u0141\u0104CZNIKI: Za\u0142\u0105cznik nr 1: Wz\u00f3r Umowy Za\u0142\u0105cznik nr 2: Formularz Oferty Za\u0142\u0105cznik nr 3: Formularz \u201eWykaz rob\u00f3t budowlanych\u201d Za\u0142\u0105cznik nr 4: Specyfikacja Istotnych Warunk\u00f3w Zam\u00f3wienia (SIWZ) Za\u0142\u0105cznik nr 5: Miejsce realizacji Przedmiotu Umowy w skali 1:500 ZA\u0141\u0104CZNIKI DO WZORU UMOWY: Za\u0142\u0105cznik do Umowy nr 1: Przedmiar rob\u00f3t do wykonania w [&hellip;]<\/p>\n","protected":false},"author":1,"featured_media":0,"parent":0,"menu_order":0,"comment_status":"closed","ping_status":"closed","template":"","meta":{"footnotes":""},"class_list":["post-19518","page","type-page","status-publish","hentry"],"_links":{"self":[{"href":"https:\/\/old-ssemp.sowiak.dev\/index.php?rest_route=\/wp\/v2\/pages\/19518","targetHints":{"allow":["GET"]}}],"collection":[{"href":"https:\/\/old-ssemp.sowiak.dev\/index.php?rest_route=\/wp\/v2\/pages"}],"about":[{"href":"https:\/\/old-ssemp.sowiak.dev\/index.php?rest_route=\/wp\/v2\/types\/page"}],"author":[{"embeddable":true,"href":"https:\/\/old-ssemp.sowiak.dev\/index.php?rest_route=\/wp\/v2\/users\/1"}],"replies":[{"embeddable":true,"href":"https:\/\/old-ssemp.sowiak.dev\/index.php?rest_route=%2Fwp%2Fv2%2Fcomments&post=19518"}],"version-history":[{"count":5,"href":"https:\/\/old-ssemp.sowiak.dev\/index.php?rest_route=\/wp\/v2\/pages\/19518\/revisions"}],"predecessor-version":[{"id":19570,"href":"https:\/\/old-ssemp.sowiak.dev\/index.php?rest_route=\/wp\/v2\/pages\/19518\/revisions\/19570"}],"wp:attachment":[{"href":"https:\/\/old-ssemp.sowiak.dev\/index.php?rest_route=%2Fwp%2Fv2%2Fmedia&parent=19518"}],"curies":[{"name":"wp","href":"https:\/\/api.w.org\/{rel}","templated":true}]}}