{"id":19348,"date":"2024-03-25T13:21:42","date_gmt":"2024-03-25T12:21:42","guid":{"rendered":"http:\/\/ssemp.pl\/?page_id=19348"},"modified":"2024-03-25T13:30:53","modified_gmt":"2024-03-25T12:30:53","slug":"techniczna-naprawa-wzmocnienie-i-uzupelnienie-ubytkow-scian-konstrukcyjnych-budynku-parowozowni-wachlarzowej-na-terenie-dawnych-zntk-przy-ulicy-gazowej-w-lubaniu","status":"publish","type":"page","link":"https:\/\/old-ssemp.sowiak.dev\/?page_id=19348","title":{"rendered":"Techniczna naprawa, wzmocnienie i uzupe\u0142nienie ubytk\u00f3w \u015bcian konstrukcyjnych budynku parowozowni wachlarzowej na terenie dawnych ZNTK  przy ulicy Gazowej w Lubaniu"},"content":{"rendered":"<p><a href=\"https:\/\/old-ssemp.sowiak.dev\/wordpress\/wp-content\/uploads\/2024\/03\/tender_25.03_0001.jpg\"><img loading=\"lazy\" decoding=\"async\" class=\"alignnone wp-image-19349 size-full\" src=\"https:\/\/old-ssemp.sowiak.dev\/wordpress\/wp-content\/uploads\/2024\/03\/tender_25.03_0001.jpg\" alt=\"tender_25.03_0001\" width=\"2481\" height=\"3509\" srcset=\"https:\/\/old-ssemp.sowiak.dev\/wp-content\/uploads\/2024\/03\/tender_25.03_0001.jpg 2481w, https:\/\/old-ssemp.sowiak.dev\/wp-content\/uploads\/2024\/03\/tender_25.03_0001-212x300.jpg 212w, https:\/\/old-ssemp.sowiak.dev\/wp-content\/uploads\/2024\/03\/tender_25.03_0001-768x1086.jpg 768w, https:\/\/old-ssemp.sowiak.dev\/wp-content\/uploads\/2024\/03\/tender_25.03_0001-724x1024.jpg 724w\" sizes=\"auto, (max-width: 2481px) 100vw, 2481px\" \/><\/a><a href=\"https:\/\/old-ssemp.sowiak.dev\/wordpress\/wp-content\/uploads\/2024\/03\/tender_25.03_0002.jpg\"><img loading=\"lazy\" decoding=\"async\" class=\"alignnone size-full wp-image-19350\" src=\"https:\/\/old-ssemp.sowiak.dev\/wordpress\/wp-content\/uploads\/2024\/03\/tender_25.03_0002.jpg\" alt=\"tender_25.03_0002\" width=\"2481\" height=\"3509\" srcset=\"https:\/\/old-ssemp.sowiak.dev\/wp-content\/uploads\/2024\/03\/tender_25.03_0002.jpg 2481w, https:\/\/old-ssemp.sowiak.dev\/wp-content\/uploads\/2024\/03\/tender_25.03_0002-212x300.jpg 212w, https:\/\/old-ssemp.sowiak.dev\/wp-content\/uploads\/2024\/03\/tender_25.03_0002-768x1086.jpg 768w, https:\/\/old-ssemp.sowiak.dev\/wp-content\/uploads\/2024\/03\/tender_25.03_0002-724x1024.jpg 724w\" sizes=\"auto, (max-width: 2481px) 100vw, 2481px\" \/><\/a><a href=\"https:\/\/old-ssemp.sowiak.dev\/wordpress\/wp-content\/uploads\/2024\/03\/tender_25.03_0003.jpg\"><img loading=\"lazy\" decoding=\"async\" class=\"alignnone size-full wp-image-19351\" src=\"https:\/\/old-ssemp.sowiak.dev\/wordpress\/wp-content\/uploads\/2024\/03\/tender_25.03_0003.jpg\" alt=\"tender_25.03_0003\" width=\"2481\" height=\"3509\" srcset=\"https:\/\/old-ssemp.sowiak.dev\/wp-content\/uploads\/2024\/03\/tender_25.03_0003.jpg 2481w, https:\/\/old-ssemp.sowiak.dev\/wp-content\/uploads\/2024\/03\/tender_25.03_0003-212x300.jpg 212w, https:\/\/old-ssemp.sowiak.dev\/wp-content\/uploads\/2024\/03\/tender_25.03_0003-768x1086.jpg 768w, https:\/\/old-ssemp.sowiak.dev\/wp-content\/uploads\/2024\/03\/tender_25.03_0003-724x1024.jpg 724w\" sizes=\"auto, (max-width: 2481px) 100vw, 2481px\" \/><\/a><a href=\"https:\/\/old-ssemp.sowiak.dev\/wordpress\/wp-content\/uploads\/2024\/03\/tender_25.03_0004.jpg\"><img loading=\"lazy\" decoding=\"async\" class=\"alignnone size-full wp-image-19352\" src=\"https:\/\/old-ssemp.sowiak.dev\/wordpress\/wp-content\/uploads\/2024\/03\/tender_25.03_0004.jpg\" alt=\"tender_25.03_0004\" width=\"2481\" height=\"3509\" srcset=\"https:\/\/old-ssemp.sowiak.dev\/wp-content\/uploads\/2024\/03\/tender_25.03_0004.jpg 2481w, https:\/\/old-ssemp.sowiak.dev\/wp-content\/uploads\/2024\/03\/tender_25.03_0004-212x300.jpg 212w, https:\/\/old-ssemp.sowiak.dev\/wp-content\/uploads\/2024\/03\/tender_25.03_0004-768x1086.jpg 768w, https:\/\/old-ssemp.sowiak.dev\/wp-content\/uploads\/2024\/03\/tender_25.03_0004-724x1024.jpg 724w\" sizes=\"auto, (max-width: 2481px) 100vw, 2481px\" \/><\/a><a href=\"https:\/\/old-ssemp.sowiak.dev\/wordpress\/wp-content\/uploads\/2024\/03\/tender_25.03_0005.jpg\"><img loading=\"lazy\" decoding=\"async\" class=\"alignnone size-full wp-image-19353\" src=\"https:\/\/old-ssemp.sowiak.dev\/wordpress\/wp-content\/uploads\/2024\/03\/tender_25.03_0005.jpg\" alt=\"tender_25.03_0005\" width=\"2481\" height=\"3509\" srcset=\"https:\/\/old-ssemp.sowiak.dev\/wp-content\/uploads\/2024\/03\/tender_25.03_0005.jpg 2481w, https:\/\/old-ssemp.sowiak.dev\/wp-content\/uploads\/2024\/03\/tender_25.03_0005-212x300.jpg 212w, https:\/\/old-ssemp.sowiak.dev\/wp-content\/uploads\/2024\/03\/tender_25.03_0005-768x1086.jpg 768w, https:\/\/old-ssemp.sowiak.dev\/wp-content\/uploads\/2024\/03\/tender_25.03_0005-724x1024.jpg 724w\" sizes=\"auto, (max-width: 2481px) 100vw, 2481px\" \/><\/a><a href=\"https:\/\/old-ssemp.sowiak.dev\/wordpress\/wp-content\/uploads\/2024\/03\/tender_25.03_0006.jpg\"><img loading=\"lazy\" decoding=\"async\" class=\"alignnone size-full wp-image-19354\" src=\"https:\/\/old-ssemp.sowiak.dev\/wordpress\/wp-content\/uploads\/2024\/03\/tender_25.03_0006.jpg\" alt=\"tender_25.03_0006\" width=\"2481\" height=\"3509\" srcset=\"https:\/\/old-ssemp.sowiak.dev\/wp-content\/uploads\/2024\/03\/tender_25.03_0006.jpg 2481w, https:\/\/old-ssemp.sowiak.dev\/wp-content\/uploads\/2024\/03\/tender_25.03_0006-212x300.jpg 212w, https:\/\/old-ssemp.sowiak.dev\/wp-content\/uploads\/2024\/03\/tender_25.03_0006-768x1086.jpg 768w, https:\/\/old-ssemp.sowiak.dev\/wp-content\/uploads\/2024\/03\/tender_25.03_0006-724x1024.jpg 724w\" sizes=\"auto, (max-width: 2481px) 100vw, 2481px\" \/><\/a><a href=\"https:\/\/old-ssemp.sowiak.dev\/wordpress\/wp-content\/uploads\/2024\/03\/tender_25.03_0007.jpg\"><img loading=\"lazy\" decoding=\"async\" class=\"alignnone size-full wp-image-19355\" src=\"https:\/\/old-ssemp.sowiak.dev\/wordpress\/wp-content\/uploads\/2024\/03\/tender_25.03_0007.jpg\" alt=\"tender_25.03_0007\" width=\"2481\" height=\"3509\" srcset=\"https:\/\/old-ssemp.sowiak.dev\/wp-content\/uploads\/2024\/03\/tender_25.03_0007.jpg 2481w, https:\/\/old-ssemp.sowiak.dev\/wp-content\/uploads\/2024\/03\/tender_25.03_0007-212x300.jpg 212w, https:\/\/old-ssemp.sowiak.dev\/wp-content\/uploads\/2024\/03\/tender_25.03_0007-768x1086.jpg 768w, https:\/\/old-ssemp.sowiak.dev\/wp-content\/uploads\/2024\/03\/tender_25.03_0007-724x1024.jpg 724w\" sizes=\"auto, (max-width: 2481px) 100vw, 2481px\" \/><\/a><a href=\"https:\/\/old-ssemp.sowiak.dev\/wordpress\/wp-content\/uploads\/2024\/03\/tender_25.03_0008.jpg\"><img loading=\"lazy\" decoding=\"async\" class=\"alignnone size-full wp-image-19356\" src=\"https:\/\/old-ssemp.sowiak.dev\/wordpress\/wp-content\/uploads\/2024\/03\/tender_25.03_0008.jpg\" alt=\"tender_25.03_0008\" width=\"2481\" height=\"3509\" srcset=\"https:\/\/old-ssemp.sowiak.dev\/wp-content\/uploads\/2024\/03\/tender_25.03_0008.jpg 2481w, https:\/\/old-ssemp.sowiak.dev\/wp-content\/uploads\/2024\/03\/tender_25.03_0008-212x300.jpg 212w, https:\/\/old-ssemp.sowiak.dev\/wp-content\/uploads\/2024\/03\/tender_25.03_0008-768x1086.jpg 768w, https:\/\/old-ssemp.sowiak.dev\/wp-content\/uploads\/2024\/03\/tender_25.03_0008-724x1024.jpg 724w\" sizes=\"auto, (max-width: 2481px) 100vw, 2481px\" \/><\/a><a href=\"https:\/\/old-ssemp.sowiak.dev\/wordpress\/wp-content\/uploads\/2024\/03\/tender_25.03_0009.jpg\"><img loading=\"lazy\" decoding=\"async\" class=\"alignnone size-full wp-image-19357\" src=\"https:\/\/old-ssemp.sowiak.dev\/wordpress\/wp-content\/uploads\/2024\/03\/tender_25.03_0009.jpg\" alt=\"tender_25.03_0009\" width=\"2481\" height=\"3509\" srcset=\"https:\/\/old-ssemp.sowiak.dev\/wp-content\/uploads\/2024\/03\/tender_25.03_0009.jpg 2481w, https:\/\/old-ssemp.sowiak.dev\/wp-content\/uploads\/2024\/03\/tender_25.03_0009-212x300.jpg 212w, https:\/\/old-ssemp.sowiak.dev\/wp-content\/uploads\/2024\/03\/tender_25.03_0009-768x1086.jpg 768w, https:\/\/old-ssemp.sowiak.dev\/wp-content\/uploads\/2024\/03\/tender_25.03_0009-724x1024.jpg 724w\" sizes=\"auto, (max-width: 2481px) 100vw, 2481px\" \/><\/a><\/p>\n<p><strong>ZA\u0141\u0104CZNIKI:<\/strong><\/p>\n<p><a href=\"https:\/\/old-ssemp.sowiak.dev\/wordpress\/wp-content\/uploads\/2024\/03\/ZA\u0141\u0104CZNIK-NR-1-WZ\u00d3R-UMOWY_konstrukcja_update02.pdf\" target=\"_blank\">Za\u0142\u0105cznik nr 1: Wz\u00f3r Umowy<\/a><\/p>\n<p><a href=\"https:\/\/old-ssemp.sowiak.dev\/wordpress\/wp-content\/uploads\/2024\/03\/ZA\u0141\u0104CZNIK-NR-2-FORMULARZ-OFERTY_konstrukcja.doc\" target=\"_blank\">Za\u0142\u0105cznik nr 2: Formularz Oferty<\/a><\/p>\n<p><a href=\"https:\/\/old-ssemp.sowiak.dev\/wordpress\/wp-content\/uploads\/2024\/03\/ZA\u0141\u0104CZNIK-NR-3-WYKAZ-ROB\u00d3T_konstrukcja.docx\" target=\"_blank\">Za\u0142\u0105cznik nr 3: Formularz \u201eWykaz rob\u00f3t budowlanych\u201d<\/a><\/p>\n<p><a href=\"https:\/\/old-ssemp.sowiak.dev\/wordpress\/wp-content\/uploads\/2024\/03\/ZA\u0141\u0104CZNIK-NR-4-SIWZ_konstrukcja.pdf\" target=\"_blank\">Za\u0142\u0105cznik nr 4: Specyfikacja Istotnych Warunk\u00f3w Zam\u00f3wienia (SIWZ)<\/a><\/p>\n<p><a href=\"https:\/\/old-ssemp.sowiak.dev\/wordpress\/wp-content\/uploads\/2024\/03\/ZA\u0141\u0104CZNIK-NR-5-MIEJSCE-REALIZACJI-UMOWY_konstrukcja.pdf\" target=\"_blank\">Za\u0142\u0105cznik nr 5: Miejsce realizacji Przedmiotu Umowy w skali 1:500<\/a><\/p>\n<p><strong>ZA\u0141\u0104CZNIKI DO WZORU UMOWY:<\/strong><\/p>\n<p><a href=\"https:\/\/old-ssemp.sowiak.dev\/wordpress\/wp-content\/uploads\/2024\/03\/DO-UMOWY-Za\u0142\u0105cznik-1-przedmiar-rob\u00f3t.pdf\">Za\u0142\u0105cznik do Umowy nr 1: Przedmiar rob\u00f3t do wykonania w ramach technicznej naprawy, wzmocnienia i uzupe\u0142nienia ubytk\u00f3w \u015bcian konstrukcyjnych budynku parowozowni wachlarzowej na terenie dawnych ZNTK przy ulicy Gazowej w Lubaniu<\/a><\/p>\n<p><a href=\"https:\/\/old-ssemp.sowiak.dev\/wordpress\/wp-content\/uploads\/2024\/03\/DO-UMOWY-Za\u0142\u0105cznik-2-terytorialny-zasi\u0119g-realizowanego-przedsi\u0119wzi\u0119cia..pdf\" target=\"_blank\">Za\u0142\u0105cznik do Umowy nr 2: Terytorialny zasi\u0119g realizowanego przedsi\u0119wzi\u0119cia<\/a><\/p>\n<p><a href=\"https:\/\/old-ssemp.sowiak.dev\/wordpress\/wp-content\/uploads\/2024\/03\/DO-UMOWY-Za\u0142\u0105cznik-3-widok-\u015bciany-szczytowej-p\u00f3\u0142nocno_wschodniej-stan-zachowany.pdf\" target=\"_blank\">Za\u0142\u0105cznik do Umowy nr 3: Widok \u015bciany szczytowej p\u00f3\u0142nocno-wschodniej stan zachowany w skali 1:100<\/a><\/p>\n<p><a href=\"https:\/\/old-ssemp.sowiak.dev\/wordpress\/wp-content\/uploads\/2024\/03\/DO-UMOWY-Za\u0142\u0105cznik-4-widok-\u015bciany-szczytowej-p\u00f3\u0142nocno_wschodniej-stan-projektowany.pdf\" target=\"_blank\">Za\u0142\u0105cznik do Umowy nr 4: Widok \u015bciany szczytowej p\u00f3\u0142nocno-wschodniej stan projektowany w skali 1:100<\/a><\/p>\n<p><a href=\"https:\/\/old-ssemp.sowiak.dev\/wordpress\/wp-content\/uploads\/2024\/03\/DO-UMOWY-Za\u0142\u0105cznik-5-rzut-przyziemia-z-lokalizacj\u0105-uszkodze\u0144.pdf\" target=\"_blank\">Za\u0142\u0105cznik do Umowy nr 5: Rzut przyziemia z lokalizacj\u0105 uszkodze\u0144, fragmentami \u015bcian i wie\u0144c\u00f3w do przemurowania i odtworzenia w skali 1:200<\/a><\/p>\n<p>&nbsp;<\/p>\n","protected":false},"excerpt":{"rendered":"<p>ZA\u0141\u0104CZNIKI: Za\u0142\u0105cznik nr 1: Wz\u00f3r Umowy Za\u0142\u0105cznik nr 2: Formularz Oferty Za\u0142\u0105cznik nr 3: Formularz \u201eWykaz rob\u00f3t budowlanych\u201d Za\u0142\u0105cznik nr 4: Specyfikacja Istotnych Warunk\u00f3w Zam\u00f3wienia (SIWZ) Za\u0142\u0105cznik nr 5: Miejsce realizacji Przedmiotu Umowy w skali 1:500 ZA\u0141\u0104CZNIKI DO WZORU UMOWY: Za\u0142\u0105cznik do Umowy nr 1: Przedmiar rob\u00f3t do wykonania w ramach technicznej naprawy, wzmocnienia i [&hellip;]<\/p>\n","protected":false},"author":1,"featured_media":19358,"parent":0,"menu_order":0,"comment_status":"closed","ping_status":"closed","template":"","meta":{"footnotes":""},"class_list":["post-19348","page","type-page","status-publish","has-post-thumbnail","hentry"],"_links":{"self":[{"href":"https:\/\/old-ssemp.sowiak.dev\/index.php?rest_route=\/wp\/v2\/pages\/19348","targetHints":{"allow":["GET"]}}],"collection":[{"href":"https:\/\/old-ssemp.sowiak.dev\/index.php?rest_route=\/wp\/v2\/pages"}],"about":[{"href":"https:\/\/old-ssemp.sowiak.dev\/index.php?rest_route=\/wp\/v2\/types\/page"}],"author":[{"embeddable":true,"href":"https:\/\/old-ssemp.sowiak.dev\/index.php?rest_route=\/wp\/v2\/users\/1"}],"replies":[{"embeddable":true,"href":"https:\/\/old-ssemp.sowiak.dev\/index.php?rest_route=%2Fwp%2Fv2%2Fcomments&post=19348"}],"version-history":[{"count":4,"href":"https:\/\/old-ssemp.sowiak.dev\/index.php?rest_route=\/wp\/v2\/pages\/19348\/revisions"}],"predecessor-version":[{"id":19372,"href":"https:\/\/old-ssemp.sowiak.dev\/index.php?rest_route=\/wp\/v2\/pages\/19348\/revisions\/19372"}],"wp:featuredmedia":[{"embeddable":true,"href":"https:\/\/old-ssemp.sowiak.dev\/index.php?rest_route=\/wp\/v2\/media\/19358"}],"wp:attachment":[{"href":"https:\/\/old-ssemp.sowiak.dev\/index.php?rest_route=%2Fwp%2Fv2%2Fmedia&parent=19348"}],"curies":[{"name":"wp","href":"https:\/\/api.w.org\/{rel}","templated":true}]}}