{"id":15316,"date":"2020-05-13T08:53:56","date_gmt":"2020-05-13T06:53:56","guid":{"rendered":"http:\/\/ssemp.pl\/?page_id=15316"},"modified":"2020-05-13T08:53:56","modified_gmt":"2020-05-13T06:53:56","slug":"gryfow-slaski-2020-05-13-en","status":"publish","type":"page","link":"https:\/\/old-ssemp.sowiak.dev\/?page_id=15316","title":{"rendered":"Gryf\u00f3w \u015al\u0105ski &#8211; 2020.05.13 [EN]"},"content":{"rendered":"<p><img loading=\"lazy\" decoding=\"async\" class=\"alignnone size-full wp-image-15317\" src=\"https:\/\/old-ssemp.sowiak.dev\/wordpress\/wp-content\/uploads\/2020\/05\/Gryf\u00f3w-13.05.2020-EN-s1.jpg\" alt=\"Gryf\u00f3w 13.05.2020 EN s1\" width=\"2481\" height=\"3509\" srcset=\"https:\/\/old-ssemp.sowiak.dev\/wp-content\/uploads\/2020\/05\/Gryf\u00f3w-13.05.2020-EN-s1.jpg 2481w, https:\/\/old-ssemp.sowiak.dev\/wp-content\/uploads\/2020\/05\/Gryf\u00f3w-13.05.2020-EN-s1-212x300.jpg 212w, https:\/\/old-ssemp.sowiak.dev\/wp-content\/uploads\/2020\/05\/Gryf\u00f3w-13.05.2020-EN-s1-768x1086.jpg 768w, https:\/\/old-ssemp.sowiak.dev\/wp-content\/uploads\/2020\/05\/Gryf\u00f3w-13.05.2020-EN-s1-724x1024.jpg 724w\" sizes=\"auto, (max-width: 2481px) 100vw, 2481px\" \/><img loading=\"lazy\" decoding=\"async\" class=\"alignnone size-full wp-image-15318\" src=\"https:\/\/old-ssemp.sowiak.dev\/wordpress\/wp-content\/uploads\/2020\/05\/Gryf\u00f3w-13.05.2020-EN-s2.jpg\" alt=\"Gryf\u00f3w 13.05.2020 EN s2\" width=\"2481\" height=\"3509\" srcset=\"https:\/\/old-ssemp.sowiak.dev\/wp-content\/uploads\/2020\/05\/Gryf\u00f3w-13.05.2020-EN-s2.jpg 2481w, https:\/\/old-ssemp.sowiak.dev\/wp-content\/uploads\/2020\/05\/Gryf\u00f3w-13.05.2020-EN-s2-212x300.jpg 212w, https:\/\/old-ssemp.sowiak.dev\/wp-content\/uploads\/2020\/05\/Gryf\u00f3w-13.05.2020-EN-s2-768x1086.jpg 768w, https:\/\/old-ssemp.sowiak.dev\/wp-content\/uploads\/2020\/05\/Gryf\u00f3w-13.05.2020-EN-s2-724x1024.jpg 724w\" sizes=\"auto, (max-width: 2481px) 100vw, 2481px\" \/><\/p>\n","protected":false},"excerpt":{"rendered":"","protected":false},"author":1,"featured_media":0,"parent":0,"menu_order":0,"comment_status":"closed","ping_status":"closed","template":"","meta":{"footnotes":""},"class_list":["post-15316","page","type-page","status-publish","hentry"],"_links":{"self":[{"href":"https:\/\/old-ssemp.sowiak.dev\/index.php?rest_route=\/wp\/v2\/pages\/15316","targetHints":{"allow":["GET"]}}],"collection":[{"href":"https:\/\/old-ssemp.sowiak.dev\/index.php?rest_route=\/wp\/v2\/pages"}],"about":[{"href":"https:\/\/old-ssemp.sowiak.dev\/index.php?rest_route=\/wp\/v2\/types\/page"}],"author":[{"embeddable":true,"href":"https:\/\/old-ssemp.sowiak.dev\/index.php?rest_route=\/wp\/v2\/users\/1"}],"replies":[{"embeddable":true,"href":"https:\/\/old-ssemp.sowiak.dev\/index.php?rest_route=%2Fwp%2Fv2%2Fcomments&post=15316"}],"version-history":[{"count":1,"href":"https:\/\/old-ssemp.sowiak.dev\/index.php?rest_route=\/wp\/v2\/pages\/15316\/revisions"}],"predecessor-version":[{"id":15319,"href":"https:\/\/old-ssemp.sowiak.dev\/index.php?rest_route=\/wp\/v2\/pages\/15316\/revisions\/15319"}],"wp:attachment":[{"href":"https:\/\/old-ssemp.sowiak.dev\/index.php?rest_route=%2Fwp%2Fv2%2Fmedia&parent=15316"}],"curies":[{"name":"wp","href":"https:\/\/api.w.org\/{rel}","templated":true}]}}