{"id":14915,"date":"2019-06-03T13:13:21","date_gmt":"2019-06-03T11:13:21","guid":{"rendered":"http:\/\/ssemp.pl\/?page_id=14915"},"modified":"2019-06-03T13:14:27","modified_gmt":"2019-06-03T11:14:27","slug":"ogloszenie-o-przetargu-publicznym-na-zbycie-samochodu-sluzbowego","status":"publish","type":"page","link":"https:\/\/old-ssemp.sowiak.dev\/?page_id=14915","title":{"rendered":"OG\u0141OSZENIE O PRZETARGU PUBLICZNYM NA ZBYCIE SAMOCHODU S\u0141U\u017bBOWEGO"},"content":{"rendered":"<p><img loading=\"lazy\" decoding=\"async\" class=\"alignnone size-full wp-image-14916\" src=\"https:\/\/old-ssemp.sowiak.dev\/wordpress\/wp-content\/uploads\/2019\/06\/szewi-tender-01.jpg\" alt=\"szewi tender 01\" width=\"2481\" height=\"3508\" srcset=\"https:\/\/old-ssemp.sowiak.dev\/wp-content\/uploads\/2019\/06\/szewi-tender-01.jpg 2481w, https:\/\/old-ssemp.sowiak.dev\/wp-content\/uploads\/2019\/06\/szewi-tender-01-212x300.jpg 212w, https:\/\/old-ssemp.sowiak.dev\/wp-content\/uploads\/2019\/06\/szewi-tender-01-768x1086.jpg 768w, https:\/\/old-ssemp.sowiak.dev\/wp-content\/uploads\/2019\/06\/szewi-tender-01-724x1024.jpg 724w\" sizes=\"auto, (max-width: 2481px) 100vw, 2481px\" \/><img loading=\"lazy\" decoding=\"async\" class=\"alignnone size-full wp-image-14917\" src=\"https:\/\/old-ssemp.sowiak.dev\/wordpress\/wp-content\/uploads\/2019\/06\/szewi-tender-02.jpg\" alt=\"szewi tender 02\" width=\"2481\" height=\"3508\" srcset=\"https:\/\/old-ssemp.sowiak.dev\/wp-content\/uploads\/2019\/06\/szewi-tender-02.jpg 2481w, https:\/\/old-ssemp.sowiak.dev\/wp-content\/uploads\/2019\/06\/szewi-tender-02-212x300.jpg 212w, https:\/\/old-ssemp.sowiak.dev\/wp-content\/uploads\/2019\/06\/szewi-tender-02-768x1086.jpg 768w, https:\/\/old-ssemp.sowiak.dev\/wp-content\/uploads\/2019\/06\/szewi-tender-02-724x1024.jpg 724w\" sizes=\"auto, (max-width: 2481px) 100vw, 2481px\" \/><img loading=\"lazy\" decoding=\"async\" class=\"alignnone size-full wp-image-14918\" src=\"https:\/\/old-ssemp.sowiak.dev\/wordpress\/wp-content\/uploads\/2019\/06\/szewi-tender-03.jpg\" alt=\"szewi tender 03\" width=\"2481\" height=\"3508\" srcset=\"https:\/\/old-ssemp.sowiak.dev\/wp-content\/uploads\/2019\/06\/szewi-tender-03.jpg 2481w, https:\/\/old-ssemp.sowiak.dev\/wp-content\/uploads\/2019\/06\/szewi-tender-03-212x300.jpg 212w, https:\/\/old-ssemp.sowiak.dev\/wp-content\/uploads\/2019\/06\/szewi-tender-03-768x1086.jpg 768w, https:\/\/old-ssemp.sowiak.dev\/wp-content\/uploads\/2019\/06\/szewi-tender-03-724x1024.jpg 724w\" sizes=\"auto, (max-width: 2481px) 100vw, 2481px\" \/><\/p>\n<h3>Za\u0142\u0105cznik<\/h3>\n<hr \/>\n<h3 style=\"text-align: justify;\"><a href=\"https:\/\/old-ssemp.sowiak.dev\/wordpress\/wp-content\/uploads\/2019\/06\/Uchwa\u0142a-og\u0142oszenie.pdf\" target=\"_blank\">Uchwa\u0142a nr 30\/Z\/19r. z dnia 03.06.2019r. Zarz\u0105du Specjalnej Strefy Ekonomicznej Ma\u0142ej Przedsi\u0119biorczo\u015bci S.A. w Kamiennej G\u00f3rze w sprawie: zbycia samochodu s\u0142u\u017cbowego marki Chevrolet model Captiva 2.2 CRD MR&#8217;11 w trybie post\u0119powania przetargowego<\/a><\/h3>\n","protected":false},"excerpt":{"rendered":"<p>Za\u0142\u0105cznik Uchwa\u0142a nr 30\/Z\/19r. z dnia 03.06.2019r. Zarz\u0105du Specjalnej Strefy Ekonomicznej Ma\u0142ej Przedsi\u0119biorczo\u015bci S.A. w Kamiennej G\u00f3rze w sprawie: zbycia samochodu s\u0142u\u017cbowego marki Chevrolet model Captiva 2.2 CRD MR&#8217;11 w trybie post\u0119powania przetargowego<\/p>\n","protected":false},"author":1,"featured_media":0,"parent":0,"menu_order":0,"comment_status":"closed","ping_status":"closed","template":"","meta":{"footnotes":""},"class_list":["post-14915","page","type-page","status-publish","hentry"],"_links":{"self":[{"href":"https:\/\/old-ssemp.sowiak.dev\/index.php?rest_route=\/wp\/v2\/pages\/14915","targetHints":{"allow":["GET"]}}],"collection":[{"href":"https:\/\/old-ssemp.sowiak.dev\/index.php?rest_route=\/wp\/v2\/pages"}],"about":[{"href":"https:\/\/old-ssemp.sowiak.dev\/index.php?rest_route=\/wp\/v2\/types\/page"}],"author":[{"embeddable":true,"href":"https:\/\/old-ssemp.sowiak.dev\/index.php?rest_route=\/wp\/v2\/users\/1"}],"replies":[{"embeddable":true,"href":"https:\/\/old-ssemp.sowiak.dev\/index.php?rest_route=%2Fwp%2Fv2%2Fcomments&post=14915"}],"version-history":[{"count":2,"href":"https:\/\/old-ssemp.sowiak.dev\/index.php?rest_route=\/wp\/v2\/pages\/14915\/revisions"}],"predecessor-version":[{"id":14921,"href":"https:\/\/old-ssemp.sowiak.dev\/index.php?rest_route=\/wp\/v2\/pages\/14915\/revisions\/14921"}],"wp:attachment":[{"href":"https:\/\/old-ssemp.sowiak.dev\/index.php?rest_route=%2Fwp%2Fv2%2Fmedia&parent=14915"}],"curies":[{"name":"wp","href":"https:\/\/api.w.org\/{rel}","templated":true}]}}