{"id":13985,"date":"2018-12-21T11:33:42","date_gmt":"2018-12-21T10:33:42","guid":{"rendered":"http:\/\/ssemp.pl\/?page_id=13985"},"modified":"2022-11-15T12:40:39","modified_gmt":"2022-11-15T11:40:39","slug":"gmina-kowary","status":"publish","type":"page","link":"https:\/\/old-ssemp.sowiak.dev\/?page_id=13985","title":{"rendered":"gmina Kowary"},"content":{"rendered":"<p>[vc_row][vc_column][vc_empty_space height=&#8221;60px&#8221;][vc_text_separator title=&#8221;gmina Kowary&#8221;][vc_empty_space height=&#8221;30px&#8221;][\/vc_column][\/vc_row][vc_row][vc_column][vc_column_text]<\/p>\n<p>&nbsp;<\/p>\n<p>[\/vc_column_text][\/vc_column][\/vc_row][vc_row][vc_column width=&#8221;1\/2&#8243;][vc_column_text]<img loading=\"lazy\" decoding=\"async\" class=\"alignnone wp-image-10775 size-full\" src=\"https:\/\/old-ssemp.sowiak.dev\/wordpress\/wp-content\/uploads\/2016\/05\/kowary2.png\" width=\"2333\" height=\"3012\" \/><\/p>\n<p>[\/vc_column_text][\/vc_column][vc_column width=&#8221;1\/2&#8243;][vc_column_text]\n<table id=\"tablepress-20\" class=\"tablepress tablepress-id-20\">\n<thead>\n<tr class=\"row-1 odd\">\n\t<th class=\"column-1\">Kowary<\/th><th class=\"column-2\">&nbsp;<\/th>\n<\/tr>\n<\/thead>\n<tbody class=\"row-hover\">\n<tr class=\"row-2 even\">\n\t<td class=\"column-1\">Miasto \/ Gmina<\/td><td class=\"column-2\">Kowary<\/td>\n<\/tr>\n<tr class=\"row-3 odd\">\n\t<td class=\"column-1\">Powiat<\/td><td class=\"column-2\">Jeleniog\u00f3rski <\/td>\n<\/tr>\n<tr class=\"row-4 even\">\n\t<td class=\"column-1\">Wojew\u00f3dztwo<\/td><td class=\"column-2\">Dolno\u015bl\u0105skie<\/td>\n<\/tr>\n<tr class=\"row-5 odd\">\n\t<td class=\"column-1\">Obecne u\u017cytkowanie<\/td><td class=\"column-2\">teren nieu\u017cytkowany (w\u0142a\u015bciciel: osoba fizyczna)<\/td>\n<\/tr>\n<tr class=\"row-6 even\">\n\t<td class=\"column-1\">Maksymalna dost\u0119pna powierzchnia(w jednym kawa\u0142ku) [ha]<br \/>\n<\/td><td class=\"column-2\">dzia\u0142ka nr 627\/3 obr. 0001 Kowary o powierzchni 2,0061 ha<\/td>\n<\/tr>\n<tr class=\"row-7 odd\">\n\t<td class=\"column-1\">Przeznaczenie w miejscowym planie zagospodarowania przestrzennego<\/td><td class=\"column-2\">teren przemys\u0142u, baz i sk\u0142ad\u00f3w z uzupe\u0142nieniem o us\u0142ugi <\/td>\n<\/tr>\n<tr class=\"row-8 even\">\n\t<td class=\"column-1\">Autostrada \/ droga krajowa [km]<\/td><td class=\"column-2\">autostrada A4 \u2013 82 km Kostom\u0142oty<\/td>\n<\/tr>\n<tr class=\"row-9 odd\">\n\t<td class=\"column-1\">Kolej [km]<\/td><td class=\"column-2\">Jelenia G\u00f3ra \u2013 16 km <\/td>\n<\/tr>\n<tr class=\"row-10 even\">\n\t<td class=\"column-1\">Porty rzeczne i morskie do 200 km<\/td><td class=\"column-2\">Wroc\u0142aw \u2013 118 km<\/td>\n<\/tr>\n<tr class=\"row-11 odd\">\n\t<td class=\"column-1\">Najbli\u017csze lotnisko mi\u0119dzynarodowe [km]<\/td><td class=\"column-2\">Wroc\u0142aw \u2013 118 km<\/td>\n<\/tr>\n<tr class=\"row-12 even\">\n\t<td class=\"column-1\">Najbli\u017csze miasto wojew\u00f3dzkie [km]<\/td><td class=\"column-2\">Wroc\u0142aw \u2013 118 km<\/td>\n<\/tr>\n<tr class=\"row-13 odd\">\n\t<td class=\"column-1\">Budynki i zabudowania na terenie (T\/N)<\/td><td class=\"column-2\">N<\/td>\n<\/tr>\n<\/tbody>\n<\/table>\n<!-- #tablepress-20 from cache --><\/p>\n<p>[\/vc_column_text][\/vc_column][\/vc_row][vc_row][vc_column width=&#8221;1\/3&#8243;][vc_column_text]<img decoding=\"async\" class=\"aligncenter\" src=\"https:\/\/old-ssemp.sowiak.dev\/wordpress\/wp-content\/uploads\/2016\/05\/panorama.jpg\" alt=\"zobacz-mape\" \/><\/p>\n<p>[\/vc_column_text][\/vc_column][vc_column width=&#8221;1\/3&#8243;][vc_column_text]<a href=\"http:\/\/mapa.ssemp.pl\/#zoom=18&amp;lat=6585010.96579&amp;lon=1761285.64132&amp;layers=B000FFFFF\" target=\"_blank\"><img decoding=\"async\" class=\"aligncenter\" src=\"https:\/\/old-ssemp.sowiak.dev\/wordpress\/wp-content\/uploads\/2016\/05\/mapa.jpg\" alt=\"pliki-do-pobrania\" \/> <\/a><\/p>\n<p>[\/vc_column_text][\/vc_column][vc_column width=&#8221;1\/3&#8243;][vc_column_text]<a href=\"https:\/\/old-ssemp.sowiak.dev\/?page_id=10096\"><img decoding=\"async\" class=\"aligncenter\" src=\"https:\/\/old-ssemp.sowiak.dev\/wordpress\/wp-content\/uploads\/2016\/05\/pliki.jpg\" alt=\"pliki-do-pobrania\" \/><\/a><\/p>\n<p>[\/vc_column_text][\/vc_column][\/vc_row]<\/p>\n","protected":false},"excerpt":{"rendered":"<p>[vc_row][vc_column][vc_empty_space height=&#8221;60px&#8221;][vc_text_separator title=&#8221;gmina Kowary&#8221;][vc_empty_space height=&#8221;30px&#8221;][\/vc_column][\/vc_row][vc_row][vc_column][vc_column_text] &nbsp; [\/vc_column_text][\/vc_column][\/vc_row][vc_row][vc_column width=&#8221;1\/2&#8243;][vc_column_text] [\/vc_column_text][\/vc_column][vc_column width=&#8221;1\/2&#8243;][vc_column_text] [\/vc_column_text][\/vc_column][\/vc_row][vc_row][vc_column width=&#8221;1\/3&#8243;][vc_column_text] [\/vc_column_text][\/vc_column][vc_column width=&#8221;1\/3&#8243;][vc_column_text] [\/vc_column_text][\/vc_column][vc_column width=&#8221;1\/3&#8243;][vc_column_text] [\/vc_column_text][\/vc_column][\/vc_row]<\/p>\n","protected":false},"author":1,"featured_media":0,"parent":0,"menu_order":0,"comment_status":"closed","ping_status":"closed","template":"page-templates\/front-page.php","meta":{"footnotes":""},"class_list":["post-13985","page","type-page","status-publish","hentry"],"_links":{"self":[{"href":"https:\/\/old-ssemp.sowiak.dev\/index.php?rest_route=\/wp\/v2\/pages\/13985","targetHints":{"allow":["GET"]}}],"collection":[{"href":"https:\/\/old-ssemp.sowiak.dev\/index.php?rest_route=\/wp\/v2\/pages"}],"about":[{"href":"https:\/\/old-ssemp.sowiak.dev\/index.php?rest_route=\/wp\/v2\/types\/page"}],"author":[{"embeddable":true,"href":"https:\/\/old-ssemp.sowiak.dev\/index.php?rest_route=\/wp\/v2\/users\/1"}],"replies":[{"embeddable":true,"href":"https:\/\/old-ssemp.sowiak.dev\/index.php?rest_route=%2Fwp%2Fv2%2Fcomments&post=13985"}],"version-history":[{"count":4,"href":"https:\/\/old-ssemp.sowiak.dev\/index.php?rest_route=\/wp\/v2\/pages\/13985\/revisions"}],"predecessor-version":[{"id":17783,"href":"https:\/\/old-ssemp.sowiak.dev\/index.php?rest_route=\/wp\/v2\/pages\/13985\/revisions\/17783"}],"wp:attachment":[{"href":"https:\/\/old-ssemp.sowiak.dev\/index.php?rest_route=%2Fwp%2Fv2%2Fmedia&parent=13985"}],"curies":[{"name":"wp","href":"https:\/\/api.w.org\/{rel}","templated":true}]}}