{"id":13030,"date":"2018-12-13T13:14:49","date_gmt":"2018-12-13T12:14:49","guid":{"rendered":"http:\/\/ssemp.pl\/?page_id=13030"},"modified":"2018-12-13T13:14:49","modified_gmt":"2018-12-13T12:14:49","slug":"zmigrod","status":"publish","type":"page","link":"https:\/\/old-ssemp.sowiak.dev\/?page_id=13030","title":{"rendered":"\u017bmigr\u00f3d"},"content":{"rendered":"<p>[vc_row][vc_column width=&#8221;1\/4&#8243;][\/vc_column][vc_column width=&#8221;1\/2&#8243;][vc_empty_space height=&#8221;40px&#8221;][vc_text_separator title=&#8221;Zapraszamy Pa\u0144stwa do Gminy \u017bmigr\u00f3d&#8221; border_width=&#8221;6&#8243;][vc_column_text]<span style=\"font-family: Times New Roman, serif;\"><span style=\"font-size: medium;\">\u017bmigr\u00f3d to miasto po\u0142o\u017cone w\u00a0pasie Nizin \u015arodkowo-Polskich, w\u00a0makroregionie Obni\u017cenia Milicko \u2013 G\u0142ogowskiego, w\u00a0centrum Kotliny \u017bmigrodzkiej, na lewym brzegu rzeki Barycz. Wed\u0142ug aktualnego podzia\u0142u administracyjnego (wprowadzonego w\u00a01999 r.) znajduje si\u0119 w\u00a0p\u00f3\u0142nocnych kra\u0144cach wojew\u00f3dztwa dolno\u015bl\u0105skiego, w\u00a0powiecie trzebnickim. Gmina \u017bmigr\u00f3d od p\u00f3\u0142nocy graniczy z\u00a0gmin\u0105 Rawicz, od po\u0142udnia z\u00a0gmin\u0105 Prusice, od wschodu z\u00a0gmin\u0105 Milicz, od po\u0142udniowego zachodu z\u00a0gmin\u0105 Wo\u0142\u00f3w, natomiast od zachodu z\u00a0gmin\u0105 Wi\u0144sko.<br \/>\nMiasto jest g\u0142\u00f3wnym o\u015brodkiem gminy, kt\u00f3rej powierzchnia wynosi 292 km2, a\u00a0liczba mieszka\u0144c\u00f3w \u2013 14 913 os\u00f3b (stan na 31.12.2017 r.), z\u00a0czego w\u00a0samym mie\u015bcie mieszka 6\u00a0561 os\u00f3b, a\u00a08 352 os\u00f3b w\u00a0pozosta\u0142ych 30 miejscowo\u015bciach.<br \/>\nP\u00f3\u0142nocn\u0105 i\u00a0wschodni\u0105 cz\u0119\u015b\u0107 gminy porastaj\u0105 kompleksy le\u015bne, kt\u00f3re zajmuj\u0105 oko\u0142o 29 % jej powierzchni. Obok las\u00f3w g\u0142\u00f3wnym bogactwem tych teren\u00f3w s\u0105 stawy hodowlane o\u00a0\u0142\u0105cznej powierzchni 1.427 ha &#8211; co daje 4,5 % powierzchni gminy. Hodowane s\u0105 w\u00a0nich rozmaite ryby, ale podstaw\u0119 produkcji stanowi\u0105 karpie przeznaczone zar\u00f3wno na rodzimy rynek, jak i\u00a0na eksport. Dodatkow\u0105 atrakcj\u0105 przeznaczon\u0105 dla w\u0119dkarzy s\u0105 r\u00f3wnie\u017c \u0142owiska komercyjne.<br \/>\nTutejsze lasy bogate s\u0105 w\u00a0zwierzyn\u0119 \u0142own\u0105 m.in.: dziki, jelenie i\u00a0sarny, a\u00a0tak\u017ce w\u00a0grzyby i\u00a0jagody. Miejscowe \u0142owiska ciesz\u0105 si\u0119 niema\u0142ym zainteresowaniem i\u00a0s\u0105 cenione przez my\u015bliwych z\u00a0kraju i\u00a0zagranicy. Z\u00a0kolei stawy s\u0105 jednym z\u00a0najbardziej warto\u015bciowych teren\u00f3w pod wzgl\u0119dem ornitologicznym w\u00a0Europie &#8211; znajduj\u0105 si\u0119 tu miejsca l\u0119gowe dzikich g\u0119si i\u00a0kaczek oraz czapli, \u017curawi i\u00a0wielu innych gatunk\u00f3w ptak\u00f3w. Mo\u017cna spotka\u0107 tu te\u017c b\u0119d\u0105cego pod ochron\u0105 or\u0142a bielika czy bociana czarnego. Dlatego te\u017c w\u00a01996 roku utworzono Park Krajobrazowy Doliny Baryczy (najwi\u0119kszy w\u00a0Polsce) obejmuj\u0105cy 55 % powierzchni gminy wraz z\u00a0miastem. Imponuj\u0105ce walory krajobrazowo-przyrodnicze stanowi\u0105 du\u017c\u0105 atrakcj\u0119 dla wszystkich turyst\u00f3w, zar\u00f3wno w\u0119dkarzy, rowerzyst\u00f3w i\u00a0zmotoryzowanych, jak i\u00a0amator\u00f3w pieszych wycieczek. Gmina \u017bmigr\u00f3d jest wi\u0119c obszarem z\u00a0bogatym zasobem zar\u00f3wno fauny jak i\u00a0flory, w\u00a0tym wielu rzadkich gatunk\u00f3w, przy czym nale\u017cy wspomnie\u0107 te\u017c o\u00a0unikalnych formach krajobrazowych.<br \/>\nKluczowe znaczenie dla miasta i\u00a0gminy ma po\u0142o\u017cenie przy drodze ekspresowej S5 oraz drodze krajowej numer 5, stanowi\u0105cej mi\u0119dzynarodowy trakt biegn\u0105cy z\u00a0Gda\u0144ska do Pragi i\u00a0dalej na po\u0142udnie Europy. Niema\u0142\u0105 rol\u0119 odgrywa te\u017c wiod\u0105ca przez \u017bmigr\u00f3d linia kolejowa (Wroc\u0142aw-Pozna\u0144) i\u00a0doskona\u0142e po\u0142\u0105czenie telekomunikacyjne (linia \u015bwiat\u0142owodowa).<br \/>\nPodstaw\u0105 gospodarki gminy jest przede wszystkim szeroko poj\u0119te rolnictwo, uprawa i\u00a0hodowla oraz le\u015bnictwo. Mniejsze i\u00a0wi\u0119ksze gospodarstwa wsp\u00f3\u0142pracuj\u0105 m.in. z\u00a0Bankiem Sp\u00f3\u0142dzielczym (mieszcz\u0105cy si\u0119 w\u00a0\u017bmigrodzie obejmuje swym zasi\u0119giem 2 powiaty) i\u00a0prywatnymi przedsi\u0119biorstwami obs\u0142uguj\u0105cymi sektor rolniczy. Ponadto w\u00a0gminie, a\u00a0w\u00a0szczeg\u00f3lno\u015bci w\u00a0samym mie\u015bcie, rozwin\u0119\u0142a si\u0119 szeroka sie\u0107 us\u0142ug wielobran\u017cowych &#8211; poprzez sklepy, hurtownie i\u00a0firmy o\u00a0r\u00f3\u017cnym profilu. Od bran\u017cy spo\u017cywczej, po mechanik\u0119 pojazdow\u0105, us\u0142ugi transportowe, budownictwo og\u00f3lne &#8211; ka\u017cda niemal ga\u0142\u0105\u017a dzia\u0142alno\u015bci gospodarczej ma tutaj swojego \u201eprzedstawiciela\u201d. Og\u00f3\u0142em swoj\u0105 siedzib\u0119 ma tu ponad 800 podmiot\u00f3w gospodarczych.<br \/>\nOkolice \u017bmigrodu upatrzyli sobie r\u00f3wnie\u017c naukowcy z\u00a0Centrum Naukowo-Technicznego Kolejnictwa, zarz\u0105dzaj\u0105cy jednym z\u00a0nielicznych w\u00a0Europie torem do\u015bwiadczalnym, gdzie prowadz\u0105 prace badawcze zwi\u0105zane z\u00a0innowacjami w\u00a0dziedzinie komunikacji kolejowej na \u015bwiatow\u0105 skal\u0119 oraz pracownicy Instytutu Badawczego Dr\u00f3g i\u00a0Most\u00f3w, kt\u00f3ry prowadzi prace badawcze i\u00a0rozwojowe zwi\u0105zane z\u00a0innowacjami w\u00a0dziedzinie komunikacji.<br \/>\nOd drugiej po\u0142owy lat 90. ubieg\u0142ego stulecia nast\u0119puje poprawa infrastruktury. Miastu zacz\u0119\u0142y przybywa\u0107 nowe \u0142adne budynki, wybudowano r\u00f3wnie\u017c m.in. gimnazjum z\u00a0nowoczesn\u0105 hal\u0105 sportow\u0105, O\u015brodek Sportu i Rekreacji oraz basen Aquagr\u00f3d. Na terenie gminy znajduje si\u0119 kopalnia gazu ziemnego. Poza tym miasto posiada oczyszczalni\u0119 \u015bciek\u00f3w, zak\u0142ad segregacji odpad\u00f3w oraz w\u0142asne uj\u0119cie wodne ze\u00a0studni g\u0142\u0119binowych. Natomiast ca\u0142a gmina jest zwodoci\u0105gowania w\u00a0100 %.<br \/>\nNiema\u0142ym atutem miasta jest tak\u017ce jego bogata historia i\u00a0zabytki. Szczeg\u00f3lnie wa\u017cnymi obiektami miasta s\u0105: zesp\u00f3\u0142 pa\u0142acowo-parkowy (z odrestaurowanymi w\u00a02008 roku ruinami zamku i\u00a0baszt\u0105), dwa ko\u015bcio\u0142y, wie\u017ca ci\u015bnie\u0144, poza tym sam uk\u0142ad zabudowy centrum miasta \u015bwiadczy o\u00a0jego \u015bredniowiecznym rodowodzie.<br \/>\n\u017bmigr\u00f3d, tak jak wiele innych miejscowo\u015bci ma za granic\u0105 swoje partnerskie miasto, kt\u00f3rym jest Bargteheide \u2013 znajduj\u0105ce si\u0119 pod Hamburgiem 13-tysi\u0119czne miasteczko, z\u00a0kt\u00f3rym we wrze\u015bniu 2001 roku zosta\u0142a podpisana umowa o\u00a0wsp\u00f3\u0142pracy, maj\u0105cej na celu wzbogacenie \u017cycia kulturalnego, towarzyskiego, sportowego i\u00a0gospodarczego obu gmin. <\/span><\/span><\/p>\n<p><span style=\"font-family: Times New Roman, serif;\"><span style=\"font-size: medium;\">W gminie \u017bmigr\u00f3d jest zapewniona edukacja na ka\u017cdym szczeblu do poziomu szko\u0142y \u015bredniej. Zainteresowania kulturalne mo\u017cna rozwija\u0107 w\u00a0miejscowym domu kultury, kt\u00f3ry posiada wszechstronn\u0105 ofert\u0119. Mi\u0142o\u015bnicy sportu maj\u0105, z\u00a0kolei do dyspozycji wiele sekcji &#8211; mog\u0105 wi\u0119c tu uprawia\u0107 rozmaite dyscypliny sportowe \u2013 w\u015br\u00f3d kt\u00f3rych prym wiedzie pi\u0142ka no\u017cna z\u00a0MKS Piast \u017bmigr\u00f3d.<\/span><\/span><\/p>\n<p><span style=\"font-family: Times New Roman, serif;\"><span style=\"font-size: medium;\">Gmina \u017bmigr\u00f3d oferuje ponad 140 km szlak\u00f3w rowerowych po terenach wiejskich, lasach, polach, wzg\u00f3rzach, pomi\u0119dzy stawami. Dynamicznie przybywa komfortowych i bezpiecznych dr\u00f3g rowerowych, zosta\u0142 oddany do u\u017cytku pierwszy etap drogi rowerowej licz\u0105cej docelowo ponad 26 km, po trasie dawnej w\u0105skotor\u00f3wki.<\/span><\/span><\/p>\n<p><span style=\"font-family: Times New Roman, serif;\"><span style=\"font-size: medium;\">Ciekawym aspektem miasta s\u0105 tu obecne media w\u00a0postaci prasy \u2013 miesi\u0119cznika samorz\u0105dowego \u201eWiadomo\u015bci \u017bmigrodzkie\u201d (wydawany od 1990 roku).<br \/>\nW\u0142adze lokalne ca\u0142y czas staraj\u0105 si\u0119 podnie\u015b\u0107 walory miasta i\u00a0gminy. Dowodem ich pr\u0119\u017cnych dzia\u0142a\u0144 jest chocia\u017cby zdobycie presti\u017cowej nagrody Dolno\u015bl\u0105skiego Klucza Sukcesu. Do tych sukces\u00f3w na polu samorz\u0105dowym przyczyni\u0142y si\u0119 w\u00a0niema\u0142ym stopniu inwestycje (m.in. o\u015bwiatowe) i\u00a0du\u017ce kwoty pozyskanych funduszy unijnych, w\u00a0tym m.in. na wspomniane ju\u017c ruiny zamku i\u00a0baszt\u0119, kompleksowy remont domu kultury, modernizacj\u0119 OSiR-u i\u00a0przychodni, budow\u0119 dr\u00f3g, czy te\u017c odnow\u0119 wsi. <\/span><\/span>[\/vc_column_text][\/vc_column][vc_column width=&#8221;1\/4&#8243;][\/vc_column][\/vc_row]<\/p>\n","protected":false},"excerpt":{"rendered":"<p>[vc_row][vc_column width=&#8221;1\/4&#8243;][\/vc_column][vc_column width=&#8221;1\/2&#8243;][vc_empty_space height=&#8221;40px&#8221;][vc_text_separator title=&#8221;Zapraszamy Pa\u0144stwa do Gminy \u017bmigr\u00f3d&#8221; border_width=&#8221;6&#8243;][vc_column_text]\u017bmigr\u00f3d to miasto po\u0142o\u017cone w\u00a0pasie Nizin \u015arodkowo-Polskich, w\u00a0makroregionie Obni\u017cenia Milicko \u2013 G\u0142ogowskiego, w\u00a0centrum Kotliny \u017bmigrodzkiej, na lewym brzegu rzeki Barycz. Wed\u0142ug aktualnego podzia\u0142u administracyjnego (wprowadzonego w\u00a01999 r.) znajduje si\u0119 w\u00a0p\u00f3\u0142nocnych kra\u0144cach wojew\u00f3dztwa dolno\u015bl\u0105skiego, w\u00a0powiecie trzebnickim. Gmina \u017bmigr\u00f3d od p\u00f3\u0142nocy graniczy z\u00a0gmin\u0105 Rawicz, od po\u0142udnia z\u00a0gmin\u0105 Prusice, [&hellip;]<\/p>\n","protected":false},"author":1,"featured_media":0,"parent":0,"menu_order":0,"comment_status":"closed","ping_status":"closed","template":"page-templates\/front-page.php","meta":{"footnotes":""},"class_list":["post-13030","page","type-page","status-publish","hentry"],"_links":{"self":[{"href":"https:\/\/old-ssemp.sowiak.dev\/index.php?rest_route=\/wp\/v2\/pages\/13030","targetHints":{"allow":["GET"]}}],"collection":[{"href":"https:\/\/old-ssemp.sowiak.dev\/index.php?rest_route=\/wp\/v2\/pages"}],"about":[{"href":"https:\/\/old-ssemp.sowiak.dev\/index.php?rest_route=\/wp\/v2\/types\/page"}],"author":[{"embeddable":true,"href":"https:\/\/old-ssemp.sowiak.dev\/index.php?rest_route=\/wp\/v2\/users\/1"}],"replies":[{"embeddable":true,"href":"https:\/\/old-ssemp.sowiak.dev\/index.php?rest_route=%2Fwp%2Fv2%2Fcomments&post=13030"}],"version-history":[{"count":2,"href":"https:\/\/old-ssemp.sowiak.dev\/index.php?rest_route=\/wp\/v2\/pages\/13030\/revisions"}],"predecessor-version":[{"id":13032,"href":"https:\/\/old-ssemp.sowiak.dev\/index.php?rest_route=\/wp\/v2\/pages\/13030\/revisions\/13032"}],"wp:attachment":[{"href":"https:\/\/old-ssemp.sowiak.dev\/index.php?rest_route=%2Fwp%2Fv2%2Fmedia&parent=13030"}],"curies":[{"name":"wp","href":"https:\/\/api.w.org\/{rel}","templated":true}]}}