{"id":12483,"date":"2018-08-17T04:30:21","date_gmt":"2018-08-17T02:30:21","guid":{"rendered":"http:\/\/ssemp.pl\/?page_id=12483"},"modified":"2018-08-17T04:40:46","modified_gmt":"2018-08-17T02:40:46","slug":"gryfow-slaski-2018-08-17-pl","status":"publish","type":"page","link":"https:\/\/old-ssemp.sowiak.dev\/?page_id=12483","title":{"rendered":"Gryf\u00f3w \u015al\u0105ski &#8211; 2018.08.17 [PL]"},"content":{"rendered":"<p><img loading=\"lazy\" decoding=\"async\" class=\"alignnone size-full wp-image-12484\" src=\"https:\/\/old-ssemp.sowiak.dev\/wordpress\/wp-content\/uploads\/2018\/08\/Gryf\u00f3w-17.08.2018-PL001.jpg\" alt=\"Gryf\u00f3w - 17.08.2018 PL001\" width=\"2480\" height=\"3509\" srcset=\"https:\/\/old-ssemp.sowiak.dev\/wp-content\/uploads\/2018\/08\/Gryf\u00f3w-17.08.2018-PL001.jpg 2480w, https:\/\/old-ssemp.sowiak.dev\/wp-content\/uploads\/2018\/08\/Gryf\u00f3w-17.08.2018-PL001-212x300.jpg 212w, https:\/\/old-ssemp.sowiak.dev\/wp-content\/uploads\/2018\/08\/Gryf\u00f3w-17.08.2018-PL001-768x1087.jpg 768w, https:\/\/old-ssemp.sowiak.dev\/wp-content\/uploads\/2018\/08\/Gryf\u00f3w-17.08.2018-PL001-724x1024.jpg 724w\" sizes=\"auto, (max-width: 2480px) 100vw, 2480px\" \/><img loading=\"lazy\" decoding=\"async\" class=\"alignnone size-full wp-image-12485\" src=\"https:\/\/old-ssemp.sowiak.dev\/wordpress\/wp-content\/uploads\/2018\/08\/Gryf\u00f3w-17.08.2018-PL002.jpg\" alt=\"Gryf\u00f3w - 17.08.2018 PL002\" width=\"2480\" height=\"3509\" srcset=\"https:\/\/old-ssemp.sowiak.dev\/wp-content\/uploads\/2018\/08\/Gryf\u00f3w-17.08.2018-PL002.jpg 2480w, https:\/\/old-ssemp.sowiak.dev\/wp-content\/uploads\/2018\/08\/Gryf\u00f3w-17.08.2018-PL002-212x300.jpg 212w, https:\/\/old-ssemp.sowiak.dev\/wp-content\/uploads\/2018\/08\/Gryf\u00f3w-17.08.2018-PL002-768x1087.jpg 768w, https:\/\/old-ssemp.sowiak.dev\/wp-content\/uploads\/2018\/08\/Gryf\u00f3w-17.08.2018-PL002-724x1024.jpg 724w\" sizes=\"auto, (max-width: 2480px) 100vw, 2480px\" \/><\/p>\n","protected":false},"excerpt":{"rendered":"","protected":false},"author":1,"featured_media":0,"parent":0,"menu_order":0,"comment_status":"closed","ping_status":"closed","template":"","meta":{"footnotes":""},"class_list":["post-12483","page","type-page","status-publish","hentry"],"_links":{"self":[{"href":"https:\/\/old-ssemp.sowiak.dev\/index.php?rest_route=\/wp\/v2\/pages\/12483","targetHints":{"allow":["GET"]}}],"collection":[{"href":"https:\/\/old-ssemp.sowiak.dev\/index.php?rest_route=\/wp\/v2\/pages"}],"about":[{"href":"https:\/\/old-ssemp.sowiak.dev\/index.php?rest_route=\/wp\/v2\/types\/page"}],"author":[{"embeddable":true,"href":"https:\/\/old-ssemp.sowiak.dev\/index.php?rest_route=\/wp\/v2\/users\/1"}],"replies":[{"embeddable":true,"href":"https:\/\/old-ssemp.sowiak.dev\/index.php?rest_route=%2Fwp%2Fv2%2Fcomments&post=12483"}],"version-history":[{"count":1,"href":"https:\/\/old-ssemp.sowiak.dev\/index.php?rest_route=\/wp\/v2\/pages\/12483\/revisions"}],"predecessor-version":[{"id":12486,"href":"https:\/\/old-ssemp.sowiak.dev\/index.php?rest_route=\/wp\/v2\/pages\/12483\/revisions\/12486"}],"wp:attachment":[{"href":"https:\/\/old-ssemp.sowiak.dev\/index.php?rest_route=%2Fwp%2Fv2%2Fmedia&parent=12483"}],"curies":[{"name":"wp","href":"https:\/\/api.w.org\/{rel}","templated":true}]}}