{"id":12275,"date":"2018-05-21T14:10:09","date_gmt":"2018-05-21T12:10:09","guid":{"rendered":"http:\/\/ssemp.pl\/?page_id=12275"},"modified":"2018-05-21T14:10:10","modified_gmt":"2018-05-21T12:10:10","slug":"informacja-o-uniewaznieniu-postepowania-dotyczaca-postepowania-o-udzielenie-zamowienia-przeprowadzonego-w-trybie-zapytania-ofertowego-o-cene-montazu-progow-zwalniajacych-na-terenie-podstrefy-luban","status":"publish","type":"page","link":"https:\/\/old-ssemp.sowiak.dev\/?page_id=12275","title":{"rendered":"INFORMACJA O UNIEWA\u017bNIENIU POST\u0118POWANIA dotycz\u0105ca post\u0119powania o udzielenie zam\u00f3wienia przeprowadzonego w trybie zapytania ofertowego o cen\u0119 monta\u017cu prog\u00f3w zwalniaj\u0105cych na terenie Podstrefy Luba\u0144"},"content":{"rendered":"<p><img loading=\"lazy\" decoding=\"async\" class=\"alignnone size-full wp-image-12276\" src=\"https:\/\/old-ssemp.sowiak.dev\/wordpress\/wp-content\/uploads\/2018\/05\/uniewa\u017cnienie-21.05.jpg\" alt=\"uniewa\u017cnienie 21.05\" width=\"2480\" height=\"3509\" srcset=\"https:\/\/old-ssemp.sowiak.dev\/wp-content\/uploads\/2018\/05\/uniewa\u017cnienie-21.05.jpg 2480w, https:\/\/old-ssemp.sowiak.dev\/wp-content\/uploads\/2018\/05\/uniewa\u017cnienie-21.05-212x300.jpg 212w, https:\/\/old-ssemp.sowiak.dev\/wp-content\/uploads\/2018\/05\/uniewa\u017cnienie-21.05-768x1087.jpg 768w, https:\/\/old-ssemp.sowiak.dev\/wp-content\/uploads\/2018\/05\/uniewa\u017cnienie-21.05-724x1024.jpg 724w\" sizes=\"auto, (max-width: 2480px) 100vw, 2480px\" \/><\/p>\n","protected":false},"excerpt":{"rendered":"","protected":false},"author":1,"featured_media":0,"parent":0,"menu_order":0,"comment_status":"closed","ping_status":"closed","template":"","meta":{"footnotes":""},"class_list":["post-12275","page","type-page","status-publish","hentry"],"_links":{"self":[{"href":"https:\/\/old-ssemp.sowiak.dev\/index.php?rest_route=\/wp\/v2\/pages\/12275","targetHints":{"allow":["GET"]}}],"collection":[{"href":"https:\/\/old-ssemp.sowiak.dev\/index.php?rest_route=\/wp\/v2\/pages"}],"about":[{"href":"https:\/\/old-ssemp.sowiak.dev\/index.php?rest_route=\/wp\/v2\/types\/page"}],"author":[{"embeddable":true,"href":"https:\/\/old-ssemp.sowiak.dev\/index.php?rest_route=\/wp\/v2\/users\/1"}],"replies":[{"embeddable":true,"href":"https:\/\/old-ssemp.sowiak.dev\/index.php?rest_route=%2Fwp%2Fv2%2Fcomments&post=12275"}],"version-history":[{"count":1,"href":"https:\/\/old-ssemp.sowiak.dev\/index.php?rest_route=\/wp\/v2\/pages\/12275\/revisions"}],"predecessor-version":[{"id":12277,"href":"https:\/\/old-ssemp.sowiak.dev\/index.php?rest_route=\/wp\/v2\/pages\/12275\/revisions\/12277"}],"wp:attachment":[{"href":"https:\/\/old-ssemp.sowiak.dev\/index.php?rest_route=%2Fwp%2Fv2%2Fmedia&parent=12275"}],"curies":[{"name":"wp","href":"https:\/\/api.w.org\/{rel}","templated":true}]}}