{"id":11738,"date":"2017-11-27T15:26:28","date_gmt":"2017-11-27T14:26:28","guid":{"rendered":"http:\/\/ssemp.pl\/?page_id=11738"},"modified":"2017-11-27T15:26:28","modified_gmt":"2017-11-27T14:26:28","slug":"informacja-o-zakonczeniu-rokowan-luban-27-11-2017","status":"publish","type":"page","link":"https:\/\/old-ssemp.sowiak.dev\/?page_id=11738","title":{"rendered":"Informacja o zako\u0144czeniu rokowa\u0144 &#8211; Luba\u0144 27.11.2017"},"content":{"rendered":"<p><img loading=\"lazy\" decoding=\"async\" class=\"alignnone size-full wp-image-11737\" src=\"https:\/\/old-ssemp.sowiak.dev\/wordpress\/wp-content\/uploads\/2017\/11\/finisz-rokowa\u0144.jpg\" alt=\"finisz rokowa\u0144\" width=\"2480\" height=\"3509\" srcset=\"https:\/\/old-ssemp.sowiak.dev\/wp-content\/uploads\/2017\/11\/finisz-rokowa\u0144.jpg 2480w, https:\/\/old-ssemp.sowiak.dev\/wp-content\/uploads\/2017\/11\/finisz-rokowa\u0144-212x300.jpg 212w, https:\/\/old-ssemp.sowiak.dev\/wp-content\/uploads\/2017\/11\/finisz-rokowa\u0144-768x1087.jpg 768w, https:\/\/old-ssemp.sowiak.dev\/wp-content\/uploads\/2017\/11\/finisz-rokowa\u0144-724x1024.jpg 724w\" sizes=\"auto, (max-width: 2480px) 100vw, 2480px\" \/><\/p>\n","protected":false},"excerpt":{"rendered":"","protected":false},"author":1,"featured_media":0,"parent":0,"menu_order":0,"comment_status":"closed","ping_status":"closed","template":"","meta":{"footnotes":""},"class_list":["post-11738","page","type-page","status-publish","hentry"],"_links":{"self":[{"href":"https:\/\/old-ssemp.sowiak.dev\/index.php?rest_route=\/wp\/v2\/pages\/11738","targetHints":{"allow":["GET"]}}],"collection":[{"href":"https:\/\/old-ssemp.sowiak.dev\/index.php?rest_route=\/wp\/v2\/pages"}],"about":[{"href":"https:\/\/old-ssemp.sowiak.dev\/index.php?rest_route=\/wp\/v2\/types\/page"}],"author":[{"embeddable":true,"href":"https:\/\/old-ssemp.sowiak.dev\/index.php?rest_route=\/wp\/v2\/users\/1"}],"replies":[{"embeddable":true,"href":"https:\/\/old-ssemp.sowiak.dev\/index.php?rest_route=%2Fwp%2Fv2%2Fcomments&post=11738"}],"version-history":[{"count":1,"href":"https:\/\/old-ssemp.sowiak.dev\/index.php?rest_route=\/wp\/v2\/pages\/11738\/revisions"}],"predecessor-version":[{"id":11739,"href":"https:\/\/old-ssemp.sowiak.dev\/index.php?rest_route=\/wp\/v2\/pages\/11738\/revisions\/11739"}],"wp:attachment":[{"href":"https:\/\/old-ssemp.sowiak.dev\/index.php?rest_route=%2Fwp%2Fv2%2Fmedia&parent=11738"}],"curies":[{"name":"wp","href":"https:\/\/api.w.org\/{rel}","templated":true}]}}