{"id":11671,"date":"2017-10-30T15:28:24","date_gmt":"2017-10-30T14:28:24","guid":{"rendered":"http:\/\/ssemp.pl\/?page_id=11671"},"modified":"2017-10-30T15:28:24","modified_gmt":"2017-10-30T14:28:24","slug":"informacja-o-wynikach-badania-i-oceny-ofert-przebudowa-pomieszczen-przeznaczonych-na-biura-agencji-restrukturyzacji-i-modernizacji-rolnictwa","status":"publish","type":"page","link":"https:\/\/old-ssemp.sowiak.dev\/?page_id=11671","title":{"rendered":"INFORMACJA O WYNIKACH BADANIA I OCENY OFERT &#8211; \u201ePrzebudowa pomieszcze\u0144 przeznaczonych na biura Agencji Restrukturyzacji i Modernizacji Rolnictwa\u201d"},"content":{"rendered":"<p>Kamienna G\u00f3ra, dnia 30 pa\u017adziernika 2017 roku<\/p>\n<p>INFORMACJA O WYNIKACH BADANIA I OCENY OFERT<\/p>\n<p>dotycz\u0105ca post\u0119powania o udzielenie zam\u00f3wienia na wykonanie zadania pn.<\/p>\n<p><strong>\u201e<\/strong><strong>Przebudowa pomieszcze\u0144 przeznaczonych na biura Agencji\u00a0Restrukturyzacji\u00a0i\u00a0Modernizacji Rolnictwa<\/strong><strong>\u201d<\/strong><\/p>\n<p>Post\u0119powanie przeprowadzone w trybie przetargu nieograniczonego, bez stosowania ustawy z dnia 29 stycznia 2004 r. \u2013 Prawo zam\u00f3wie\u0144 publicznych (tj. Dz. U. z 2013 r. poz. 907 z p\u00f3\u017an. zm.).<\/p>\n<p>Specjalna Strefa Ekonomiczna Ma\u0142ej Przedsi\u0119biorczo\u015bci S.A. z siedzib\u0105 przy\u00a0ul.\u00a0Papie\u017ca\u00a0Jana\u00a0Paw\u0142a\u00a0II 11 A w Kamiennej G\u00f3rze informuje, \u017ce jedyna oferta, jaka wp\u0142yn\u0119\u0142a, zosta\u0142a z\u0142o\u017cona przez:<\/p>\n<p><strong>Firm\u0119 Us\u0142ugi Og\u00f3lnobudowlane Robert Osojca<\/strong><\/p>\n<p>Czadr\u00f3w 176, 58-400 Kamienna G\u00f3ra<\/p>\n<p>i zosta\u0142a wybrana do dalszych negocjacji.<\/p>\n<p>Wykonawca nie podlega\u0142 wykluczeniu z post\u0119powania, oferta nie podlega\u0142a odrzuceniu i jest korzystna z punktu widzenia kryteri\u00f3w wyboru oferty, okre\u015blonych w Specyfikacji Istotnych Warunk\u00f3w Zam\u00f3wienia, zatwierdzonej dnia 20 pa\u017adziernika 2017 roku.<\/p>\n<p>Jednocze\u015bnie informujemy, \u017ce w niniejszym post\u0119powaniu przetargowym z\u0142o\u017cono jedn\u0105 ofert\u0119.<\/p>\n<p>Oferta otrzyma\u0142a nast\u0119puj\u0105c\u0105 liczb\u0119 punkt\u00f3w w kryterium oceny ofert:<\/p>\n<table>\n<tbody>\n<tr>\n<td width=\"52\">Nr oferty<\/td>\n<td width=\"203\">Nazwa (firma) adres Wykonawcy<\/td>\n<td width=\"97\">Liczba pkt w kryterium \u201ecena\u201d<\/td>\n<td width=\"97\">Liczba pkt w kryterium \u201etermin wykonania\u201d<\/td>\n<td width=\"97\">Liczba pkt w kryterium \u201eokres gwarancji\u201d<\/td>\n<td width=\"97\">Liczba pkt<br \/>\nw kryterium cena<\/td>\n<\/tr>\n<tr>\n<td width=\"52\">1<\/td>\n<td width=\"203\">Us\u0142ugi Og\u00f3lnobudowlane<\/p>\n<p>Robert Osojca<\/p>\n<p>Czadr\u00f3w 176<\/p>\n<p>58-400 Kamienna G\u00f3ra<\/td>\n<td width=\"97\">80 pkt.<\/td>\n<td width=\"97\">10 pkt.<\/td>\n<td width=\"97\">0 pkt.<\/td>\n<td width=\"97\">90 pkt.<\/td>\n<\/tr>\n<\/tbody>\n<\/table>\n<p>W zwi\u0105zku z tym, \u017ce cena oferty najkorzystniejszej przewy\u017csza kwot\u0119, kt\u00f3r\u0105 SSEMP S.A. zamierza przeznaczy\u0107 na sfinansowanie zam\u00f3wienia przetarg uznaje si\u0119 za nierozstrzygni\u0119ty.<\/p>\n<p>Ponadto na podstawie \u00a7 10 pkt 9 \u201eZasad wyboru Wykonawc\u00f3w rob\u00f3t i us\u0142ug, dostawc\u00f3w wyrob\u00f3w oraz trybu zawierania um\u00f3w na rzecz SSEMP S.A.\u201d oferta zosta\u0142a wybrana do\u00a0dalszych negocjacji.<\/p>\n<p>Zarz\u0105d SSEMP S.A.<\/p>\n","protected":false},"excerpt":{"rendered":"<p>Kamienna G\u00f3ra, dnia 30 pa\u017adziernika 2017 roku INFORMACJA O WYNIKACH BADANIA I OCENY OFERT dotycz\u0105ca post\u0119powania o udzielenie zam\u00f3wienia na wykonanie zadania pn. \u201ePrzebudowa pomieszcze\u0144 przeznaczonych na biura Agencji\u00a0Restrukturyzacji\u00a0i\u00a0Modernizacji Rolnictwa\u201d Post\u0119powanie przeprowadzone w trybie przetargu nieograniczonego, bez stosowania ustawy z dnia 29 stycznia 2004 r. \u2013 Prawo zam\u00f3wie\u0144 publicznych (tj. Dz. U. z 2013 r. [&hellip;]<\/p>\n","protected":false},"author":1,"featured_media":0,"parent":0,"menu_order":0,"comment_status":"closed","ping_status":"closed","template":"","meta":{"footnotes":""},"class_list":["post-11671","page","type-page","status-publish","hentry"],"_links":{"self":[{"href":"https:\/\/old-ssemp.sowiak.dev\/index.php?rest_route=\/wp\/v2\/pages\/11671","targetHints":{"allow":["GET"]}}],"collection":[{"href":"https:\/\/old-ssemp.sowiak.dev\/index.php?rest_route=\/wp\/v2\/pages"}],"about":[{"href":"https:\/\/old-ssemp.sowiak.dev\/index.php?rest_route=\/wp\/v2\/types\/page"}],"author":[{"embeddable":true,"href":"https:\/\/old-ssemp.sowiak.dev\/index.php?rest_route=\/wp\/v2\/users\/1"}],"replies":[{"embeddable":true,"href":"https:\/\/old-ssemp.sowiak.dev\/index.php?rest_route=%2Fwp%2Fv2%2Fcomments&post=11671"}],"version-history":[{"count":1,"href":"https:\/\/old-ssemp.sowiak.dev\/index.php?rest_route=\/wp\/v2\/pages\/11671\/revisions"}],"predecessor-version":[{"id":11672,"href":"https:\/\/old-ssemp.sowiak.dev\/index.php?rest_route=\/wp\/v2\/pages\/11671\/revisions\/11672"}],"wp:attachment":[{"href":"https:\/\/old-ssemp.sowiak.dev\/index.php?rest_route=%2Fwp%2Fv2%2Fmedia&parent=11671"}],"curies":[{"name":"wp","href":"https:\/\/api.w.org\/{rel}","templated":true}]}}