{"id":11535,"date":"2017-08-09T12:02:03","date_gmt":"2017-08-09T10:02:03","guid":{"rendered":"http:\/\/ssemp.pl\/?page_id=11535"},"modified":"2017-08-09T12:02:03","modified_gmt":"2017-08-09T10:02:03","slug":"zapytanie-ofertowe-o-cene-nadzor-inwestorski-nad-realizacja-zadania-pn-budowa-drogi-na-terenie-podstrefy-nowogrodziec-w-wykrotach-etap-i","status":"publish","type":"page","link":"https:\/\/old-ssemp.sowiak.dev\/?page_id=11535","title":{"rendered":"Zapytanie ofertowe o cen\u0119 &#8211; nadz\u00f3r inwestorski nad realizacj\u0105 zadania pn. &#8222;Budowa drogi na terenie Podstrefy Nowogrodziec w Wykrotach &#8211; etap I.&#8221;"},"content":{"rendered":"<p><img loading=\"lazy\" decoding=\"async\" class=\"alignnone size-full wp-image-11536\" src=\"https:\/\/old-ssemp.sowiak.dev\/wordpress\/wp-content\/uploads\/2017\/08\/0001-1.jpg\" alt=\"0001\" width=\"2480\" height=\"3509\" srcset=\"https:\/\/old-ssemp.sowiak.dev\/wp-content\/uploads\/2017\/08\/0001-1.jpg 2480w, https:\/\/old-ssemp.sowiak.dev\/wp-content\/uploads\/2017\/08\/0001-1-212x300.jpg 212w, https:\/\/old-ssemp.sowiak.dev\/wp-content\/uploads\/2017\/08\/0001-1-768x1087.jpg 768w, https:\/\/old-ssemp.sowiak.dev\/wp-content\/uploads\/2017\/08\/0001-1-724x1024.jpg 724w\" sizes=\"auto, (max-width: 2480px) 100vw, 2480px\" \/><img loading=\"lazy\" decoding=\"async\" class=\"alignnone size-full wp-image-11537\" src=\"https:\/\/old-ssemp.sowiak.dev\/wordpress\/wp-content\/uploads\/2017\/08\/0002-1.jpg\" alt=\"0002\" width=\"2480\" height=\"3509\" srcset=\"https:\/\/old-ssemp.sowiak.dev\/wp-content\/uploads\/2017\/08\/0002-1.jpg 2480w, https:\/\/old-ssemp.sowiak.dev\/wp-content\/uploads\/2017\/08\/0002-1-212x300.jpg 212w, https:\/\/old-ssemp.sowiak.dev\/wp-content\/uploads\/2017\/08\/0002-1-768x1087.jpg 768w, https:\/\/old-ssemp.sowiak.dev\/wp-content\/uploads\/2017\/08\/0002-1-724x1024.jpg 724w\" sizes=\"auto, (max-width: 2480px) 100vw, 2480px\" \/><img loading=\"lazy\" decoding=\"async\" class=\"alignnone size-full wp-image-11538\" src=\"https:\/\/old-ssemp.sowiak.dev\/wordpress\/wp-content\/uploads\/2017\/08\/0003-1.jpg\" alt=\"0003\" width=\"2480\" height=\"3509\" srcset=\"https:\/\/old-ssemp.sowiak.dev\/wp-content\/uploads\/2017\/08\/0003-1.jpg 2480w, https:\/\/old-ssemp.sowiak.dev\/wp-content\/uploads\/2017\/08\/0003-1-212x300.jpg 212w, https:\/\/old-ssemp.sowiak.dev\/wp-content\/uploads\/2017\/08\/0003-1-768x1087.jpg 768w, https:\/\/old-ssemp.sowiak.dev\/wp-content\/uploads\/2017\/08\/0003-1-724x1024.jpg 724w\" sizes=\"auto, (max-width: 2480px) 100vw, 2480px\" \/><img loading=\"lazy\" decoding=\"async\" class=\"alignnone size-full wp-image-11539\" src=\"https:\/\/old-ssemp.sowiak.dev\/wordpress\/wp-content\/uploads\/2017\/08\/0004-1.jpg\" alt=\"0004\" width=\"2480\" height=\"3509\" srcset=\"https:\/\/old-ssemp.sowiak.dev\/wp-content\/uploads\/2017\/08\/0004-1.jpg 2480w, https:\/\/old-ssemp.sowiak.dev\/wp-content\/uploads\/2017\/08\/0004-1-212x300.jpg 212w, https:\/\/old-ssemp.sowiak.dev\/wp-content\/uploads\/2017\/08\/0004-1-768x1087.jpg 768w, https:\/\/old-ssemp.sowiak.dev\/wp-content\/uploads\/2017\/08\/0004-1-724x1024.jpg 724w\" sizes=\"auto, (max-width: 2480px) 100vw, 2480px\" \/><img loading=\"lazy\" decoding=\"async\" class=\"alignnone size-full wp-image-11540\" src=\"https:\/\/old-ssemp.sowiak.dev\/wordpress\/wp-content\/uploads\/2017\/08\/0005.jpg\" alt=\"0005\" width=\"2480\" height=\"3509\" srcset=\"https:\/\/old-ssemp.sowiak.dev\/wp-content\/uploads\/2017\/08\/0005.jpg 2480w, https:\/\/old-ssemp.sowiak.dev\/wp-content\/uploads\/2017\/08\/0005-212x300.jpg 212w, https:\/\/old-ssemp.sowiak.dev\/wp-content\/uploads\/2017\/08\/0005-768x1087.jpg 768w, https:\/\/old-ssemp.sowiak.dev\/wp-content\/uploads\/2017\/08\/0005-724x1024.jpg 724w\" sizes=\"auto, (max-width: 2480px) 100vw, 2480px\" \/><\/p>\n<h2><em>Za\u0142\u0105czniki:<\/em><\/h2>\n<h3><a href=\"https:\/\/old-ssemp.sowiak.dev\/wordpress\/wp-content\/uploads\/2016\/05\/Formularz-oferty-1.pdf\" target=\"_blank\">Formularz oferty<\/a><\/h3>\n<h3><a href=\"https:\/\/old-ssemp.sowiak.dev\/wordpress\/wp-content\/uploads\/2016\/05\/Wykaz-os\u00f3b-1.pdf\" target=\"_blank\">Wykaz os\u00f3b<\/a><\/h3>\n","protected":false},"excerpt":{"rendered":"<p>Za\u0142\u0105czniki: Formularz oferty Wykaz os\u00f3b<\/p>\n","protected":false},"author":1,"featured_media":0,"parent":0,"menu_order":0,"comment_status":"closed","ping_status":"closed","template":"","meta":{"footnotes":""},"class_list":["post-11535","page","type-page","status-publish","hentry"],"_links":{"self":[{"href":"https:\/\/old-ssemp.sowiak.dev\/index.php?rest_route=\/wp\/v2\/pages\/11535","targetHints":{"allow":["GET"]}}],"collection":[{"href":"https:\/\/old-ssemp.sowiak.dev\/index.php?rest_route=\/wp\/v2\/pages"}],"about":[{"href":"https:\/\/old-ssemp.sowiak.dev\/index.php?rest_route=\/wp\/v2\/types\/page"}],"author":[{"embeddable":true,"href":"https:\/\/old-ssemp.sowiak.dev\/index.php?rest_route=\/wp\/v2\/users\/1"}],"replies":[{"embeddable":true,"href":"https:\/\/old-ssemp.sowiak.dev\/index.php?rest_route=%2Fwp%2Fv2%2Fcomments&post=11535"}],"version-history":[{"count":1,"href":"https:\/\/old-ssemp.sowiak.dev\/index.php?rest_route=\/wp\/v2\/pages\/11535\/revisions"}],"predecessor-version":[{"id":11543,"href":"https:\/\/old-ssemp.sowiak.dev\/index.php?rest_route=\/wp\/v2\/pages\/11535\/revisions\/11543"}],"wp:attachment":[{"href":"https:\/\/old-ssemp.sowiak.dev\/index.php?rest_route=%2Fwp%2Fv2%2Fmedia&parent=11535"}],"curies":[{"name":"wp","href":"https:\/\/api.w.org\/{rel}","templated":true}]}}