{"id":11139,"date":"2017-03-14T14:15:49","date_gmt":"2017-03-14T13:15:49","guid":{"rendered":"http:\/\/ssemp.pl\/?page_id=11139"},"modified":"2017-03-14T14:18:20","modified_gmt":"2017-03-14T13:18:20","slug":"informacja-o-zakonczeniu-przetargu-brak-ofert-14-03-2017r","status":"publish","type":"page","link":"https:\/\/old-ssemp.sowiak.dev\/?page_id=11139","title":{"rendered":"Informacja o zako\u0144czeniu przetargu- brak ofert 14.03.2017r."},"content":{"rendered":"<p style=\"text-align: center;\"><strong>INFORMACJA O ZAKO\u0143CZENIU PRZETARGU<\/strong><br \/>\n<strong>WYNIKIEM NEGATYWNYM<\/strong><\/p>\n<p style=\"text-align: center;\">z dnia 14 marca 2017 roku<br \/>\n(dotyczy zaproszenia do przetargu \u0142\u0105cznego og\u0142oszonego dnia 10 stycznia 2017 r.)<\/p>\n<p style=\"text-align: justify;\">Zgodnie z \u00a7 8 pkt. 1 Rozporz\u0105dzenia Ministra Gospodarki i Pracy z dnia 15 listopada 2004 r. w sprawie przetarg\u00f3w i rokowa\u0144 oraz kryteri\u00f3w oceny zamierze\u0144 co do przedsi\u0119wzi\u0119\u0107 gospodarczych, kt\u00f3re maj\u0105 by\u0107 podj\u0119te przez przedsi\u0119biorc\u00f3w na terenie Kamiennog\u00f3rskiej Specjalnej Strefy Ekonomicznej Ma\u0142ej Przedsi\u0119biorczo\u015bci (Dz.U. z 2015r., poz. 1730)<\/p>\n<p style=\"text-align: center;\">Zarz\u0105dzaj\u0105cy Kamiennog\u00f3rsk\u0105 Specjaln\u0105 Stref\u0105 Ekonomiczn\u0105 Ma\u0142ej Przedsi\u0119biorczo\u015bci<br \/>\ninformuje,<\/p>\n<p style=\"text-align: justify;\">\u017ce przetarg \u0142\u0105czny maj\u0105cy na celu wy\u0142onienie przedsi\u0119biorcy, kt\u00f3ry uzyska zezwolenie na prowadzenie dzia\u0142alno\u015bci gospodarczej na terenie Kamiennog\u00f3rskiej Specjalnej Strefy Ekonomicznej Ma\u0142ej Przedsi\u0119biorczo\u015bci uprawniaj\u0105ce do korzystania z pomocy publicznej (\u201eZezwolenie\u201d) oraz nab\u0119dzie prawo w\u0142asno\u015bci nieruchomo\u015bci niezabudowanej, dzia\u0142ki \u2013 stanowi\u0105cej w\u0142asno\u015b\u0107 Gminy Miejskiej Zgorzelec, po\u0142o\u017conej w miejscowo\u015bci Zgorzelec, przy ulicy Sulikowskiej, oznaczonej geodezyjnie jako dzia\u0142ka nr 4\/7 o powierzchni 0,7376 ha, obr\u0119b XII, AM-7 dla kt\u00f3rej S\u0105d Rejonowy w Zgorzelcu prowadzi ksi\u0119g\u0119 wieczyst\u0105 Nr JG1Z\/00015507\/3, w Podstrefie Zgorzelec Kamiennog\u00f3rskiej Specjalnej Strefy Ekonomicznej<\/p>\n<p style=\"text-align: center;\"><strong>zako\u0144czy\u0142 si\u0119 wynikiem negatywnym z powodu braku ofert<\/strong><\/p>\n<p style=\"text-align: center;\">Danuta Lewandowska<br \/>\nPrzewodnicz\u0105ca Komisji Przetargowej<\/p>\n<p style=\"text-align: left;\">\n<p style=\"text-align: left;\"><span style=\"text-decoration: underline;\"><em>Tre\u015b\u0107 oryginalnej wiadomo\u015bci:<\/em><\/span><\/p>\n<p style=\"text-align: left;\"><a href=\"https:\/\/old-ssemp.sowiak.dev\/wordpress\/wp-content\/uploads\/2017\/03\/Informacja-o-zako\u0144czeniu-przetargu-brak-ofert-14.03.2017r-PDF.pdf\">Informacja o zako\u0144czeniu przetargu- brak ofert 14.03.2017r PDF<\/a><\/p>\n","protected":false},"excerpt":{"rendered":"<p>INFORMACJA O ZAKO\u0143CZENIU PRZETARGU WYNIKIEM NEGATYWNYM z dnia 14 marca 2017 roku (dotyczy zaproszenia do przetargu \u0142\u0105cznego og\u0142oszonego dnia 10 stycznia 2017 r.) Zgodnie z \u00a7 8 pkt. 1 Rozporz\u0105dzenia Ministra Gospodarki i Pracy z dnia 15 listopada 2004 r. w sprawie przetarg\u00f3w i rokowa\u0144 oraz kryteri\u00f3w oceny zamierze\u0144 co do przedsi\u0119wzi\u0119\u0107 gospodarczych, kt\u00f3re maj\u0105 [&hellip;]<\/p>\n","protected":false},"author":1,"featured_media":0,"parent":0,"menu_order":0,"comment_status":"closed","ping_status":"closed","template":"","meta":{"footnotes":""},"class_list":["post-11139","page","type-page","status-publish","hentry"],"_links":{"self":[{"href":"https:\/\/old-ssemp.sowiak.dev\/index.php?rest_route=\/wp\/v2\/pages\/11139","targetHints":{"allow":["GET"]}}],"collection":[{"href":"https:\/\/old-ssemp.sowiak.dev\/index.php?rest_route=\/wp\/v2\/pages"}],"about":[{"href":"https:\/\/old-ssemp.sowiak.dev\/index.php?rest_route=\/wp\/v2\/types\/page"}],"author":[{"embeddable":true,"href":"https:\/\/old-ssemp.sowiak.dev\/index.php?rest_route=\/wp\/v2\/users\/1"}],"replies":[{"embeddable":true,"href":"https:\/\/old-ssemp.sowiak.dev\/index.php?rest_route=%2Fwp%2Fv2%2Fcomments&post=11139"}],"version-history":[{"count":3,"href":"https:\/\/old-ssemp.sowiak.dev\/index.php?rest_route=\/wp\/v2\/pages\/11139\/revisions"}],"predecessor-version":[{"id":11141,"href":"https:\/\/old-ssemp.sowiak.dev\/index.php?rest_route=\/wp\/v2\/pages\/11139\/revisions\/11141"}],"wp:attachment":[{"href":"https:\/\/old-ssemp.sowiak.dev\/index.php?rest_route=%2Fwp%2Fv2%2Fmedia&parent=11139"}],"curies":[{"name":"wp","href":"https:\/\/api.w.org\/{rel}","templated":true}]}}