{"id":10838,"date":"2016-11-09T13:56:58","date_gmt":"2016-11-09T12:56:58","guid":{"rendered":"http:\/\/ssemp.pl\/?page_id=10838"},"modified":"2016-11-09T13:56:58","modified_gmt":"2016-11-09T12:56:58","slug":"nowogrodziec-2","status":"publish","type":"page","link":"https:\/\/old-ssemp.sowiak.dev\/?page_id=10838","title":{"rendered":"Nowogrodziec"},"content":{"rendered":"<p>[vc_row][vc_column width=&#8221;1\/4&#8243;][\/vc_column][vc_column width=&#8221;1\/2&#8243;][vc_empty_space height=&#8221;40px&#8221;][vc_text_separator title=&#8221;Zapraszamy Pa\u0144stwa do Nowogrod\u017aca&#8221; border_width=&#8221;6&#8243;][vc_column_text]Nie jest tajemnic\u0105, \u017ce w znacznej cz\u0119\u015bci naszego kraju panuje nowa moda na przenoszenie si\u0119 z miast do mniejszych miejscowo\u015bci lub nawet na \u0142ono natury. Jednym z popularnych miejsc na Dolnym \u015al\u0105sku jest Nowogrodziec. Sk\u0105d wzi\u0119\u0142a si\u0119 ta moda? Przecie\u017c nie tak dawno m\u0142odzi ludzie ch\u0119tnie pozostawiali swoje domy rodzinne w ma\u0142ych miasteczkach i przenosili si\u0119 w poszukiwaniu pracy do Wroc\u0142awia lub Warszawy. Teraz ten trend powoli zanika i wiele os\u00f3b wybiera spokojne miasteczka, wsie. Dlaczego w\u0142a\u015bnie Nowogrodziec?<\/p>\n<p>Ju\u017c dzisiaj rozmiar portfela powoli przestaje by\u0107 wyznacznikiem szcz\u0119\u015bcia. Ludzie zaczynaj\u0105 mierzy\u0107 sukces i szcz\u0119\u015bcie w innych kategoriach: jakim powietrzem oddycha moje dziecko, czy od\u017cywia si\u0119 z sieci fast &#8211; food\u00f3w czy te\u017c z produkt\u00f3w gospodarstw wiejskich, czy mamy mo\u017cliwo\u015b\u0107 przeja\u017cd\u017cek rowerowych i wsp\u00f3lnych spacer\u00f3w z rodzin\u0105 w pobliskim lesie&#8230;<\/p>\n<p>Wielkomiejski zgie\u0142k nie grozi gminie Nowogrodziec, st\u0105d ch\u0119\u0107 odetchni\u0119cia tutaj w s\u0105siedztwie lasu, staw\u00f3w. Gmina Nowogrodziec \u2013 zr\u00f3wnowa\u017cona gmina, rozwija si\u0119 harmonijnie, jest spokojna, bezpieczna i zadbana. Wystarczy przejecha\u0107 si\u0119 przez niekt\u00f3re miejscowo\u015bci gminy: drogi, chodniki, kanalizacja, wyremontowane \u015bwietlice wiejskie, remizy, renowacje szk\u00f3\u0142, kamienic, nowoczesne boiska, place zabaw \u2013 to robi wra\u017cenie!<\/p>\n<p>Miasto Nowogrodziec jest kameralne, bardzo przyjazne. Zadbany Rynek, r\u00f3wnie\u017c peryferia. Do tego \u2013 to wymarzone czyste powietrze, pi\u0119kna przyroda, przyjazna atmosfera dla przyjezdnych, wzgl\u0119dnie nie wysokie ceny nieruchomo\u015bci.<\/p>\n<p>Gmina Nowogrodziec \u2013 dla poszukuj\u0105cych dobrych warunk\u00f3w \u017cycia a jednocze\u015bnie spokojnego rytmu, dla kreatywnych i otwartych, dla ceni\u0105cych odwieczne warto\u015bci rodzinne, harmoni\u0119 z przyrod\u0105, dla szanuj\u0105cych prac\u0119 i porz\u0105dek, ekologi\u0119, ziemi\u0119 i ludzi na niej pracuj\u0105cych![\/vc_column_text][vc_gallery interval=&#8221;3&#8243; images=&#8221;10840,10841,10842,10843,10844,10845,10846,10847,10848,10849,10850,10851&#8243; img_size=&#8221;large&#8221;][\/vc_column][vc_column width=&#8221;1\/4&#8243;][\/vc_column][\/vc_row]<\/p>\n","protected":false},"excerpt":{"rendered":"<p>[vc_row][vc_column width=&#8221;1\/4&#8243;][\/vc_column][vc_column width=&#8221;1\/2&#8243;][vc_empty_space height=&#8221;40px&#8221;][vc_text_separator title=&#8221;Zapraszamy Pa\u0144stwa do Nowogrod\u017aca&#8221; border_width=&#8221;6&#8243;][vc_column_text]Nie jest tajemnic\u0105, \u017ce w znacznej cz\u0119\u015bci naszego kraju panuje nowa moda na przenoszenie si\u0119 z miast do mniejszych miejscowo\u015bci lub nawet na \u0142ono natury. Jednym z popularnych miejsc na Dolnym \u015al\u0105sku jest Nowogrodziec. Sk\u0105d wzi\u0119\u0142a si\u0119 ta moda? Przecie\u017c nie tak dawno m\u0142odzi ludzie ch\u0119tnie pozostawiali [&hellip;]<\/p>\n","protected":false},"author":1,"featured_media":0,"parent":0,"menu_order":0,"comment_status":"closed","ping_status":"closed","template":"page-templates\/front-page.php","meta":{"footnotes":""},"class_list":["post-10838","page","type-page","status-publish","hentry"],"_links":{"self":[{"href":"https:\/\/old-ssemp.sowiak.dev\/index.php?rest_route=\/wp\/v2\/pages\/10838","targetHints":{"allow":["GET"]}}],"collection":[{"href":"https:\/\/old-ssemp.sowiak.dev\/index.php?rest_route=\/wp\/v2\/pages"}],"about":[{"href":"https:\/\/old-ssemp.sowiak.dev\/index.php?rest_route=\/wp\/v2\/types\/page"}],"author":[{"embeddable":true,"href":"https:\/\/old-ssemp.sowiak.dev\/index.php?rest_route=\/wp\/v2\/users\/1"}],"replies":[{"embeddable":true,"href":"https:\/\/old-ssemp.sowiak.dev\/index.php?rest_route=%2Fwp%2Fv2%2Fcomments&post=10838"}],"version-history":[{"count":3,"href":"https:\/\/old-ssemp.sowiak.dev\/index.php?rest_route=\/wp\/v2\/pages\/10838\/revisions"}],"predecessor-version":[{"id":12962,"href":"https:\/\/old-ssemp.sowiak.dev\/index.php?rest_route=\/wp\/v2\/pages\/10838\/revisions\/12962"}],"wp:attachment":[{"href":"https:\/\/old-ssemp.sowiak.dev\/index.php?rest_route=%2Fwp%2Fv2%2Fmedia&parent=10838"}],"curies":[{"name":"wp","href":"https:\/\/api.w.org\/{rel}","templated":true}]}}