{"id":10563,"date":"2016-07-31T16:19:27","date_gmt":"2016-07-31T14:19:27","guid":{"rendered":"http:\/\/ssemp.pl\/?page_id=10563"},"modified":"2016-08-01T11:48:34","modified_gmt":"2016-08-01T09:48:34","slug":"zgorzelec","status":"publish","type":"page","link":"https:\/\/old-ssemp.sowiak.dev\/?page_id=10563","title":{"rendered":"Zgorzelec"},"content":{"rendered":"<p>[vc_row][vc_column width=&#8221;1\/4&#8243;][\/vc_column][vc_column width=&#8221;1\/2&#8243;][vc_empty_space height=&#8221;40px&#8221;][vc_text_separator title=&#8221;Zapraszamy Pa\u0144stwa do Zgorzelca&#8221; border_width=&#8221;6&#8243;][vc_column_text]<strong>Zgorzelec<\/strong> jest miastem powiatowym po\u0142o\u017conym w wojew\u00f3dztwie dolno\u015bl\u0105skim, na obszarze Obni\u017cenia \u017bytawsko- Zgorzeleckiego. Usytuowany jest na prawym brzegu rzeki Nysy \u0141u\u017cyckiej i graniczy z Niemcami. Od po\u0142udnia miasto otacza zachodni skraj Sudet\u00f3w &#8211; G\u00f3ry i Pog\u00f3rze Izerskie, a od p\u00f3\u0142nocy Puszcza Zgorzelecka. Przez miasto przebiega 15 po\u0142udnik ziemski, dzi\u0119ki czemu w Zgorzelcu s\u0142o\u0144ce zachodzi najp\u00f3\u017aniej w Polsce. \u015arednia temperatura powietrza wynosi 8\u00baC, natomiast p\u00f3\u0142rocza ciep\u0142ego kwiecie\u0144- wrzesie\u0144 przekracza 14\u00baC.<\/p>\n<p>Zamieszkuje go ok. 33 tys. mieszka\u0144c\u00f3w i zajmuje powierzchni\u0119 16 km\u00b2, z czego 39,5 % to u\u017cytki rolne, a 3,3 %- lasy. Jest tu 58 ha teren\u00f3w rekreacyjnych, w tym m.in. 6 park\u00f3w miejskich, skwery a tak\u017ce 15 pomnik\u00f3w przyrody. Zgorzelec wraz z okolicznymi powiatami Polski, Czech i Niemiec nale\u017cy do Euroregionu \u201eNysa\u201d.<\/p>\n<p style=\"text-align: justify;\">Miasto Zgorzelec to wa\u017cny w\u0119ze\u0142 komunikacyjny. Decyduj\u0105 o tym 3 przej\u015bcia graniczne \u0142\u0105cz\u0105ce miasto z s\u0105siaduj\u0105cym G\u00f6rlitz: drogowe o ruchu osobowym (Most im. Jana Paw\u0142a II), drogowe (Most Staromiejski) o ruchu pieszym i rowerowym bez silnika (otwarte od pa\u017adziernika 2004 r.), kolejowe o ruchu osobowym i towarowym, a tak\u017ce przej\u015bcie drogowe o ruchu osobowym i towarowym \u0142\u0105cz\u0105ce przyleg\u0142e do miasta Zgorzelec z Ludwigsdorfem.<\/p>\n<p>Przez miasto przebiega mi\u0119dzynarodowa trasa E-40 (A-4), kt\u00f3ra poprzez Bautzen umo\u017cliwia po\u0142\u0105czenie z sieci\u0105 autostrad niemieckich: przez Drezno i Hof z po\u0142udniow\u0105 cz\u0119\u015bci\u0105 Niemiec, a poprzez Cottbus &#8211; z Berlinem i p\u00f3\u0142noc\u0105 Niemiec. W Polsce A-4 biegnie do Wroc\u0142awia, dalej do Katowic, Krakowa i do Medyki. Poza E-40 Zgorzelec znajduje si\u0119 przy drodze nr 356 prowadz\u0105cej do Jeleniej G\u00f3ry oraz przy trasie nr 352, kt\u00f3ra poprzez oddalone 12 km od miasta przej\u015bcie graniczne Zawid\u00f3w- Habartice prowadzi do Pragi. Miasto dzi\u0119ki przej\u015bciu granicznemu posiada tak\u017ce kolejowe po\u0142\u0105czenia z sieci\u0105 kolejow\u0105 Niemiec.<\/p>\n<p>[\/vc_column_text][vc_gallery interval=&#8221;3&#8243; images=&#8221;10565,10566,10567,10568,10569,10570,10571,10572,10573&#8243; img_size=&#8221;large&#8221;][\/vc_column][vc_column width=&#8221;1\/4&#8243;][\/vc_column][\/vc_row]<\/p>\n","protected":false},"excerpt":{"rendered":"<p>[vc_row][vc_column width=&#8221;1\/4&#8243;][\/vc_column][vc_column width=&#8221;1\/2&#8243;][vc_empty_space height=&#8221;40px&#8221;][vc_text_separator title=&#8221;Zapraszamy Pa\u0144stwa do Zgorzelca&#8221; border_width=&#8221;6&#8243;][vc_column_text]Zgorzelec jest miastem powiatowym po\u0142o\u017conym w wojew\u00f3dztwie dolno\u015bl\u0105skim, na obszarze Obni\u017cenia \u017bytawsko- Zgorzeleckiego. Usytuowany jest na prawym brzegu rzeki Nysy \u0141u\u017cyckiej i graniczy z Niemcami. Od po\u0142udnia miasto otacza zachodni skraj Sudet\u00f3w &#8211; G\u00f3ry i Pog\u00f3rze Izerskie, a od p\u00f3\u0142nocy Puszcza Zgorzelecka. Przez miasto przebiega 15 po\u0142udnik [&hellip;]<\/p>\n","protected":false},"author":1,"featured_media":0,"parent":0,"menu_order":0,"comment_status":"closed","ping_status":"closed","template":"page-templates\/front-page.php","meta":{"footnotes":""},"class_list":["post-10563","page","type-page","status-publish","hentry"],"_links":{"self":[{"href":"https:\/\/old-ssemp.sowiak.dev\/index.php?rest_route=\/wp\/v2\/pages\/10563","targetHints":{"allow":["GET"]}}],"collection":[{"href":"https:\/\/old-ssemp.sowiak.dev\/index.php?rest_route=\/wp\/v2\/pages"}],"about":[{"href":"https:\/\/old-ssemp.sowiak.dev\/index.php?rest_route=\/wp\/v2\/types\/page"}],"author":[{"embeddable":true,"href":"https:\/\/old-ssemp.sowiak.dev\/index.php?rest_route=\/wp\/v2\/users\/1"}],"replies":[{"embeddable":true,"href":"https:\/\/old-ssemp.sowiak.dev\/index.php?rest_route=%2Fwp%2Fv2%2Fcomments&post=10563"}],"version-history":[{"count":4,"href":"https:\/\/old-ssemp.sowiak.dev\/index.php?rest_route=\/wp\/v2\/pages\/10563\/revisions"}],"predecessor-version":[{"id":10703,"href":"https:\/\/old-ssemp.sowiak.dev\/index.php?rest_route=\/wp\/v2\/pages\/10563\/revisions\/10703"}],"wp:attachment":[{"href":"https:\/\/old-ssemp.sowiak.dev\/index.php?rest_route=%2Fwp%2Fv2%2Fmedia&parent=10563"}],"curies":[{"name":"wp","href":"https:\/\/api.w.org\/{rel}","templated":true}]}}