{"id":10258,"date":"2016-07-22T15:19:51","date_gmt":"2016-07-22T13:19:51","guid":{"rendered":"http:\/\/ssemp.pl\/?page_id=10258"},"modified":"2016-07-22T15:19:51","modified_gmt":"2016-07-22T13:19:51","slug":"zapytanie-ofertowe-21-01-2015-21-01-2015","status":"publish","type":"page","link":"https:\/\/old-ssemp.sowiak.dev\/?page_id=10258","title":{"rendered":"Zapytanie ofertowe 21.01.2015 &#8211; 21-01-2015"},"content":{"rendered":"<p>Kamienna G\u00f3ra 21.01.2015 r.<\/p>\n<p><strong>ZAPYTANIE OFERTOWE O CEN\u0118<\/strong><br \/>\nSpecjalna Strefa Ekonomiczna Ma\u0142ej Przedsi\u0119biorczo\u015bci S.A.<br \/>\nz siedzib\u0105 ul. Papie\u017c Jana Paw\u0142a II 11A,<br \/>\n58-400 Kamienna G\u00f3ra<br \/>\nNIP: 614-14-72-974, REGON 230820274<br \/>\nStrona :\u00a0<a href=\"https:\/\/old-ssemp.sowiak.dev\/\">www.ssemp.pl<\/a>\u00a0tel. 75\/ 645 20 30, fax 75\/ 645 20 33<br \/>\nzwraca si\u0119 z zapytaniem ofertowym o cen\u0119 wykonania prac<\/p>\n<p>\u201e Modernizacja trzech pomieszcze\u0144 biurowych budynku Kamiennog\u00f3rskiej SSEMP<br \/>\nprzy ulicy Papie\u017ca Jana Paw\u0142a II 11 A w Kamiennej G\u00f3rze.\u201d<\/p>\n<ol>\n<li>Przedmiotem zam\u00f3wienia jest kompleksowe wykonanie prac polegaj\u0105cych na modernizacji trzech pomieszcze\u0144 biurowych o \u0142\u0105cznej powierzchni 56,40 m2 budynku administracyjnego Kamiennog\u00f3rskiej SSEMP, zlokalizowanych na II pi\u0119trze przy ulicy Papie\u017ca Jana Paw\u0142a II 11A w Kamiennej G\u00f3rze.<\/li>\n<li>Szczeg\u00f3\u0142owy zakres rzeczowy prac obejmuje:\n<ul>\n<li>ods\u0142oni\u0119cie istniej\u0105cego przej\u015bcia mi\u0119dzy pokojami, zas\u0142oni\u0119tego p\u0142yt\u0105 kartonowo &#8211; gipsow\u0105 wraz z obr\u00f3bk\u0105 oraz demonta\u017cem o\u015bcie\u017cnicy i drzwi,<\/li>\n<li>usuni\u0119cie w jednym pomieszczeniu tapety wraz z uzupe\u0142nieniem ubytk\u00f3w na \u015bcianach,<\/li>\n<li>wybicie nowego przej\u015bcia umo\u017cliwiaj\u0105cego po\u0142\u0105czenie dw\u00f3ch pomieszcze\u0144 wraz z obr\u00f3bk\u0105,<\/li>\n<li>wykonanie g\u0142adzi na \u015bcianach i sufitach wraz z gruntowaniem ich powierzchni,<\/li>\n<li>malowanie \u015bcian i sufit\u00f3w farb\u0105 akrylow\u0105, wg kolorystyki uzgodnionej z Zamawiaj\u0105cym,<\/li>\n<li>po\u0142o\u017cenie paneli pod\u0142ogowych wraz z podk\u0142adem pod\u0142ogowym\/pianka lub folia\/ w jednym pomieszczeniu wraz z monta\u017cem listw przypod\u0142ogowych,<\/li>\n<li>monta\u017c listw pod\u0142ogowych drzwiowych 4 sztuki,<\/li>\n<li>wymiana i monta\u017c osprz\u0119tu elektrycznego \/w\u0142\u0105cznik\u00f3w, opraw o\u015bwietleniowych w pomieszczeniach,<\/li>\n<li>usuwanie na na bie\u017c\u0105co wszelkich odpad\u00f3w i zanieczyszcze\u0144 powsta\u0142ych w toku realizacji prac.<\/li>\n<\/ul>\n<\/li>\n<li>Zakres zam\u00f3wienia musi zawiera\u0107 wszelkie elementy, kt\u00f3re w spos\u00f3b oczywisty s\u0105 potrzebne do tego, aby przedmiot zam\u00f3wienia osi\u0105gn\u0105\u0142 wymagane cele, nawet je\u017celi elementy takie nie s\u0105 wyra\u017anie wyszczeg\u00f3lnione w zapytaniu.<\/li>\n<li>Zamawiaj\u0105cy wymaga, aby wszystkie u\u017cyte i zastosowane do wykonania prac wyroby i materia\u0142y, b\u0119d\u0105ce przedmiotem zam\u00f3wienia, by\u0142y fabrycznie nowe, z produkcji bie\u017c\u0105cej , posiada\u0142y odpowiednie aprobaty techniczne i deklaracje zgodno\u015bci, stosowne oznaczenia \u015bwiadcz\u0105ce o dopuszczeniu ich do stosowania w budownictwie oraz inne dokumenty.<\/li>\n<li>Wszelkie koszty zwi\u0105zane z wykonaniem przedmiotu zam\u00f3wienia w tym: transport materia\u0142\u00f3w, materia\u0142y, koszty pracy pracownik\u00f3w, urz\u0105dze\u0144, sprz\u0119tu, transport i utylizacja odpad\u00f3w powsta\u0142ych w trakcie realizacji rob\u00f3t, ponosi Wykonawca.<\/li>\n<li>Wykonawca jest zobowi\u0105zany do :\n<ul>\n<li>konsultowania z Zamawiaj\u0105cym jakichkolwiek w\u0105tpliwo\u015bci wynik\u0142ych podczas realizacji prac,<\/li>\n<li>powiadomienia Zamawiaj\u0105cego o zastosowanych i u\u017cytych materia\u0142ach, niezb\u0119dnych do przeprowadzenia prac.<\/li>\n<\/ul>\n<\/li>\n<li>O udzielenie zam\u00f3wienia mog\u0105 ubiega\u0107 si\u0119 Wykonawcy, kt\u00f3rzy spe\u0142niaj\u0105 nast\u0119puj\u0105ce wymagania:\n<ul>\n<li>posiadaj\u0105 niezb\u0119dn\u0105 wiedz\u0119 i do\u015bwiadczenie, dysponuj\u0105 potencja\u0142em technicznym i osobami zdolnymi do wykonania przedmiotu zam\u00f3wienia,<\/li>\n<li>znajduj\u0105 si\u0119 w sytuacji ekonomicznej i finansowej zapewniaj\u0105cej wykonanie zam\u00f3wienia.<\/li>\n<\/ul>\n<\/li>\n<li>Przedmiot zam\u00f3wienia nale\u017cy wykona\u0107 zgodnie z obowi\u0105zuj\u0105cymi przepisami w szczeg\u00f3lno\u015bci z:<br \/>\nustaw\u0105 z dnia 07.07.1994 r. Prawo budowlane (t.j. Dz. U. z 2010 r. Nr 243 poz. 1623 z p\u00f3\u017an. zm.),<br \/>\nobowi\u0105zuj\u0105cymi normami i zasadami wiedzy technicznej, a tak\u017ce z uwzgl\u0119dnieniem bran\u017cowych warunk\u00f3w technicznych i uzgodnie\u0144 roboczych z Zamawiaj\u0105cym.<\/li>\n<li>Zapytania o przedmiot zam\u00f3wienia:<br \/>\nWszelkich informacji udziela Marek Bodziony, tel. 75\/ 645-20-30, kom. 660-691-561.<\/li>\n<li>Termin zwi\u0105zania ofert\u0105:<br \/>\nSk\u0142adaj\u0105cy ofert\u0119 pozostaje ni\u0105 zwi\u0105zany przez okres 30 dni. Bieg terminu zwi\u0105zania ofert\u0105 rozpoczyna si\u0119 wraz z up\u0142ywem terminu sk\u0142adania ofert.<\/li>\n<li>Termin wykonania zam\u00f3wienia:<br \/>\nWykonawca przyst\u0105pi do realizacji zam\u00f3wienia niezw\u0142ocznie po podpisaniu umowy b\u0105d\u017a zlecenia, za\u015b wykonanie zam\u00f3wienia zako\u0144czy w terminie do 28.02.2015 roku.<\/li>\n<li>Wykaz dokument\u00f3w, jakie nale\u017cy dostarczy\u0107 w celu potwierdzenia spe\u0142nienia warunk\u00f3w udzia\u0142u w post\u0119powaniu:\n<ul>\n<li>nale\u017cy wype\u0142ni\u0107 formularz oferty ( za\u0142\u0105cznik nr 1 do zapytania),<\/li>\n<li>o\u015bwiadczenie wykonawcy (za\u0142\u0105cznik nr 2 do zapytania)<\/li>\n<\/ul>\n<\/li>\n<li>Warunki p\u0142atno\u015bci:<br \/>\nStrony ustalaj\u0105, \u017ce rozliczenie za wykonanie przedmiotu zam\u00f3wienia nast\u0105pi jednorazowo po protokolarnym odbiorze wykonanych prac oraz po braku wniesienia uwag i zastrze\u017ce\u0144 ze strony Zamawiaj\u0105cego, w sprawie wykonania zakresu prac obj\u0119tych zapytaniem ofertowym.<\/li>\n<li>Realizacja p\u0142atno\u015bci:\n<ul>\n<li>\u017c\u0105dania p\u0142atno\u015bci powinny by\u0107 adresowane na Zamawiaj\u0105cego,<\/li>\n<li>zap\u0142ata wynagrodzenia b\u0119dzie dokonana przelewem, na rachunek Wykonawcy wskazany na fakturze ko\u0144cowej, w terminie 14 dni od daty z\u0142o\u017cenia faktury Vat w siedzibie Zamawiaj\u0105cego,<\/li>\n<li>za dzie\u0144 zap\u0142aty wynagrodzenia przyjmuje si\u0119 dzie\u0144 obci\u0105\u017cenia rachunku Zamawiaj\u0105cego.<br \/>\nJe\u017celi dzie\u0144 p\u0142atno\u015bci przypada w sobot\u0119 lub dzie\u0144 ustawowo wolny od pracy, za termin p\u0142atno\u015bci uwa\u017ca si\u0119 pierwszy dzie\u0144 roboczy nast\u0119puj\u0105cy po takim dniu.<\/li>\n<\/ul>\n<\/li>\n<li>Kryteria oceny ofert:<br \/>\nPrzy wyborze oferty najkorzystniejszej SSEMP S.A. b\u0119dzie kierowa\u0107 si\u0119 jedynym kryterium cena oferty brutto \u2013 100%.<br \/>\nTermin i miejsce sk\u0142adania ofert:<\/li>\n<\/ol>\n<p>Ofert\u0119 nale\u017cy z\u0142o\u017cy\u0107 do dnia<strong>\u00a028.01.2015 r.<\/strong>\u00a0\/\u015broda\/ do godziny 12:00 w sekretariacie SSEMP S.A.<br \/>\n(I pi\u0119tro), ul. Papie\u017ca Jana Paw\u0142a II 11A, 58-400 Kamienna G\u00f3ra, lub przes\u0142a\u0107 faksem na nr 75\/ 645-20-33 lub e-mailem: m.bodziony@ssemp.pl<br \/>\n<strong>Zaleca si\u0119 przed przyst\u0105pieniem do sporz\u0105dzenia oferty dokonanie wizji lokalnej miejsca realizacji przedmiotu zam\u00f3wienia wraz z dokonaniem niezb\u0119dnych obmiar\u00f3w.<\/strong><br \/>\nZaniechanie przeprowadzenia przez Wykonawc\u0119 wizji nast\u0119puje na jego ryzyko oraz jego odpowiedzialno\u015b\u0107.<\/p>\n<p>Zamawiaj\u0105cy zastrzega sobie prawo do zamkni\u0119cia post\u0119powania bez wybrania kt\u00f3rejkolwiek z ofert, bez podania przyczyny, na ka\u017cdym etapie post\u0119powania. W tym przypadku oferentom nie przys\u0142uguj\u0105 jakiekolwiek roszczenia.<\/p>\n<p>Prace b\u0119d\u0105 prowadzone w czynnym obiekcie. Wykonawca (z pomoc\u0105 Zamawiaj\u0105cego) b\u0119dzie odpowiedzialny za tak\u0105 organizacj\u0119 swoich prac, aby w jak najmniejszym stopniu by\u0142y one uci\u0105\u017cliwe dla u\u017cytkownik\u00f3w pozosta\u0142ych lokali u\u017cytkowych obiektu. Prowadzone prace nie mog\u0105 narusza\u0107 ci\u0105g\u0142o\u015bci funkcjonowania budynku.<\/p>\n","protected":false},"excerpt":{"rendered":"<p>Kamienna G\u00f3ra 21.01.2015 r. ZAPYTANIE OFERTOWE O CEN\u0118 Specjalna Strefa Ekonomiczna Ma\u0142ej Przedsi\u0119biorczo\u015bci S.A. z siedzib\u0105 ul. Papie\u017c Jana Paw\u0142a II 11A, 58-400 Kamienna G\u00f3ra NIP: 614-14-72-974, REGON 230820274 Strona :\u00a0www.ssemp.pl\u00a0tel. 75\/ 645 20 30, fax 75\/ 645 20 33 zwraca si\u0119 z zapytaniem ofertowym o cen\u0119 wykonania prac \u201e Modernizacja trzech pomieszcze\u0144 biurowych budynku [&hellip;]<\/p>\n","protected":false},"author":1,"featured_media":0,"parent":0,"menu_order":0,"comment_status":"closed","ping_status":"closed","template":"","meta":{"footnotes":""},"class_list":["post-10258","page","type-page","status-publish","hentry"],"_links":{"self":[{"href":"https:\/\/old-ssemp.sowiak.dev\/index.php?rest_route=\/wp\/v2\/pages\/10258","targetHints":{"allow":["GET"]}}],"collection":[{"href":"https:\/\/old-ssemp.sowiak.dev\/index.php?rest_route=\/wp\/v2\/pages"}],"about":[{"href":"https:\/\/old-ssemp.sowiak.dev\/index.php?rest_route=\/wp\/v2\/types\/page"}],"author":[{"embeddable":true,"href":"https:\/\/old-ssemp.sowiak.dev\/index.php?rest_route=\/wp\/v2\/users\/1"}],"replies":[{"embeddable":true,"href":"https:\/\/old-ssemp.sowiak.dev\/index.php?rest_route=%2Fwp%2Fv2%2Fcomments&post=10258"}],"version-history":[{"count":1,"href":"https:\/\/old-ssemp.sowiak.dev\/index.php?rest_route=\/wp\/v2\/pages\/10258\/revisions"}],"predecessor-version":[{"id":10268,"href":"https:\/\/old-ssemp.sowiak.dev\/index.php?rest_route=\/wp\/v2\/pages\/10258\/revisions\/10268"}],"wp:attachment":[{"href":"https:\/\/old-ssemp.sowiak.dev\/index.php?rest_route=%2Fwp%2Fv2%2Fmedia&parent=10258"}],"curies":[{"name":"wp","href":"https:\/\/api.w.org\/{rel}","templated":true}]}}