{"id":10229,"date":"2016-07-22T12:57:49","date_gmt":"2016-07-22T10:57:49","guid":{"rendered":"http:\/\/ssemp.pl\/?page_id=10229"},"modified":"2016-07-22T12:57:49","modified_gmt":"2016-07-22T10:57:49","slug":"budowa-tablicy-informacyjnej-w-gryfowie-slaskim-25-09-2013","status":"publish","type":"page","link":"https:\/\/old-ssemp.sowiak.dev\/?page_id=10229","title":{"rendered":"Budowa tablicy informacyjnej w Gryfowie \u015al\u0105skim &#8211; 25-09-2013"},"content":{"rendered":"<p>Kamienna G\u00f3ra, 25.09.2013 r.<\/p>\n<p><strong>ZAPYTANIE OFERTOWE O CEN\u0118<\/strong><\/p>\n<p>Specjalna Strefa Ekonomiczna Ma\u0142ej Przedsi\u0119biorczo\u015bci S.A.<br \/>\nz siedzib\u0105 ul. Papie\u017c Jana Paw\u0142a II 11A, 58-400 Kamienna G\u00f3ra<br \/>\nNIP: 614-14-72-974, REGON 230820274<br \/>\nStrona : www.ssemp.pl<br \/>\ntel. 75\/ 645 20 30, fax 75\/ 645 20 33<br \/>\nzwraca si\u0119 z zapytaniem ofertowym o cen\u0119 wykonania prac<br \/>\nw ramach zadania pn.<\/p>\n<p><strong>\u201eBudowa tablicy informacyjnej na terenie Kamiennog\u00f3rskiej Specjalnej Strefy Ekonomicznej Ma\u0142ej Przedsi\u0119biorczo\u015bci w Gryfowie \u015al\u0105skim\u201d<\/strong><\/p>\n<ol>\n<li>\nPrzedmiotem inwestycji jest budowa wolnostoj\u0105cej, dwustronnej tablicy informacyjnej o orientacyjnych wymiarach powierzchni 600 x 400 cm na dzia\u0142ce nr 54\/21 obr\u0119b 1, Gryf\u00f3w \u015al\u0105ski, z przewidzian\u0105 grafik\u0105 w postaci wydruku twardego solwentu, zabezpieczonego dodatkowo p\u0142ynnym laminatem na gor\u0105co. Obiekt nie b\u0119dzie posiada\u0142 o\u015bwietlenia oraz \u017cadnych innych instalacji.<br \/>\nPrzedmiot zam\u00f3wienia nale\u017cy wykona\u0107 na podstawie koncepcji uzgodnionej z Zamawiaj\u0105cym.<br \/>\n2. Szczeg\u00f3\u0142owy zakres rzeczowy rob\u00f3t jest okre\u015blony w dokumentacji projektowej, kt\u00f3ra obejmuje:<br \/>\n&#8211; projekt techniczny pn: \u201eTablica informacyjna na terenie Kamiennog\u00f3rskiej SSEMP w Gryfowie \u015al\u0105skim\u201d, wraz z niezb\u0119dnymi uzgodnieniami, opiniami i sprawdzeniami rozwi\u0105za\u0144 projektowych oraz pozwoleniem na budow\u0119 (decyzja nr 216\/2013 z 13 wrze\u015bnia 2013r),<br \/>\n&#8211; specyfikacj\u0119 techniczn\u0105 wykonania i odbioru rob\u00f3t budowlanych \/STWIORB) pn: \u201eTablica informacyjna na terenie Kamiennog\u00f3rskiej SSEMP w Gryfowie \u015al\u0105skim\u201d,<br \/>\n&#8211; przedmiar rob\u00f3t budowlanych pn: \u201e Tablica informacyjna na terenie SSEMP w Gryfowie \u015al\u0105skim\u201d.<br \/>\n3. Zamawiaj\u0105cy wymaga, aby wszystkie zaoferowane przez Wykonawc\u0119 do wykonania rob\u00f3t wyroby i materia\u0142y, b\u0119d\u0105ce przedmiotem zam\u00f3wienia, by\u0142y fabrycznie nowe, z produkcji bie\u017c\u0105cej, posiada\u0142y odpowiednie aprobaty techniczne i deklaracje zgodno\u015bci, stosowne oznaczenia \u015bwiadcz\u0105ce o dopuszczeniu ich do stosowania w budownictwie oraz inne dokumenty.<br \/>\n4. Zakres zam\u00f3wienia musi zawiera\u0107 wszelkie elementy, kt\u00f3re w spos\u00f3b oczywisty s\u0105 potrzebne do tego, aby przedmiot zam\u00f3wienia osi\u0105gn\u0105\u0142 wymagane cele, nawet je\u017celi elementy takie nie s\u0105 wyra\u017anie wyszczeg\u00f3lnione w zapytaniu.<br \/>\n5. Wszelkie koszty zwi\u0105zane z wykonaniem przedmiotu zam\u00f3wienia w tym: transport materia\u0142\u00f3w, materia\u0142y, koszty pracy pracownik\u00f3w, urz\u0105dze\u0144, sprz\u0119tu, transport i utylizacja odpad\u00f3w powsta\u0142ych w trakcie realizacji rob\u00f3t, ponosi Wykonawca.<br \/>\n6. Wykonawca jest zobowi\u0105zany do:<br \/>\na) konsultowania z Zamawiaj\u0105cym jakichkolwiek w\u0105tpliwo\u015bci, w tym wszelkich zmian, nieprzewidzianych w dokumentacji projektowej sytuacji i ewentualnych nie\u015bcis\u0142o\u015bci z jednostk\u0105 projektow\u0105, kt\u00f3ra opracowa\u0142a dokumentacj\u0119 tj. CADprojekt Robert Wieczorkowski ul. Moniuszki 10A, 59-800 Luba\u0144,<br \/>\nb) ustalenia na wasny koszt i we w\u0142asnym zakresie kierownika budowy, kt\u00f3ry posiada uprawnienia budowlane w do kierowania robotami w specjalno\u015bci konstrukcyjno \u2013 budowlanej,<br \/>\nc) powiadomienia w\u0142a\u015bciwego organu nadzoru budowlanego o terminie rozpocz\u0119cia rob\u00f3t budowlanych, wraz z za\u0142o\u017ceniem i zarejestrowaniem dziennika budowy,<br \/>\nd) powiadomienia w\u0142a\u015bciwego organu nadzoru budowlanego w terminie 21 dni przed<br \/>\nzamierzonym zako\u0144czenim budowy.<br \/>\n7. O udzielenie zam\u00f3wienia mog\u0105 ubiega\u0107 si\u0119 Wykonawcy, kt\u00f3rzy spe\u0142niaj\u0105 nast\u0119puj\u0105ce wymagania:<br \/>\n&#8211; posiadaj\u0105 uprawnienia do wykonywania dzia\u0142alno\u015bci w zakresie odpowiadaj\u0105cym przedmiotowi zam\u00f3wienia,<br \/>\n&#8211; posiadaj\u0105 niezb\u0119dn\u0105 wiedz\u0119 i do\u015bwiadczenie, dysponuj\u0105 potencja\u0142em technicznym i osobami zdolnymi do wykonania przedmiotu zam\u00f3wienia lub przedstawi\u0105 pisemne zobowi\u0105zanie innych podmiot\u00f3w do udost\u0119pnienia potencja\u0142u technicznego i os\u00f3b zdolnych do wykonania przedmiotu zam\u00f3wienia.<br \/>\n8. Przedmiot zam\u00f3wienia nale\u017cy wykona\u0107 zgodnie z obowi\u0105zuj\u0105cymi przepisami w szczeg\u00f3lno\u015bci z:<br \/>\n&#8211; ustaw\u0105 z dnia 07.07.1994 r. Prawo budowlane (tj. Dz. U. z 2010 r. Nr 243 poz. 1623 z p\u00f3\u017an. zm.)<br \/>\n&#8211; ustaw\u0105 z dnia 27.04.2001 r. Prawo ochrony \u015brodowiska (tj. Dz. U. z 2008 r. Nr 25, poz. 150 z p\u00f3\u017an. zm.)<br \/>\n&#8211; obowi\u0105zuj\u0105cymi normami i zasadami wiedzy technicznej, a tak\u017ce z uwzgl\u0119dnieniem bran\u017cowych warunk\u00f3w technicznych i uzgodnie\u0144 roboczych z Zamawiaj\u0105cym.<br \/>\n9. Termin wykonania zam\u00f3wienia:<br \/>\nWykonawca przyst\u0105pi do realizacji zam\u00f3wienia niezw\u0142ocznie po podpisaniu umowy o wykonanie prac zwi\u0105zanych z budow\u0105 tablicy informacyjnej, za\u015b wykonanie zam\u00f3wienia zako\u0144czy w terminie nia d\u0142u\u017cszym ni\u017c pi\u0119\u0107 tygodni od momentu podpisania umowy.<br \/>\n10. Zapytania o przedmiot zam\u00f3wienia: Wszelkich informacji udziela Marek Bodziony, tel. 75\/645-20-30, kom. 660-691-561; lub e-mail: m.bodziony@ssemp.pl. Adres strony internetowej, na kt\u00f3rej dost\u0119pne jest zapytanie ofertowe o cen\u0119 z dnia 25.09.2013r. www.ssemp.pl (zak\u0142adka Przetargi na roboty budowlane).<br \/>\n11. Termin zwi\u0105zania z ofert\u0105:<br \/>\nSk\u0142adaj\u0105cy ofert\u0119 zostaje ni\u0105 zwi\u0105zany przez okres 30 dni. Bieg terminu zwi\u0105zania ofert\u0105 rozpoczyna si\u0119 wraz z up\u0142ywem terminu sk\u0142adania ofert.<br \/>\n12. Spos\u00f3b przygotowania oferty:<br \/>\na) nale\u017cy wype\u0142ni\u0107 formularz oferty ( za\u0142\u0105cznik nr 1 do zapytania),<br \/>\nb) o\u015bwiadczenie wykonawcy(za\u0142\u0105cznik nr 2 do zapytania), c) do formularza oferty nale\u017cy do\u0142\u0105czy\u0107 aktualny odpis z w\u0142a\u015bciwego rejestru albo aktualne za\u015bwiadczenie o wpisie do ewidencji dzia\u0142alno\u015bci gospodarczej, je\u017celi odr\u0119bne przepisy wymagaj\u0105 wpisu do rejestru lub zg\u0142oszenia do ewidencji dzia\u0142alno\u015bci gospodarczej \u2013 wystawione\/ wygenerowane nie wcze\u015bniej ni\u017c 6 miesi\u0119cy przed up\u0142ywem sk\u0142adania ofert,<br \/>\nd) aktualne za\u015bwiadczenie w\u0142a\u015bciwego naczelnika urz\u0119du skarbowego oraz w\u0142a\u015bciwego oddzia\u0142u Zak\u0142adu Ubezpiecze\u0144 Spo\u0142ecznych lub Kasy Rolniczego Ubezpieczenia Spo\u0142ecznego potwierdzaj\u0105ce odpowiednio, \u017ce Wykonawca nie zalega z op\u0142aceniem podatk\u00f3w, op\u0142at oraz sk\u0142adek na ubezpieczenie zdrowotne i spo\u0142eczne, lub za\u015bwiadczenie \u017ce uzyska\u0142 przewidziane prawem zwolnienie, odroczenie lub roz\u0142o\u017cenie na raty zaleg\u0142ych p\u0142atno\u015bci lub wstrzymania w ca\u0142o\u015bci wykonania decyzji w\u0142a\u015bciwego organu. Powy\u017csze za\u015bwiadczenia musz\u0105 by\u0107 wystawione nie wcze\u015bniej ni\u017c 3 miesi\u0105ce przed up\u0142ywem terminu sk\u0142adania ofert,<br \/>\ne) wskazanie osoby przewidzianej do pe\u0142nienia funkcji kierownika budowy, wraz z dokumentami potwierdzaj\u0105cymi posiadane uprawnienia budowlane w wymaganej specjalno\u015bci,<br \/>\nf) kosztorys ofertowy opracowany metod\u0105 kalkulacji szczeg\u00f3\u0142owej w celach informacyjnych, kosztorys nie b\u0119dzie podlega\u0142 badaniu na etapie oceny ofert,<br \/>\ng) stawk\u0119 roboczogodziny, narzuty procentowe, kt\u00f3re zosta\u0142y przyj\u0119te do wyceny rob\u00f3t w celach informacyjnych, nie b\u0119d\u0105 podlega\u0142y badaniu na etapie oceny ofert,<br \/>\nh) zestawienie M\/S wraz z ich cenami jednostkowymi-w celach informacyjnych, zestawienie nie b\u0119dzie podlega\u0142o badaniu na etapie oceny ofert.<br \/>\n13. Warunki p\u0142atno\u015bci:<br \/>\nStrony ustalaj\u0105, \u017ce rozliczenie za wykonanie przedmiotu zam\u00f3wienia nast\u0105pi jednorazowo po protokolarnym odbiorze wykonanych prac, oraz po braku wniesienia uwag i zastrzerze\u0144 ze strony Zamawiaj\u0105cego, w sprawie wykonania prac obj\u0119tych przedmiotem zam\u00f3wienia.<br \/>\n14. Realizacja p\u0142atno\u015bci:<br \/>\na) \u017c\u0105dania p\u0142atno\u015bci powinny by\u0107 adresowane na Zamawiaj\u0105cego,<br \/>\nb) zap\u0142ata wynagrodzenia b\u0119dzie dokonana przelewem, na rachunek Wykonawcy wskazany na fakturze ko\u0144cowej, w terminie 14 dni od daty z\u0142o\u017cenia faktury VAT w siedzibie Zamawiaj\u0105cego.<br \/>\nc) za dzie\u0144 zap\u0142aty wynagrodzenia przyjmuje si\u0119 dzie\u0144 obci\u0105\u017cenia rachunku Zamawiaj\u0105cego. Je\u017celi dzie\u0144 p\u0142atno\u015bci przypada w sobot\u0119 lub dzie\u0144 ustawowo wolny od pracy, za termin p\u0142atno\u015bci uwa\u017ca si\u0119 pierwszy dzie\u0144 roboczy nast\u0119puj\u0105cy po takim dniu.<br \/>\n15. Kryteria oceny ofert:<br \/>\nPrzy wyborze oferty najkorzystniejszej SSEMP S.A. b\u0119dzie kierowa\u0107 si\u0119 jedynym kryterium najni\u017csza cena oferty brutto \u2013 100%.<br \/>\nCena za wykonanie zam\u00f3wienia jest cen\u0105 rycza\u0142tow\u0105 obejmuj\u0105c\u0105 wszystkie koszty niezb\u0119dne do ca\u0142kowitego i efektywnego wykonania zam\u00f3wienia, w tym wszelkie koszty przejazdu oraz koszty materia\u0142\u00f3w potrzebnych do realizacji zam\u00f3wienia. Cena oferty powinna zawiera\u0107 wszelkie koszty wynikaj\u0105ce wprost z dokumentacji, jak r\u00f3wnia\u017c w nich nieuj\u0119te, a niezb\u0119dne do wykonania zam\u00f3wienia.<\/li>\n<li>Ofert\u0119 nale\u017cy z\u0142o\u017cy\u0107 do dnia\u00a0<strong>04.10.2013 r.<\/strong>\/pi\u0105tek\/ do godziny 1500 w sekretariacie SSEMP S.A. (I pi\u0119tro), ul. Papie\u017ca Jana Paw\u0142a II 11A, 58-400 Kamienna G\u00f3ra, lub przes\u0142a\u0107 faksem na nr 75\/ 645 20 33, lub e-mailem:m.bodziony@ssemp.pl<\/li>\n<li>Zaleca si\u0119, aby Wykonawca dokona\u0142 wizji lokalnej miejsca, gdzie b\u0119d\u0105 prowadzone roboty budowlano-drogowe obj\u0119te przedmiotem zam\u00f3wienia i zapozna\u0142 si\u0119 w spos\u00f3b szczeg\u00f3\u0142owy ze stanem istniej\u0105cym. Powy\u017csze umo\u017cliwi zdobycie wszelkich dodatkowych informacji, kt\u00f3re mog\u0105 by\u0107 konieczne do przygotowania oferty oraz zawarcia umowy i wykonania zam\u00f3wienia. W\u0105tpliwo\u015bci wynikaj\u0105ce z wizji lokalnej, Wykonawca musi wyja\u015bni\u0107 z Zamawiaj\u0105cym przed z\u0142o\u017ceniem oferty.<strong>Zaniechanie przeprowadzenia przez Wykonawc\u0119 wizji lokalnej nast\u0119puje na jego ryzyko i odpowiedzialno\u015b\u0107.<\/strong><\/li>\n<\/ol>\n<p><strong><br \/>\nZamawiaj\u0105cy zastrzega sobie prawo do zamkni\u0119cia post\u0119powania bez wybrania kt\u00f3rejkolwiek z ofert , bez podania przyczyny, na ka\u017cdym etapie post\u0119powania. W tym przypadku oferentom nie przys\u0142uguj\u0105 jakiekolwiek roszczenia.<\/strong><\/p>\n","protected":false},"excerpt":{"rendered":"<p>Kamienna G\u00f3ra, 25.09.2013 r. ZAPYTANIE OFERTOWE O CEN\u0118 Specjalna Strefa Ekonomiczna Ma\u0142ej Przedsi\u0119biorczo\u015bci S.A. z siedzib\u0105 ul. Papie\u017c Jana Paw\u0142a II 11A, 58-400 Kamienna G\u00f3ra NIP: 614-14-72-974, REGON 230820274 Strona : www.ssemp.pl tel. 75\/ 645 20 30, fax 75\/ 645 20 33 zwraca si\u0119 z zapytaniem ofertowym o cen\u0119 wykonania prac w ramach zadania pn. [&hellip;]<\/p>\n","protected":false},"author":1,"featured_media":0,"parent":0,"menu_order":0,"comment_status":"closed","ping_status":"closed","template":"","meta":{"footnotes":""},"class_list":["post-10229","page","type-page","status-publish","hentry"],"_links":{"self":[{"href":"https:\/\/old-ssemp.sowiak.dev\/index.php?rest_route=\/wp\/v2\/pages\/10229","targetHints":{"allow":["GET"]}}],"collection":[{"href":"https:\/\/old-ssemp.sowiak.dev\/index.php?rest_route=\/wp\/v2\/pages"}],"about":[{"href":"https:\/\/old-ssemp.sowiak.dev\/index.php?rest_route=\/wp\/v2\/types\/page"}],"author":[{"embeddable":true,"href":"https:\/\/old-ssemp.sowiak.dev\/index.php?rest_route=\/wp\/v2\/users\/1"}],"replies":[{"embeddable":true,"href":"https:\/\/old-ssemp.sowiak.dev\/index.php?rest_route=%2Fwp%2Fv2%2Fcomments&post=10229"}],"version-history":[{"count":1,"href":"https:\/\/old-ssemp.sowiak.dev\/index.php?rest_route=\/wp\/v2\/pages\/10229\/revisions"}],"predecessor-version":[{"id":10237,"href":"https:\/\/old-ssemp.sowiak.dev\/index.php?rest_route=\/wp\/v2\/pages\/10229\/revisions\/10237"}],"wp:attachment":[{"href":"https:\/\/old-ssemp.sowiak.dev\/index.php?rest_route=%2Fwp%2Fv2%2Fmedia&parent=10229"}],"curies":[{"name":"wp","href":"https:\/\/api.w.org\/{rel}","templated":true}]}}