{"id":10132,"date":"2016-07-22T11:06:06","date_gmt":"2016-07-22T09:06:06","guid":{"rendered":"http:\/\/ssemp.pl\/?page_id=10132"},"modified":"2016-07-22T11:06:07","modified_gmt":"2016-07-22T09:06:07","slug":"przebudowa-sieci-elektroenergetycznej-polegajaca-na-skablowaniu-linii-napowietrznej-sn-20-kv-l%e2%80%91420-22-04-2010","status":"publish","type":"page","link":"https:\/\/old-ssemp.sowiak.dev\/?page_id=10132","title":{"rendered":"Przebudowa sieci elektroenergetycznej polegaj\u0105ca na skablowaniu linii napowietrznej SN 20 kV L\u2011420 &#8211; 22-04-2010"},"content":{"rendered":"<p><strong>OG\u0141OSZENIE O PRZETARGU<\/strong><\/p>\n<p><strong>\u00a0ZAPROJEKTUJ I WYKONAJ ROBOTY BUDOWLANE:<\/strong><\/p>\n<p><strong>Przebudowa sieci elektroenergetycznej polegaj\u0105ca na skablowaniu linii napowietrznej SN 20 kV L\u2011420,<\/strong>\u00a0<strong>koliduj\u0105cej z planowan\u0105 zabudow\u0105<\/strong><\/p>\n<ol>\n<li><strong> nr ew. 131\/7, 131\/8, 131\/9, 131\/13 obr\u0119b 0004<\/strong><\/li>\n<\/ol>\n<p><strong>\u00a0przy ul. Magazynowej w\u00a0Kamiennej G\u00f3rze.<\/strong><\/p>\n<p><strong>\u00a0<\/strong>Data zamieszczenia: 22.04.2010 r.<\/p>\n<p>SEKCJA I: ZAMAWIAJ\u0104CY<\/p>\n<ol>\n<li><strong> 1) NAZWA I ADRES:<\/strong>Specjalna Strefa Ekonomiczna Ma\u0142ej Przedsi\u0119biorczo\u015bci S.A., ul.\u00a0Papie\u017ca Jana Paw\u0142a II 11A, 58-400 Kamienna G\u00f3ra, woj. dolno\u015bl\u0105skie, tel. 75\/ 645 20 30, faks 75\/ 645 20 33, 75\/ 744 20 17, e-mail:\u00a0<a href=\"mailto:strefa@ssemp.pl\">strefa@ssemp.pl<\/a><\/li>\n<li><strong> 2) Rodzaj zamawiaj\u0105cego:<\/strong>Sp\u00f3\u0142ka prawa handlowego.<\/li>\n<\/ol>\n<ul>\n<li><strong> Adres strony internetowej zamawiaj\u0105cego:<\/strong><a href=\"https:\/\/old-ssemp.sowiak.dev\/\">www.ssemp.pl<\/a><\/li>\n<\/ul>\n<p>SEKCJA II: PRZEDMIOT ZAM\u00d3WIENIA<\/p>\n<ol>\n<li><strong> 1) OKRE\u015aLENIE PRZEDMIOTU ZAM\u00d3WIENIA<\/strong><\/li>\n<li><strong> 1.1.) Nazwa nadana zam\u00f3wieniu przez zamawiaj\u0105cego:<\/strong>Przebudowa sieci elektroenergetycznej polegaj\u0105ca na skablowaniu linii napowietrznej SN 20 kV L-420, koliduj\u0105cej z planowan\u0105 zabudow\u0105 dz. nr ew. 131\/7, 131\/8, 131\/9, 131\/13 obr\u0119b 0004 przy\u00a0ul. Magazynowej w Kamiennej G\u00f3rze.<\/li>\n<li><strong> 1.2.) Rodzaj zam\u00f3wienia:<\/strong>roboty budowlane.<\/li>\n<li><strong> 1.3.)\u00a0\u00a0\u00a0\u00a0\u00a0\u00a0 Okre\u015blenie przedmiotu oraz wielko\u015bci lub zakresu zam\u00f3wienia:<\/strong>Przedmiotem niniejszego zam\u00f3wienia jest zaprojektowanie i wykonanie przebudowy sieci elektroenergetycznej polegaj\u0105cej na skablowaniu linii napowietrznej SN 20 kV L-420 na\u00a0odcinku od rozdzielni 20 kV usytuowanej na terenie stacji R-357 do projektowanego s\u0142upa nr 3 linii napowietrznej 20 kV L-420.<\/li>\n<\/ol>\n<p>Zakres rzeczowy zam\u00f3wienia obejmuje:<\/p>\n<ol>\n<li>a)\u00a0\u00a0\u00a0 posadowienie jednego projektowanego s\u0142upa nr 3 linii L-420 przed stacj\u0105 transformatorow\u0105 PT-42002,<\/li>\n<li>b)\u00a0\u00a0 wybudowanie linii kablowej SN 20kV typu 3xXRUHAKXS 1&#215;240 mm<sup>2<\/sup>na odcinkuod\u00a0rozdzielni 20 kV usytuowanej na terenie stacji 110\/20 kV R-357 do s\u0142upa nr 3 linii napowietrznej 20 kV L-420,<\/li>\n<li>c)\u00a0\u00a0\u00a0 prace demonta\u017cowe zwi\u0105zane z likwidacj\u0105 odcinka linii napowietrznej 20\u00a0kV wraz ze\u00a0s\u0142upami,<\/li>\n<\/ol>\n<p>Wykonawca w ramach przedmiotu zam\u00f3wienia zobowi\u0105zany jest do:<\/p>\n<ul>\n<li>opracowania na ca\u0142y zakres prac kompletnej dokumentacji projektowej, zgodnie z\u00a0aktualnie obowi\u0105zuj\u0105cymi normami oraz przepisami prawa budowlanego i energetycznego, na podstawie warunk\u00f3w technicznych likwidacji kolizji<strong>nr\u00a0TR1\/MP\/09140\/417\/2010 z\u00a0dnia 20.01.2010 r.<\/strong>, stanowi\u0105cych za\u0142\u0105cznik nr 6 do SIWZ,<\/li>\n<li>uzyskania niezb\u0119dnych opinii, uzgodnie\u0144 i sprawdze\u0144 rozwi\u0105za\u0144 projektowych w zakresie wynikaj\u0105cym z przepis\u00f3w, w tym uzgodnie\u0144 z EnergiaPro S.A. Oddzia\u0142 w\u00a0Jeleniej G\u00f3rze w\u00a0zakresie rozwi\u0105za\u0144 technicznych i lokalizacyjnych projektowanej przebudowy sieci elektroenergetycznej,<\/li>\n<li>uzyskania wymaganych prawem niezb\u0119dnych decyzji administracyjnych warunkuj\u0105cych rozpocz\u0119cie procesu budowlanego \/pozwolenie na budow\u0119 lub zg\u0142oszenie rob\u00f3t nie wymagaj\u0105cych pozwolenia na budow\u0119, obejmuj\u0105ce realizacj\u0119 ca\u0142ego zakresu prac\/,<\/li>\n<li>poniesienia koszt\u00f3w, wg cen obowi\u0105zuj\u0105cych na terenie dzia\u0142ania EnergiiPro S.A., odp\u0142atnego wy\u0142\u0105czenia spod napi\u0119cia koliduj\u0105cej napowietrznej sieci elektroenergetycznej oraz za\u0142\u0105czenia do sieci elektroenergetycznej skablowanego odcinka linii elektroenergetycznej 20 kV L\u2011420, o kt\u00f3rym mowa w pkt 4.1 SIWZ,<\/li>\n<li>wykonania prac budowlano-monta\u017cowych w zakresie okre\u015blonym w dokumentacji projektowej, zgodnie z przepisami techniczno-budowlanymi, przepisami dotycz\u0105cymi samodzielnych funkcji technicznych w budownictwie, przepisami dotycz\u0105cymi wyrob\u00f3w budowlanych oraz budowy sieci, urz\u0105dze\u0144 elektrycznych i\u00a0elektroenergetycznych,<\/li>\n<li>wykonania wszelkich bada\u0144 i pr\u00f3b a tak\u017ce pomiar\u00f3w powykonawczych w zakresie koniecznym do odbioru ko\u0144cowego rob\u00f3t zwi\u0105zanych z przebudow\u0105 i przekazania obiektu do\u00a0eksploatacji (diagnostyka linii kablowej SN, pomiary elektryczne i geodezyjne),<\/li>\n<li>przed\u0142o\u017cenia do odbioru ko\u0144cowego prac powykonawczej dokumentacji technicznej i\u00a0prawnej zgodnej z obowi\u0105zuj\u0105cymi wymogami w tym zakresie,<\/li>\n<li>przywr\u00f3cenia terenu prac budowlano-monta\u017cowych do stanu pierwotnego, uprz\u0105tni\u0119cia placu budowy i zw\u00f3zki materia\u0142\u00f3w z demonta\u017cu (zdemontowane s\u0142upy i przewody) do\u00a0magazynu EnergiiPro S.A., Rejon Dystrybucji w Jeleniej G\u00f3rze, wskazanego przez EnergiaPro Koncern Energetyczny,<\/li>\n<li>poniesienie koszt\u00f3w oszacowania szk\u00f3d i koszt\u00f3w odszkodowa\u0144 wyp\u0142aconych dla os\u00f3b trzecich z tytu\u0142u dokonania przebudowy sieci elektroenergetycznej, w tym z tytu\u0142u posadowienia s\u0142up\u00f3w i zniszczonych upraw oraz wycinki drzew i krzew\u00f3w.<\/li>\n<\/ul>\n<p>Szczeg\u00f3\u0142owy zakres przedmiotu zam\u00f3wienia oraz wymagania gwarancyjne Zamawiaj\u0105cego okre\u015blone zosta\u0142y w SIWZ i za\u0142\u0105cznikach do niej. Oferty nie zawieraj\u0105ce pe\u0142nego zakresu przedmiotu zam\u00f3wienia zostan\u0105 odrzucone.<\/p>\n<ol>\n<li><strong> 1.4.)\u00a0\u00a0\u00a0\u00a0\u00a0\u00a0 Wsp\u00f3lny S\u0142ownik Zam\u00f3wie\u0144 (CPV):<\/strong><\/li>\n<\/ol>\n<p>45.00.00.00-7 &#8211;\u00a0\u00a0\u00a0\u00a0\u00a0\u00a0\u00a0 Roboty budowlane<\/p>\n<p>45.23.00.00-8 &#8211;\u00a0\u00a0\u00a0\u00a0\u00a0\u00a0\u00a0 Roboty budowlane w zakresie budowy ruroci\u0105g\u00f3w, linii komunikacyjnych i elektroenergetycznych.<\/p>\n<p>45.23.14.00-9 &#8211;\u00a0\u00a0\u00a0\u00a0\u00a0\u00a0\u00a0\u00a0<a href=\"http:\/\/www.przetargi.egospodarka.pl\/Roboty-budowlane-w-zakresie-budowy-linii-energetycznych\">Roboty budowlane w zakresie budowy linii energetycznych<\/a>.<\/p>\n<p>45.31.43.10-7 &#8211; \u00a0\u00a0\u00a0\u00a0\u00a0\u00a0\u00a0<a href=\"http:\/\/www.przetargi.egospodarka.pl\/Ukladanie-kabli\">Uk\u0142adanie kabli<\/a>.<\/p>\n<p>45.31.53.00-1 &#8211; \u00a0\u00a0\u00a0\u00a0\u00a0\u00a0\u00a0<a href=\"http:\/\/www.przetargi.egospodarka.pl\/Instalacje-zasilania-elektrycznego\">Instalacje zasilania elektrycznego<\/a>.<\/p>\n<p>45.31.55.00-3 &#8211; \u00a0\u00a0\u00a0\u00a0\u00a0\u00a0\u00a0<a href=\"http:\/\/www.przetargi.egospodarka.pl\/Instalacje-sredniego-napiecia\">Instalacje \u015bredniego napi\u0119cia<\/a>.<\/p>\n<ol>\n<li><strong> 1.5.) Czy dopuszcza si\u0119 z\u0142o\u017cenie oferty cz\u0119\u015bciowej:<\/strong>nie.<\/li>\n<li><strong> 1.6.)<\/strong><strong>Czy dopuszcza si\u0119 z\u0142o\u017cenie oferty wariantowej:<\/strong><strong>\u00a0<\/strong>nie.<\/li>\n<li><strong> 1.7.) Czy przewiduje si\u0119 udzielenie zam\u00f3wie\u0144 uzupe\u0142niaj\u0105cych:<\/strong>nie.<\/li>\n<li><strong> 2) CZAS TRWANIA ZAM\u00d3WIENIA LUB TERMIN WYKONANIA:<\/strong>30.09.2010 r.<\/li>\n<\/ol>\n<p>SEKCJA III: INFORMACJE O CHARAKTERZE PRAWNYM, EKONOMICZNYM, FINANSOWYM I TECHNICZNYM<\/p>\n<p><strong>III. 1) WARUNKI DOTYCZ\u0104CE ZAM\u00d3WIENIA<\/strong><\/p>\n<p><strong>Informacja na temat wadium:<\/strong><strong>\u00a0<\/strong>Zamawiaj\u0105cy wymaga wniesienia wadium w wysoko\u015bci 5.000,00 PLN (s\u0142ownie z\u0142otych: pi\u0119\u0107 tysi\u0119cy i 00\/100) przed up\u0142ywem terminu sk\u0142adania ofert.<\/p>\n<p><strong>III. 1.1.) Inne szczeg\u00f3lne warunki, kt\u00f3rym podlega realizacja zam\u00f3wienia:<\/strong><strong>\u00a0<\/strong>tak<\/p>\n<p>Zam\u00f3wienie b\u0119dzie realizowane zgodnie z prawem polskim, w szczeg\u00f3lno\u015bci z ustaw\u0105 Prawo budowlane z dnia 7 lipca 1994 r. (tj. Dz. U. z\u00a02006 r. Nr 156, poz. 1118 z p\u00f3\u017an. zm.) i ustaw\u0105 Prawo energetyczne z dnia 10 kwietnia 1997 r. (tj. Dz. U. z 2003 r. Nr 153, poz. 1504 z\u00a0p\u00f3\u017an. zm.). Wykonawca rob\u00f3t musi zapewni\u0107 wykonanie rob\u00f3t zgodnie z\u00a0przepisami techniczno-budowlanymi i\u00a0warunkami BHP, P.PO\u017b., obowi\u0105zuj\u0105cymi przepisami i\u00a0normami PN\/E, przepisami dotycz\u0105cymi samodzielnych funkcji technicznych w budownictwie przepisami dotycz\u0105cymi wyrob\u00f3w budowlanych oraz budowy sieci, urz\u0105dze\u0144 elektrycznych i\u00a0elektroenergetycznych.<\/p>\n<p><strong>III. 2) WARUNKI UDZIA\u0141U<\/strong><\/p>\n<ul>\n<li><strong> Opis warunk\u00f3w udzia\u0142u w post\u0119powaniu oraz opis sposobu dokonywania oceny spe\u0142nienia tych warunk\u00f3w:<\/strong><\/li>\n<\/ul>\n<p>O udzielenie zam\u00f3wienia mog\u0105 ubiega\u0107 si\u0119 Wykonawcy, kt\u00f3rzy:<\/p>\n<ol>\n<li>Spe\u0142niaj\u0105 postanowienia okre\u015blone w art. 22 ust. 1 ustawy z dnia 29 stycznia 2004 r.\u00a0 Prawo zam\u00f3wie\u0144 publicznych \u2013 (tekst jednolity Dz. U. z 2007 r. Nr 223, poz. 1655, z p\u00f3\u017an. zm.) tj. nast\u0119puj\u0105ce wymagania:<\/li>\n<\/ol>\n<p>1.1. Posiadaj\u0105 uprawnienia do wykonywania dzia\u0142alno\u015bci lub czynno\u015bci w zakresie odpowiadaj\u0105cym przedmiotowi zam\u00f3wienia oraz wyka\u017c\u0105 aktualn\u0105, na dzie\u0144 sk\u0142adania ofert, polis\u0119, a w przypadku jej braku innego dokumentu potwierdzaj\u0105cego, \u017ce Wykonawca jest ubezpieczony od odpowiedzialno\u015bci cywilnej w zakresie prowadzonej dzia\u0142alno\u015bci gospodarczej.<\/p>\n<p>1.2. Posiadaj\u0105 niezb\u0119dn\u0105 wiedz\u0119 i do\u015bwiadczenie, dysponuj\u0105 potencja\u0142em technicznym i\u00a0osobami zdolnymi do wykonania przedmiotu zam\u00f3wienia lub przedstawi\u0105 pisemne zobowi\u0105zanie innych podmiot\u00f3w do udost\u0119pnienia potencja\u0142u technicznego i os\u00f3b zdolnych do wykonania przedmiotu zam\u00f3wienia (Wykonawca musi mie\u0107 do dyspozycji przy wykonaniu niniejszego zam\u00f3wienia osoby posiadaj\u0105ce do\u015bwiadczenie oraz kwalifikacje odpowiednie do\u00a0stanowisk, jakie zostan\u0105 tym osobom powierzone) tj.:<\/p>\n<ol>\n<li>a) wyka\u017c\u0105, \u017ce dysponuj\u0105 lub b\u0119d\u0105 dysponowa\u0107 projektantem i kierownikiem budowy, kt\u00f3rzy posiadaj\u0105 uprawnienia budowlane odpowiednio do projektowania i kierowania robotami budowlanymi w specjalno\u015bci instalacyjnej w zakresie sieci, instalacji i urz\u0105dze\u0144 elektrycznych i\u00a0elektroenergetycznych (podstawa prawna art. 14 ustawy Prawo budowlane z dnia 7 lipca 1994 r. \u2013 (tekst jednolity Dz. U. z\u00a02006 r. Nr 156, poz. 1118) lub odpowiadaj\u0105ce im wa\u017cne uprawnienia budowlane, kt\u00f3re zosta\u0142y wydane na podstawie wcze\u015bniej obowi\u0105zuj\u0105cych przepis\u00f3w w tym zakresie oraz aktualne za\u015bwiadczenie (przynajmniej na dzie\u0144 sk\u0142adania ofert) o przynale\u017cno\u015bci do\u00a0w\u0142a\u015bciwej izby samorz\u0105du zawodowego,<\/li>\n<li>b) wyka\u017c\u0105 nale\u017cyte wykonanie rob\u00f3t w zakresie budowy lub przebudowy sieci elektroenergetycznej, przed dniem wszcz\u0119cia niniejszego post\u0119powania o udzielenie zam\u00f3wienia,<\/li>\n<li>c) wyka\u017c\u0105, \u017ce dysponuj\u0105 lub b\u0119d\u0105 dysponowa\u0107 urz\u0105dzeniami i narz\u0119dziami gwarantuj\u0105cymi przeprowadzenie rob\u00f3t.<\/li>\n<\/ol>\n<p>1.3. Znajduj\u0105 si\u0119 w sytuacji ekonomicznej i finansowej zapewniaj\u0105cej wykonanie zam\u00f3wienia.<\/p>\n<p>1.4. Nie podlegaj\u0105 wykluczeniu z post\u0119powania o udzielenie zam\u00f3wienia na podstawie art. 24 ustawy Pzp (Dz. U. z 2007 r. Nr 223, poz. 1655 z p\u00f3\u017an. zm.).<\/p>\n<ol start=\"2\">\n<li>Ocena spe\u0142nienia przez Wykonawc\u00f3w warunk\u00f3w udzia\u0142u w post\u0119powaniu b\u0119dzie przeprowadzona w oparciu o kompletno\u015b\u0107 i prawid\u0142owo\u015b\u0107 przed\u0142o\u017conych wraz z ofert\u0105 o\u015bwiadcze\u0144 i dokument\u00f3w, jakich \u017c\u0105da Zamawiaj\u0105cy i zostanie dokonana na podstawie tre\u015bci tych dokument\u00f3w wg formu\u0142y spe\u0142nia\/nie spe\u0142nia.<\/li>\n<\/ol>\n<p>2.1. Ka\u017cdy z Wykonawc\u00f3w ubiegaj\u0105cych si\u0119 wsp\u00f3lnie o udzielenie zam\u00f3wienia (sk\u0142adaj\u0105cych ofert\u0119 wsp\u00f3lnie) musi samodzielnie spe\u0142ni\u0107 warunki, o kt\u00f3rych mowa w pkt 1.1. i 1.4. Pozosta\u0142a warunki i wymagania zawarte w pkt 1. mog\u0105 zosta\u0107 spe\u0142nione \u0142\u0105cznie przez Wykonawc\u00f3w ubiegaj\u0105cych si\u0119 wsp\u00f3lnie o udzielenie zam\u00f3wienia.<\/p>\n<p>2.2. Oferty wykonawc\u00f3w, kt\u00f3rzy przed\u0142o\u017c\u0105 dokumenty i o\u015bwiadczenia potwierdzaj\u0105ce spe\u0142nianie wymaganych warunk\u00f3w zostan\u0105 dopuszczone do badania i oceny.<\/p>\n<p>2.3. Wykonawcy, kt\u00f3rzy nie przed\u0142o\u017c\u0105 dokument\u00f3w i o\u015bwiadcze\u0144 potwierdzaj\u0105cych spe\u0142nianie wymaganych warunk\u00f3w zostan\u0105 wykluczeni z post\u0119powania.<\/p>\n<p><strong>Informacja o o\u015bwiadczeniach i dokumentach, jakie maj\u0105 dostarczy\u0107 wykonawcy w celu potwierdzenia spe\u0142niania warunk\u00f3w udzia\u0142u w post\u0119powaniu:<\/strong><\/p>\n<p>Wykonawcy zobowi\u0105zani s\u0105 do z\u0142o\u017cenia wraz z ofert\u0105, poni\u017cszych o\u015bwiadcze\u0144 i dokument\u00f3w:<\/p>\n<ol>\n<li>O\u015bwiadczenia Wykonawcy o spe\u0142nieniu warunk\u00f3w okre\u015blonych w art. 22 ust. 1 ustawy z\u00a0dnia 29 stycznia 2004 r. Prawo zam\u00f3wie\u0144 publicznych.<\/li>\n<li>Aktualny odpis z w\u0142a\u015bciwego rejestru albo aktualne za\u015bwiadczenie o wpisie do ewidencji dzia\u0142alno\u015bci gospodarczej, je\u017celi odr\u0119bne przepisy wymagaj\u0105 wpisu do rejestru lub zg\u0142oszenia do ewidencji dzia\u0142alno\u015bci gospodarczej &#8211; wystawione nie wcze\u015bniej ni\u017c 6 miesi\u0119cy przed up\u0142ywem terminu sk\u0142adania ofert.<\/li>\n<li>Aktualne za\u015bwiadczenie w\u0142a\u015bciwego naczelnika urz\u0119du skarbowego oraz w\u0142a\u015bciwego oddzia\u0142u Zak\u0142adu Ubezpiecze\u0144 Spo\u0142ecznych lub Kasy Rolniczego Ubezpieczenia Spo\u0142ecznego potwierdzaj\u0105ce odpowiednio, \u017ce Wykonawca nie zalega z op\u0142acaniem podatk\u00f3w, op\u0142at oraz sk\u0142adek na ubezpieczenie zdrowotne i spo\u0142eczne, lub za\u015bwiadczenia, \u017ce uzyska\u0142 przewidziane prawem zwolnienie, odroczenie lub roz\u0142o\u017cenie na raty zaleg\u0142ych p\u0142atno\u015bci, lub wstrzymania w\u00a0ca\u0142o\u015bci wykonania decyzji w\u0142a\u015bciwego organu. Powy\u017csze za\u015bwiadczenia musz\u0105 by\u0107 wystawione nie wcze\u015bniej ni\u017c 3 miesi\u0105ce przed up\u0142ywem terminu sk\u0142adania ofert.<\/li>\n<li>Wykaz os\u00f3b, kt\u00f3rymi dysponuje lub b\u0119dzie dysponowa\u0142 Wykonawca do wykonania zam\u00f3wienia, w kt\u00f3rym wska\u017ce osob\u0119 pe\u0142ni\u0105c\u0105 funkcj\u0119 projektanta i kierownika budowy i\u00a0rob\u00f3t, o\u00a0kt\u00f3rych mowa w\u00a0pkt 1.2. a) Opisu warunk\u00f3w udzia\u0142u w post\u0119powaniu.<\/li>\n<li>Pisemne zobowi\u0105zanie innych podmiot\u00f3w do udost\u0119pnienia os\u00f3b, o kt\u00f3rych mowa w\u00a0pkt\u00a04. \u2013 w przypadku, gdy Wykonawca nie dysponuje takimi osobami.<\/li>\n<li>Dokumenty potwierdzaj\u0105ce posiadanie przez osoby, o kt\u00f3rych mowa w pkt 4. uprawnie\u0144 budowlanych oraz aktualne za\u015bwiadczenie o\u00a0ich przynale\u017cno\u015bci do w\u0142a\u015bciwej izby samorz\u0105du zawodowego.<\/li>\n<li>Referencje potwierdzaj\u0105ce spe\u0142nienie warunku, o kt\u00f3rym mowa w pkt 1.2. b) Opisu warunk\u00f3w udzia\u0142u w post\u0119powaniu.<\/li>\n<li>Wykaz urz\u0105dze\u0144 i narz\u0119dzi, jakimi dysponuje lub b\u0119dzie dysponowa\u0142 Wykonawca, potwierdzaj\u0105cy spe\u0142nienie warunku, o kt\u00f3rym mowa w pkt 1.2. c) Opisu warunk\u00f3w udzia\u0142u w\u00a0post\u0119powaniu.<\/li>\n<li>Pisemne zobowi\u0105zanie innych podmiot\u00f3w do udost\u0119pnienia urz\u0105dze\u0144 i narz\u0119dzi, o kt\u00f3rych mowa w pkt 1.2. c) Opisu warunk\u00f3w udzia\u0142u w post\u0119powaniu \u2013 w przypadku, gdy\u00a0Wykonawca nie dysponuje nimi.<\/li>\n<li>Aktualna na dzie\u0144 sk\u0142adania ofert polisa, o kt\u00f3rej mowa w pkt 1.1. Opisu warunk\u00f3w udzia\u0142u w post\u0119powaniu, a w przypadku jej braku innego dokumentu potwierdzaj\u0105cego, \u017ce\u00a0Wykonawca jest ubezpieczony od odpowiedzialno\u015bci cywilnej w zakresie prowadzonej dzia\u0142alno\u015bci gospodarczej.<\/li>\n<li>Sprawozdanie F-01 za ostatni kwarta\u0142 wraz z bilansem i rachunkiem zysk\u00f3w i strat za\u00a0ubieg\u0142y rok obrachunkowy lub inny dokument potwierdzaj\u0105cy obroty, w przypadku przedsi\u0119biorc\u00f3w nie zobowi\u0105zanych do sporz\u0105dzania sprawozda\u0144 finansowych.<\/li>\n<li>Dow\u00f3d wniesienia wadium.<\/li>\n<li>Z tre\u015bci w\/w dokument\u00f3w musi jednoznacznie wynika\u0107, \u017ce Wykonawca spe\u0142nia warunki udzia\u0142u w post\u0119powaniu, o kt\u00f3rych mowa w pkt 1 Opisu warunk\u00f3w udzia\u0142u w post\u0119powaniu.<\/li>\n<li>W przypadku wsp\u00f3lnego ubiegania si\u0119 o niniejsze zam\u00f3wienie przez dw\u00f3ch lub wi\u0119cej Wykonawc\u00f3w, ka\u017cdy z tych Wykonawc\u00f3w do\u0142\u0105cza do oferty dokumenty, o kt\u00f3rych mowa w\u00a0pkt 2,3,10 dotycz\u0105ce ka\u017cdego z nich. Dokumenty, o kt\u00f3rych mowa w pkt 2,3,5,6,7,9,10, 11 mog\u0105 by\u0107 przedstawione w formie orygina\u0142u lub kserokopii po\u015bwiadczonej za zgodno\u015b\u0107 z\u00a0orygina\u0142em przez osob\u0119\/y uprawnion\u0105\/e do reprezentowania Wykonawcy, pozosta\u0142e dokumenty nale\u017cy z\u0142o\u017cy\u0107 w oryginale. Po\u015bwiadczenie za zgodno\u015b\u0107 z orygina\u0142em powinno by\u0107 sporz\u0105dzone w spos\u00f3b umo\u017cliwiaj\u0105cy identyfikacj\u0119 podpisu (np. wraz z imienn\u0105 piecz\u0105tk\u0105 osoby po\u015bwiadczaj\u0105cej kopi\u0119 dokumentu za zgodno\u015b\u0107 z orygina\u0142em).<\/li>\n<li>Je\u017celi Wykonawca ma siedzib\u0119 lub miejsce zamieszkania poza terytorium Rzeczypospolitej Polskiej, do sk\u0142adania dokument\u00f3w, o kt\u00f3rych mowa wy\u017cej stosuje si\u0119 odpowiednio przepisy zawarte w \u00a7 2 Rozporz\u0105dzenia Prezesa Rady Ministr\u00f3w z dnia 19 maja 2006 r. w sprawie rodzaj\u00f3w dokument\u00f3w potwierdzaj\u0105cych spe\u0142nianie warunk\u00f3w udzia\u0142u w\u00a0post\u0119powaniu o udzielenie zam\u00f3wienia publicznego, jakich mo\u017ce \u017c\u0105da\u0107 Zamawiaj\u0105cy od\u00a0Wykonawcy (Dz. U. z 2006 r. Nr 87, poz. 605 z p\u00f3\u017an. zm.).<\/li>\n<\/ol>\n<p><strong>Inne wymagane o\u015bwiadczenia i dokumenty, kt\u00f3re nale\u017cy do\u0142\u0105czy\u0107 do ofert:<\/strong><\/p>\n<ol>\n<li>W przypadku, gdy Wykonawc\u0119 reprezentuje pe\u0142nomocnik \u2013 pe\u0142nomocnictwo okre\u015blaj\u0105ce jego zakres i podpisane przez osoby uprawnione do reprezentowania Wykonawcy.<\/li>\n<li>W przypadku, gdy ofert\u0119 sk\u0142adaj\u0105 Wykonawcy ubiegaj\u0105cy si\u0119 wsp\u00f3lnie o udzielenie zam\u00f3wienia wymagane jest za\u0142\u0105czenie w oryginale dokumentu pe\u0142nomocnictwa okre\u015blaj\u0105cego zakres umocowania pe\u0142nomocnika ustanowionego do reprezentowania ich w\u00a0post\u0119powaniu, stosownie do art. 23 ust. 2 Pzp. (ewentualnie umow\u0119 o wsp\u00f3\u0142dzia\u0142aniu, z\u00a0kt\u00f3rej b\u0119dzie wynika\u0107 przedmiotowe pe\u0142nomocnictwo). Pe\u0142nomocnik mo\u017ce by\u0107 ustanowiony do reprezentowania Wykonawc\u00f3w w post\u0119powaniu albo reprezentowania w post\u0119powaniu i\u00a0zawarcia umowy.<\/li>\n<\/ol>\n<p>&nbsp;<\/p>\n<p>SEKCJA IV: PROCEDURA<\/p>\n<ol>\n<li><strong> 1) TRYB UDZIELENIA ZAM\u00d3WIENIA<\/strong><\/li>\n<li><strong> 1.1.) Tryb udzielenia zam\u00f3wienia:<\/strong>przetarg nieograniczony.<\/li>\n<li><strong> 2) KRYTERIA OCENY OFERT<\/strong><\/li>\n<li><strong> 2.1.) Kryteria oceny ofert:<\/strong>najni\u017csza cena (100%).<\/li>\n<li><strong> 2.2.) Wykorzystana b\u0119dzie aukcja elektroniczna:<\/strong>nie.<\/li>\n<li><strong> 3) INFORMACJE ADMINISTRACYJNE<\/strong><\/li>\n<li><strong> 3.1.)\u00a0\u00a0\u00a0\u00a0\u00a0\u00a0 Adres strony internetowej, na kt\u00f3rej dost\u0119pna jest specyfikacja istotnych warunk\u00f3w zam\u00f3wienia:<\/strong><a href=\"https:\/\/old-ssemp.sowiak.dev\/\">www.ssemp.pl<\/a>\u00a0(zak\u0142adka Przetargi na roboty budowlane).<\/li>\n<\/ol>\n<p><strong>Specyfikacj\u0119 istotnych warunk\u00f3w zam\u00f3wienia mo\u017cna uzyska\u0107 pod adresem:<\/strong><strong>\u00a0<\/strong>pok.\u00a0nr 111 (klatka schodowa \u201eB\u201d, I pi\u0119tro budynku administracyjnego SSEMP S.A. przy\u00a0ul.\u00a0Papie\u017ca Jana Paw\u0142a II 11A w Kamiennej G\u00f3rze)<\/p>\n<ol start=\"3\">\n<li><strong> 3.2.) Termin sk\u0142adania ofert: 06.05.2010 r<\/strong>. do godziny<strong>12.00<\/strong>, miejsce: Siedziba Zamawiaj\u0105cego.<\/li>\n<li><strong> 3.3.)\u00a0\u00a0\u00a0\u00a0\u00a0\u00a0 Termin zwi\u0105zania ofert\u0105:<\/strong>okres w dniach:\u00a0<strong>90<\/strong>\u00a0(od ostatecznego terminu sk\u0142adania ofert).<\/li>\n<li><strong> 3.4.)<\/strong>\u00a0<strong>Informacje dodatkowe:<\/strong><\/li>\n<li>Zamawiaj\u0105cy dopuszcza przekazywanie korespondencji tj. o\u015bwiadcze\u0144, wniosk\u00f3w, zawiadomie\u0144 oraz informacji pisemnie lub faksem \u2013 na numer faksu 75\/ 744-20-17 lub 75\/\u00a0645 20 33 z zastrze\u017ceniem pkt 3.<\/li>\n<li>Zamawiaj\u0105cy dopuszcza porozumiewanie si\u0119 drog\u0105 elektroniczn\u0105.<\/li>\n<li>Z\u0142o\u017cenie oferty, jej wycofanie i zmiana mo\u017ce nast\u0105pi\u0107 jedynie w formie pisemnej. Z\u0142o\u017cenie tych pism w innej formie nie wywo\u0142uje jakichkolwiek skutk\u00f3w prawnych.<\/li>\n<li><u>Zamawiaj\u0105cy zastrzega sobie prawo do uniewa\u017cnienia przetargu, na ka\u017cdym jego etapie, bez podania przyczyn.<\/u><\/li>\n<li>Osob\u0105 upowa\u017cnion\u0105 do kontaktu jest p. \u0141ukasz S\u0142awi\u0144ski, pok\u00f3j nr 111 w siedzibie Zamawiaj\u0105cego tel. 75\/ 645-20-30, kom 602-853-881, faks 75\/ 744-20-17, 75\/ 645 20 33 e\u2011mail:\u00a0<a href=\"mailto:l.slawinski@ssemp.pl\">l.slawinski@ssemp.pl<\/a><\/li>\n<\/ol>\n<p>&nbsp;<\/p>\n","protected":false},"excerpt":{"rendered":"<p>OG\u0141OSZENIE O PRZETARGU \u00a0ZAPROJEKTUJ I WYKONAJ ROBOTY BUDOWLANE: Przebudowa sieci elektroenergetycznej polegaj\u0105ca na skablowaniu linii napowietrznej SN 20 kV L\u2011420,\u00a0koliduj\u0105cej z planowan\u0105 zabudow\u0105 nr ew. 131\/7, 131\/8, 131\/9, 131\/13 obr\u0119b 0004 \u00a0przy ul. Magazynowej w\u00a0Kamiennej G\u00f3rze. \u00a0Data zamieszczenia: 22.04.2010 r. SEKCJA I: ZAMAWIAJ\u0104CY 1) NAZWA I ADRES:Specjalna Strefa Ekonomiczna Ma\u0142ej Przedsi\u0119biorczo\u015bci S.A., ul.\u00a0Papie\u017ca Jana Paw\u0142a [&hellip;]<\/p>\n","protected":false},"author":1,"featured_media":0,"parent":0,"menu_order":0,"comment_status":"closed","ping_status":"closed","template":"","meta":{"footnotes":""},"class_list":["post-10132","page","type-page","status-publish","hentry"],"_links":{"self":[{"href":"https:\/\/old-ssemp.sowiak.dev\/index.php?rest_route=\/wp\/v2\/pages\/10132","targetHints":{"allow":["GET"]}}],"collection":[{"href":"https:\/\/old-ssemp.sowiak.dev\/index.php?rest_route=\/wp\/v2\/pages"}],"about":[{"href":"https:\/\/old-ssemp.sowiak.dev\/index.php?rest_route=\/wp\/v2\/types\/page"}],"author":[{"embeddable":true,"href":"https:\/\/old-ssemp.sowiak.dev\/index.php?rest_route=\/wp\/v2\/users\/1"}],"replies":[{"embeddable":true,"href":"https:\/\/old-ssemp.sowiak.dev\/index.php?rest_route=%2Fwp%2Fv2%2Fcomments&post=10132"}],"version-history":[{"count":1,"href":"https:\/\/old-ssemp.sowiak.dev\/index.php?rest_route=\/wp\/v2\/pages\/10132\/revisions"}],"predecessor-version":[{"id":10137,"href":"https:\/\/old-ssemp.sowiak.dev\/index.php?rest_route=\/wp\/v2\/pages\/10132\/revisions\/10137"}],"wp:attachment":[{"href":"https:\/\/old-ssemp.sowiak.dev\/index.php?rest_route=%2Fwp%2Fv2%2Fmedia&parent=10132"}],"curies":[{"name":"wp","href":"https:\/\/api.w.org\/{rel}","templated":true}]}}